--
-- Host: localhost    Database: sehat_manufacturer_db
-- ------------------------------------------------------


--
-- Table structure for table `s_contact_person_tbl`
--

CREATE TABLE `s_contact_person_tbl` (
  `sc_id` int(11) NOT NULL AUTO_INCREMENT,
  `sc_sm_id` int(11) NOT NULL,
  `sc_name` varchar(256) NOT NULL,
  `sc_email_address` varchar(256) NOT NULL,
  `sc_enabled` int(11) NOT NULL DEFAULT '1',
  PRIMARY KEY (`sc_id`)
) ENGINE=MyISAM AUTO_INCREMENT=254 DEFAULT CHARSET=latin1;

--
-- Dumping data for table `s_contact_person_tbl`
--

INSERT INTO `s_contact_person_tbl` VALUES (1,1,'MirzaBaig','mirza.3.baig@gsk.com',1),(2,2,'Farhat jamal','farhat.s.jamal@gsk.com',1),(3,3,'Mr. Rashid Khan','mohammad.rashid@abbott.com',0),(4,4,'Mr. Noman','mnoaman99@yahoo.com',1),(5,5,'Muhammad Khalid Kaleemullah','khalid.kaleemullah@pfizer.com',1),(6,6,'Mr. Amir Idris','amir.idris@novartis.com',1),(7,7,'Mr. Adnan Riaz','sm.bmclhr.ins@gmail.com',0),(8,7,'Waheed Raza','Waheed.Raza@sanofi.com',1),(9,8,'Shahid Nawaz','shahid.nawaz@getzpharma.com',1),(10,8,'Mr. Ahsan Bukhari','ahsan.bukhari@getzpharma.com',0),(22,18,'Nadeem Arif','nadeemarif@hiltonpharma.com',0),(25,20,'Mati-uz-Zaman','MatiUz.Zaman@iblops.com',1),(13,11,'Sohail Anjum Khan ','sohail.khan@roche.com',0),(14,11,'Abdul Waheed Rao','abdul.waheed@roche.com',0),(15,12,'Ahmad Jamal Qudsi','ahmadjamal.qudsi@bayer.com',1),(33,25,'Mr Tabish Mushtaq ','tabish.mushtaq@barretthodgson.com',1),(21,17,'Babur Tufail','Babur.Tufail@martindowgroup.com',1),(19,15,'Shahid Ayub','samiho@samikhi.com',1),(23,18,'M.Azeem','mazeem.hilton@hotmail.com',0),(24,19,'Muhammad Bilal','muhammad.bilal@roche.com',1),(26,21,'Mr. Mehboob Sharif','sharifmehboobsharif@yahoo.com',1),(27,21,'Mr Nasir A. Khan','marketing@bosch-pharma.com',1),(28,22,'Muhammad Azeem','muhammad.azeem@highnoon.com.pk',0),(29,22,'Asim Munir Mirza','asim@highnoon.com.pk',0),(30,22,'Arif. S . Qureshi','arif@highnoon.com.pk',0),(32,24,'Mr Tabish Mushtaq ','tabish.mushtaq@barretthodgson.com',1),(34,27,'Mr Aqeel Ahmed Bhatti (Oncology)','aqeel.bhatti@ici.com.pk',0),(35,28,'Syed Zakir Ali','zakir.ali@martindow.com',1),(36,29,' Fayaz Rashid','fayaz.rashid@obs.com.pk',0),(37,30,'Saima Yasin Khan','saima@indus-pharma.com',0),(38,30,'Malik Farooq Javed','malik@indus-pharma.com',0),(39,31,'Basil Riaz','basil_riaz@hotmail.com',0),(40,32,'Mr. Muzammil Subhani','muzammil.subhani@hotmail.com',1),(41,33,'Danish Khan','khan_danish@network.lilly.com',1),(42,33,'Majid Ali Khan','ali_khan_majid@lilly.com',1),(43,34,'Anwar Rauf','anwar.rauf@atcolab.com',1),(44,34,'Mr. Riaz','riaz.javed@atcolab.com',1),(45,35,'AHSAN RAZA','ahsan.raza@nabiqasim.com',1),(46,36,'Mr. Asim Baidar','asim.bedar@cclpharma.net',0),(47,36,'M. Arif Shaikh','arif.shaikh@cclpharma.com',0),(48,37,'Mr. Iqbal Ahmed ','md@highq.pk',1),(49,38,'Mr. Waheed Shah','waheed_shah@globalpharmaceuticalspk.com',1),(50,38,'Mr. Arshad Cheema','lahore@globalpharmaceuticalspk.com',1),(51,39,'Muhammad Shahbaz Sharif','ppllhr@platinumpharma.net',1),(52,40,'Mr. Haris Ahmed ','sales.rwp@ferozsons-labs.com',1),(53,40,'Noman Saleem','noman.saleem@ferozsons-labs.com',1),(56,44,'Mr. Tauseef Nizam','tauseef.nizam@pharmevo.biz',1),(57,44,'M. Ayaz Mehmood','ayaz_pvh@yahoo.com',1),(58,44,'Usman Qadeer','usman.qadeerpharmevo@hotmail.com',1),(59,45,'Amir Khan','amir@zafa.com.pk',0),(60,47,'Muhammad Sohail ','muhammad.sohail@macter.com',1),(61,47,'Muhammad Sohail ','muhammad.sohail@macter.com',1),(62,48,'Mr Hassan Iqbal ','brookes@cyber.net.pk',1),(63,49,'Mr. Rana Hammad','hammadrana@himont.com',1),(64,50,'Mr. Mushafiq Hussain','mushfiq.hussain@reckittbenckiser.com',1),(129,102,'Syed Ali Ashaf Naqvi','ali.ashaf@novamed.com.pk',1),(66,53,'Mr. Mansoor Akram','mansoor@chiesipakistan.com',1),(67,54,'MUHAMMAD ABUBAKAR YOUSUF','abubakar.yousuf@efroze.com',1),(68,55,'Yasin','mass@masspharma.com',1),(69,56,'Syed Mumtaz Hussain','smumtaz@otsuka.pk',1),(70,57,'Adeeb ul Haq Khan','ahk@rgp.com.pk',1),(71,58,'Helix Diagnostics','uzmaashraf85@hotmail.com',1),(72,59,'Kashif Raza Kazmi','kashif@amson.org.pk',1),(73,60,'Mr. Nadeem','nadeem.chas@mgcpakistan.com',1),(74,61,'Muhammad Arif Shaikh','ashaikh@remingtonpharma.com',1),(75,62,'Humayoon Amjad','hamjad@medipakpharma.com',1),(76,63,'Faisal Imran','imran.faisal@pacificpharmaceuticals.com',1),(77,64,'Faisal Imran','imran.faisal@pacificpharmaceuticals.com',1),(78,65,'Mr. Muhammad Ilyas','distributionmanager.szl@gmail.com',1),(79,66,'Muhammad Ashraf','ashraf.distribution@saffronpharma.com',1),(80,67,'Mr. Abu Moiz','abumoiz@pharmatec.com',1),(81,68,'Muhammad Irfan','irfan.cirin@gmail.com',1),(82,69,'Mr. Farooq','farooq.ahmad@schazoo-spl.com',1),(83,69,'Mr. Ibrar','ibrar.wazir@schazoo-spl.com',1),(84,70,'Shoaib Zafar','shoaib.zafar@pk.netgrs.om',1),(85,70,'Mr. Kamran Khan ','kamran.khan@pk.netgrs.com',1),(86,71,'Younus Siraj','younussiraj@gmail.com',1),(93,77,'Ahsan Riaz','info@fdlpharma.com',1),(88,73,'Mr. Aziz ul Haq','sales@adamjeepharmaservices.com',1),(89,75,'Mr.Hamid Pervaiz','hamidpervaiz75@yahoo.com',1),(90,76,'Mr.Zain-ul-Abideen','bm.lhr.pharma@aligohar.com',1),(92,77,'Rashid Anjum','fdlpak@gmail.com',0),(94,78,'Mr.Ghazanfar Ali Jawa','gajawa@wilshirelabs.com',1),(95,78,'Mr.Ghazanfar Ali Jawa','gajawa@gmail.com',1),(96,78,'Mr.Ghazanfar Ali Jawa','jawa@brain.net.pk',1),(97,79,'Mr.Faisal Saeed','faisal@sante.com.pk',1),(98,80,'Mr. Aamir Iqbal','zamzam@cyber.net.pk',1),(99,81,'Mr. Sultan Jawa','sultanjawa@gmail.com',1),(100,81,'Mr. Imran Jawa','irzacom@gmail.com',1),(101,81,'Mr. Anwar Alam','maalamkhan@hotmail.com',1),(102,81,'Mr. Rana Khalid','rmkhalid75@gmail.com',1),(103,82,'Mr. Shakeel Mehmood','shakeel.mehmod@yahoo.com',1),(104,82,'Atif Siddiqui','atif@scotmann.com.pk',1),(105,83,'Hasan','unexo@nexlinx.net.pk',1),(106,84,'Malik Tanveer','libranew_2007@yahoo.com',1),(107,85,'Zeeshan Akram','zakram@its.jnj.com',1),(108,85,'Mr. Raza Akber','raza.akber@udld.biz',0),(109,86,'Mr.Muhammad Haneef','hanifgenetics@gmail.com',0),(110,86,'Hafiz Muhammad Tahir','muhammad.tahir@genetics-pharmaceuticals.com',1),(111,87,'Abdul Rehman Bhatti','abdul.rehman@amarantpharma.com',1),(112,87,'Mr. Iqbal Bakhsh','iqbalbakhshamarant@gmail.com',1),(113,88,'Naveed Akhtar','marketing@howardspharma.com',1),(114,89,'Khawja Zahid Naik','ppharma@brain.net.pk',1),(115,89,'Javed Iqbal Butt','javaidbutt@pulsepharmaceuticals.com',1),(116,90,'Imran Rehman Memon','imran@alinacombine.com',1),(117,91,'Mr.Hasan Absar','hasan.absar@maplepharma.com',1),(118,92,'Muzammel Iqbal','stanleypharmalhr@hotmail.com',1),(119,93,'Abdul Shaqoor Khatri','marketing@medisre.com.pk',1),(120,94,'Amjad Ali Khan','medicaid@cyber.net.pk',1),(121,95,'Dr.Muhammad Nadir','drnadir@xlhealthcarelab.com',1),(122,96,'Mr. Shakeel','shakeel.lone1974@gmail.com',1),(123,96,'Asma Saleem','asmajasmine@ymail.com',1),(124,97,'Mr. Yasir Nawaz','sjuenterprises14@hotmail.com',1),(125,98,'Mr. Imtiaz','distribution@opel-labs.com',1),(126,99,'Muhammad Umar Siddiqui','bryonpharma@gmail.com',1),(127,100,'Zeeshan Siddiqui','zesh@lundbeck.com',1),(179,130,'Malik Imran','malik.imran@agp.com.pk',1),(130,103,'Ameer Bukhari','Ameer.Bukhari@iblops.com',1),(181,132,'MR. Jaffari','sajafri.ppl@gmail.com',1),(133,41,'Farooq Ahmad','tabroz@super.net.pk',0),(134,41,'Farooq Ahmad','im.farooq@hotmail.com',0),(135,12,'Khurram Suhail Khan','khurram.suhailkhan@bayer.com',0),(136,54,'Mr. Imran Khan','imrankhan@efroze.com',0),(137,104,'Mr. Ijaz','ejazpcw98@yahoo.com',1),(138,91,'Sidra Rizwan','sidra.rizwan@maplepharma.com',1),(139,105,'Muddassar Hayat','muddassarhayat@yahoo.com',1),(140,24,'Muzaffar Zahir','muzaffar.zahir@barretthodgson.com',1),(141,27,'Saba Salim','Saba.Salim@ici.com.pk',0),(142,29,'Mirza Khurshid Subhani','khurshid.subhani@mulphico.pk',0),(143,65,'Muhammad Afzal','muhammad.afzal@apothecare.com.pk',0),(144,46,'Muhammad Mansoor Nasir','mmmn@novonordisk.com',0),(145,108,'Mr. Mohsin','healthshop@qarshi.com',1),(146,0,'Humaira Yasmeen','humaira_araf@hotmail.com',0),(147,110,'Fakhra Shaheen','fakhara.shaheen@nextpharco.com',1),(148,111,'Mr. Liaqat','liaqat@paramount.net.pk',1),(149,112,'M.Akram Khan','scm@rekopharmacal.com',1),(150,112,'Arif Mahmood','nsm@rekopharmacal.com',1),(151,113,'Mr.Muhammad Haneef','hanifgenetics@gmail.com',1),(152,113,'Hafiz Muhammad Tahir','tahirgenetics@gmail.com',1),(153,114,'Mr. Iqbal Bakhsh','iqbalbakhshamarant@gmail.com',1),(154,114,'Abdul Rehman Bhatti','abdul.rehman@amarantpharma.com',1),(155,115,'Khawja Zahid Naik','ppharma@brain.net.pk',1),(156,115,'Javed Iqbal Butt','javaidbutt@pulsepharmaceuticals.com',1),(157,116,'Imran Rehman Memon','imran@alinacombine.com',1),(158,104,'Mian Khalid Rehman ','mkrehman@popularchemicals.com',1),(159,64,'Mr. Amjad','amjad@genixpharma.com',1),(160,58,'Mr. Aamir Hassan','aamir.hassan@hakimsonsgroup.com',1),(161,51,'Distribution Manager','info@shaigan.com',1),(162,50,'Mr. Fahad Siddiqui','fahad.siddiqui@rb.com',1),(163,50,'Jazib Amin','jazibin@yahoo.com',1),(164,49,'Mr. Mujeeb','mujeeb@himont.com',1),(165,47,'Syed Mumtaz Haider','syedmumtazhaider@hotmail.com',1),(166,46,'Muhammad Shahid Ansari','siai@novonordisk.com',1),(167,46,'Mr. Naveed Anwar','mdwa@novonordisk.com',1),(168,41,'Business Development Manager','yousuf.jamal@tabrospharma.com',1),(169,36,'Mr. Naeem Amir','naeem.ahmed@cclpharma.com',0),(170,17,'Mr. Younas Khurram','younask@merck.com.pk',0),(171,6,'Mr. Abdul Rauf Sheikh','abdul_rauf.sheikh@novartis.com',1),(172,6,'Miss Fatima','fatima.novartis@gmail.com',0),(173,117,'Shahryar Khan','shahryar1@gmail.com',0),(174,118,'Zeeshan Ali','zeeshan.ali@uniferoz.com',1),(175,119,'Waseem Ahmed','albrolhr@gmail.com',1),(182,132,'Mr.A. Hafeez','hafeez_butt79@hotmail.com',1),(184,134,'Zafar Chaudhary','zafartvc@gmail.com',1),(185,135,'rizwan alam','akmujtabag@yahoo.com',1),(186,136,'Mr. Waqas Butt','info@venuspharma.com.pk',1),(187,138,'Mr. Rashid Khan','mohammad.rashid@abbott.com',1),(188,140,'Yawar A. Zaidi','tcmfirstaid@outlook.com',1),(189,29,'Mr. Zia-ur-Rehman Khaliq','zia.rahman@aspin.com.pk',1),(190,18,'asif ashiq','asifashiq_4u@yahoo.com',0),(191,27,'Nasir ahmed','Nasir.Ahmed@ici.com.pk',1),(192,109,'Abdul ghaffar','a.ghaffar@angelini.pk',1),(193,109,'A hussain','a.hussain@angelini.pk',1),(194,30,'Asif Mehmood','asif.mehmood@indus-pharma.com',0),(195,30,'Abrar','abrar@indus-pharma.com',0),(196,7,'S M GHAYASUDDIN','bmclhr.d@gmail.com',0),(197,7,'S M GHAYASUDDIN','bmclhr.d@gmail.com',0),(198,1,'Rana Hayat','rana.s.hayat@gsk.com',0),(199,519,'Mr. Babur Hanif','obs.consumer@obs.com.pk',1),(200,6,'Kashif Pasha','kashif.pasha@novartis.com',1),(201,520,'Asif','distribution@matrixpharma.com.pk',1),(202,29,'Huzaifa Zaki','Huzaifa.Zaki@obs.com.pk',1),(203,141,'Mubbashir Bary','Mubbashirbary@gmail.com',1),(204,141,'Mr. Rizwan Ahmed ','rizwan.ahmed@iblgroup.biz',0),(205,20,'Mr. Rizwan Ahmed ','rizwan.ahmed@iblgroup.biz',1),(206,20,'Ameer Bukhari','ameer.bukhari@iblops.com',1),(207,134,'Mr. Arshad','arshadkhantvc@gmail.com',0),(208,17,'Mr. Younas Khurram','younas.khurram@martindowgroup.com',1),(209,62,'Syed Abid  Murtaza','lhrbranch@medipakpharma.com',1),(210,6,'Faisal Qadeer','faisal.qadeer@novartis.com',1),(211,34,'Mr. Ghayas Ahmed Khan','ghayas.ahmed@atcolab.com',1),(212,37,'Mr.Hafiz Kamran','hafizkamran157@gmail.com',1),(213,37,'Mr. Zafar Iqbal','zafariqbal728@yahoo.com',1),(214,38,'Mr Khalid','lahore@globalpharmaceuticalspk.com',1),(215,45,'Tauqeer Hayat','zafa.tauqeer@gmail.com',0),(216,45,'Mr Mujahid','themaliks1@hotmail.com',1),(217,134,'Mr Usman Dogar','usmandogartvc@gmail.com',1),(218,521,'Muhammad Usman','usmanm@live.com',1),(219,522,'Aman Ali','aman.ali@titlispharma.com',1),(220,523,'Jamil Haider','jamilhaider@bsnmedical-pk.com',1),(221,108,'Shamshad Latif','shamshad.latif@qarshi.com',1),(222,158,'Imran Khan','imran.khan@Allmed.com.pk',1),(223,31,'Nusrat Zehra','shabbir_isb@yahoo.com',1),(224,31,'Mr. Ahmad Yousaf','healthcare.services@hotmail.com',1),(225,64,'Mr. Ikram','info@genixpharma.com',1),(226,58,'Miss Uzma','uzmaashraf85@hotmail.com',1),(227,61,'Dr. Faisal Q. Khokar','fqk@remingtonpharma.com',0),(228,92,'Jawad','stanley@stanleypharma.com',1),(229,524,'Kashif Nazir','kashif.nazir@ajmpharma.com',1),(230,106,'Ayyaz Khoker','ayyaz.khoker@apmail.bbraun.com',1),(231,383,'Daniyal Akhtar','Daniyal.Akhtar@pk.nestle.com',1),(232,397,'Usman qadeer','usman.qadeerpharmevo@hotmail.com',1),(233,433,'qazi.munawar','qazi.munawar@gmail.com',1),(234,434,'Mr. Adeel Ud Din','adeel@route2.bz',1),(235,475,'Rashid Shahbaz','rashid.shahbaz@apothecare.com.pk',1),(236,492,'Saqib Abbas','saqib.abbas@treetonline.com',1),(237,18,'Umer Hayat','uhayyat18@yahoo.com',0),(238,3,'Ahmed Hamid','ahmedhamid@abbott.com',1),(239,526,'Biocare Pharmaceutica','info@biocare.com.pk',1),(240,526,'Naeem Hussain','syednaeem.biocare@hotmail.com',1),(241,527,'Shahid Mahmood','shahid.mahmood@3spharma.com',1),(242,528,'Mr. Salman Siddiqi','salman.siddiqi@hotmail.com',1),(243,0,'Humaira Yasmeen','humaira_araf@hotmail.com',1),(244,0,'Mr Imran Haider','i.haider@araf.pk',1),(245,529,'Sara Jan','sara.jan2005@hotmail.com',1),(246,36,'Shahid Mashhood','shahid.mashhood@cclpharma.com',1),(247,530,'Shoaib Barry','s.shoaib@kingston-hc.com',1),(248,531,'Moiz Hyder','moiz.hyder@zenithmed.net',1),(249,117,'Mr. Saad Zahid','saadzahid@live.com',1),(250,30,'Khawaja Hammad Ahmed','khawaja.hammad@indus-pharma.com',1),(251,18,'Muhammad Zahid','m.zahid@hiltonpharma.com',1),(252,1,'Mr. Syed Jalil','syed.a.jalil@gsk.com',1),(253,12,'Customer Services Manager','PK-Customer-Services@Bayer.com',1);

--
-- Table structure for table `s_departments`
--

CREATE TABLE `s_departments` (
  `department_id` int(11) NOT NULL AUTO_INCREMENT,
  `department_name` varchar(100) NOT NULL,
  `department_email` varchar(150) NOT NULL,
  `added_on` timestamp NOT NULL DEFAULT CURRENT_TIMESTAMP,
  `added_by` int(11) NOT NULL,
  `edited_on` timestamp NULL DEFAULT NULL,
  `edited_by` int(11) DEFAULT NULL,
  PRIMARY KEY (`department_id`),
  UNIQUE KEY `department_name` (`department_name`),
  KEY `department_email` (`department_email`)
) ENGINE=InnoDB AUTO_INCREMENT=5 DEFAULT CHARSET=latin1;

--
-- Dumping data for table `s_departments`
--

INSERT INTO `s_departments` VALUES (1,'Data Team','data.team@apothecare.com.pk','2019-02-01 05:55:22',0,NULL,NULL),(2,'Pharmacy Dept','pharmacy@sehat.com.pk','2019-02-01 05:55:22',0,NULL,NULL),(3,'Supply Chain','supplychain@apothecare.com.pk','2019-02-01 05:55:22',0,NULL,NULL),(4,'Warehouse Dept','warehouse@apothecare.com.pk','2019-02-01 05:55:22',0,NULL,NULL);

--
-- Table structure for table `s_file_check_departments`
--

CREATE TABLE `s_file_check_departments` (
  `check_dept_id` int(11) NOT NULL AUTO_INCREMENT,
  `check_id` int(11) NOT NULL,
  `dept_id` int(11) NOT NULL,
  `added_on` int(11) NOT NULL,
  `added_by` timestamp NOT NULL DEFAULT CURRENT_TIMESTAMP,
  `edited_on` int(11) DEFAULT NULL,
  `edited_by` timestamp NULL DEFAULT NULL,
  PRIMARY KEY (`check_dept_id`),
  KEY `check_id` (`check_id`),
  KEY `dept_id` (`dept_id`)
) ENGINE=InnoDB DEFAULT CHARSET=latin1;

--
-- Dumping data for table `s_file_check_departments`
--


--
-- Table structure for table `s_file_checks`
--

CREATE TABLE `s_file_checks` (
  `check_id` int(11) NOT NULL AUTO_INCREMENT,
  `check_name` varchar(255) NOT NULL,
  `added_on` timestamp NOT NULL DEFAULT CURRENT_TIMESTAMP,
  `added_by` int(11) NOT NULL,
  `edited_on` timestamp NULL DEFAULT NULL,
  `edited_by` int(11) DEFAULT NULL,
  PRIMARY KEY (`check_id`),
  UNIQUE KEY `check_name` (`check_name`)
) ENGINE=InnoDB DEFAULT CHARSET=latin1;

--
-- Dumping data for table `s_file_checks`
--


--
-- Table structure for table `s_mail`
--

CREATE TABLE `s_mail` (
  `smi_id` int(11) NOT NULL AUTO_INCREMENT,
  `smi_from` varchar(256) NOT NULL,
  `smi_to` varchar(256) NOT NULL DEFAULT '''''',
  `smi_cc` varchar(256) NOT NULL DEFAULT '''''',
  `smi_subject` varchar(256) NOT NULL,
  `smi_body` longtext NOT NULL,
  `smi_sm_id` int(11) NOT NULL,
  PRIMARY KEY (`smi_id`)
) ENGINE=MyISAM AUTO_INCREMENT=131 DEFAULT CHARSET=latin1;

--
-- Dumping data for table `s_mail`
--

INSERT INTO `s_mail` VALUES (1,'pricelist@sehat.com.pk','','pricelist@sehat.com.pk','Updated Price List of ---manufacturer_name---','Dear ---contact_person_name---,<br><br>:\r\nPlease forward us a complete updated price list of all your produtcs/specialties so that we may display/sell your products to customers at correct prices.\r\n<br><br>\r\nAlso, kindly include our following email address in your circulation list for price updates.\r\n<br><br>\r\npricelist@sehat.com.pk\r\n<br><br>\r\nWe are Pakistan\'s Premier Online Pharmacy delivering medicines and health related products to customer\'s door steps all across Pakistan. We operate through the website www.sehat.com.pk and Call Center (042) 11-11-73428 (SEHAT).\r\n<br><br>\r\nThanking You,\r\n<br><br>\r\nRegards\r\n<br><br>\r\nSupply Chain Department<br>\r\nSehat Online Pharmacy<br>\r\n<br><br>\r\nApothecare Pvt. Ltd.<br>\r\n63-A/2, Ghalib Market, Gulberg III. Lahore | Pakistan<br>\r\nTel: +92 (042) 35759474-35876509<br>\r\nCell: +92 3218360025 | Email: pricelist@sehat.com.pk<br>\r\nWebsite: wwww.sehat.com.pk',0),(2,'pricelist@sehat.com.pk','\'\'','pricelist@sehat.com.pk','Updated Price List of Abbott Laboratories (Pakistan) Limited (Nutrition)','\r\n							\r\n							\r\n							\r\n							Dear ---contact_person_name---,<br><br>																								:\r\n							\r\n							\r\n							\r\n							\r\nPlease forward us a complete updated price list of all your produtcs/specialties so that we may display/sell your products to customers at correct prices.\r\n<br><br>\r\nAlso, kindly include our following email address in your circulation list for price updates.\r\n<br><br>\r\npricelist@sehat.com.pk\r\n<br><br>\r\nWe are Pakistan\'s Premier Online Pharmacy delivering medicines and health related products to customer\'s door steps all across Pakistan. We operate through the website www.sehat.com.pk and Call Center (042) 11-11-73428 (SEHAT).\r\n<br><br>\r\nThanking You,\r\n<br><br>\r\nRegards\r\n<br><br>\r\nSupply Chain Department<br>\r\nSehat Online Pharmacy<br>\r\n<br><br>\r\nApothecare Pvt. Ltd.<br>\r\n63-A/2, Ghalib Market, Gulberg III. Lahore | Pakistan<br>\r\nTel: +92 (042) 35759474-35876509<br>\r\nCell: +92 3218360025 | Email: pricelist@sehat.com.pk<br>\r\nWebsite: wwww.sehat.com.pk																								',4),(3,'pricelist@sehat.com.pk','\'\'','pricelist@sehat.com.pk','Updated Price List of Abbott Laboratories (Pakistan) Limited (Pharma)','\r\n							\r\n							\r\n							\r\n							\r\n							\r\n							\r\n							\r\n							Dear ---contact_person_name---,<br><br>																																																:\r\n							\r\n							\r\n							\r\n							\r\n							\r\n							\r\n							\r\n							\r\nPlease forward us a complete updated price list of all your produtcs/specialties so that we may display/sell your products to customers at correct prices.\r\n<br><br>\r\nAlso, kindly include our following email address in your circulation list for price updates.\r\n<br><br>\r\npricelist@sehat.com.pk\r\n<br><br>\r\nWe are Pakistan\'s Premier Online Pharmacy delivering medicines and health related products to customer\'s door steps all across Pakistan. We operate through the website www.sehat.com.pk and Call Center (042) 11-11-73428 (SEHAT).\r\n<br><br>\r\nThanking You,\r\n<br><br>\r\nRegards\r\n<br><br>\r\nSupply Chain Department<br>\r\nSehat Online Pharmacy<br>\r\n<br><br>\r\nApothecare Pvt. Ltd.<br>\r\n63-A/2, Ghalib Market, Gulberg III. Lahore | Pakistan<br>\r\nTel: +92 (042) 35759474-35876509<br>\r\nCell: +92 3218360025 | Email: pricelist@sehat.com.pk<br>\r\nWebsite: wwww.sehat.com.pk																																																',3),(4,'pricelist@sehat.com.pk','\'\'','pricelist@sehat.com.pk','Updated Price List of Adamjee Pharma Services','\r\n							\r\n							\r\n							\r\n							Dear ---contact_person_name---,<br><br>																								:\r\n							\r\n							\r\n							\r\n							\r\nPlease forward us a complete updated price list of all your produtcs/specialties so that we may display/sell your products to customers at correct prices.\r\n<br><br>\r\nAlso, kindly include our following email address in your circulation list for price updates.\r\n<br><br>\r\npricelist@sehat.com.pk\r\n<br><br>\r\nWe are Pakistan\'s Premier Online Pharmacy delivering medicines and health related products to customer\'s door steps all across Pakistan. We operate through the website www.sehat.com.pk and Call Center (042) 11-11-73428 (SEHAT).\r\n<br><br>\r\nThanking You,\r\n<br><br>\r\nRegards\r\n<br><br>\r\nSupply Chain Department<br>\r\nSehat Online Pharmacy<br>\r\n<br><br>\r\nApothecare Pvt. Ltd.<br>\r\n63-A/2, Ghalib Market, Gulberg III. Lahore | Pakistan<br>\r\nTel: +92 (042) 35759474-35876509<br>\r\nCell: +92 3218360025 | Email: pricelist@sehat.com.pk<br>\r\nWebsite: wwww.sehat.com.pk																								',73),(5,'pricelist@sehat.com.pk','\'\'','pricelist@sehat.com.pk','Updated Price List of Alcon','\r\n							\r\n							\r\n							\r\n							\r\n							\r\n							\r\n							Dear ---contact_person_name---,<br><br>																																										:\r\n							\r\n							\r\n							\r\n							\r\n							\r\n							\r\n							\r\nPlease forward us a complete updated price list of all your produtcs/specialties so that we may display/sell your products to customers at correct prices.\r\n<br><br>\r\nAlso, kindly include our following email address in your circulation list for price updates.\r\n<br><br>\r\npricelist@sehat.com.pk\r\n<br><br>\r\nWe are Pakistan\'s Premier Online Pharmacy delivering medicines and health related products to customer\'s door steps all across Pakistan. We operate through the website www.sehat.com.pk and Call Center (042) 11-11-73428 (SEHAT).<br><br>\r\nThanking You,\r\n<br><br>\r\nRegards\r\n<br><br>\r\nSupply Chain Department<br>\r\nSehat Online Pharmacy<br>\r\n<br><br>\r\nApothecare Pvt. Ltd.<br>\r\n63-A/2, Ghalib Market, Gulberg III. Lahore | Pakistan<br>\r\nTel: +92 (042) 35759474-35876509<br>\r\nCell: +92 3218360025 | Email: pricelist@sehat.com.pk<br>\r\nWebsite: wwww.sehat.com.pk																																										',76),(6,'pricelist@sehat.com.pk','\'\'','pricelist@sehat.com.pk','Updated Price List of Alina Combine','\r\n							\r\n							\r\n							\r\n							Dear ---contact_person_name---,<br><br>																								:\r\n							\r\n							\r\n							\r\n							\r\nPlease forward us a complete updated price list of all your produtcs/specialties so that we may display/sell your products to customers at correct prices.\r\n<br><br>\r\nAlso, kindly include our following email address in your circulation list for price updates.\r\n<br><br>\r\npricelist@sehat.com.pk\r\n<br><br>\r\nWe are Pakistan\'s Premier Online Pharmacy delivering medicines and health related products to customer\'s door steps all across Pakistan. We operate through the website www.sehat.com.pk and Call Center (042) 11-11-73428 (SEHAT).<br><br>\r\nThanking You,\r\n<br><br>\r\nRegards\r\n<br><br>\r\nSupply Chain Department<br>\r\nSehat Online Pharmacy<br>\r\n<br><br>\r\nApothecare Pvt. Ltd.<br>\r\n63-A/2, Ghalib Market, Gulberg III. Lahore | Pakistan<br>\r\nTel: +92 (042) 35759474-35876509<br>\r\nCell: +92 3218360025 | Email: pricelist@sehat.com.pk<br>\r\nWebsite: wwww.sehat.com.pk																								',90),(7,'pricelist@sehat.com.pk','\'\'','pricelist@sehat.com.pk','Updated Price List of Amarant Pharma (Pvt) Ltd','\r\n							\r\n							\r\n							\r\n							Dear ---contact_person_name---,<br><br>																								:\r\n							\r\n							\r\n							\r\n							\r\nPlease forward us a complete updated price list of all your produtcs/specialties so that we may display/sell your products to customers at correct prices.\r\n<br><br>\r\nAlso, kindly include our following email address in your circulation list for price updates.\r\n<br><br>\r\npricelist@sehat.com.pk\r\n<br><br>\r\nWe are Pakistan\'s Premier Online Pharmacy delivering medicines and health related products to customer\'s door steps all across Pakistan. We operate through the website www.sehat.com.pk and Call Center (042) 11-11-73428 (SEHAT).<br><br>\r\nThanking You,\r\n<br><br>\r\nRegards\r\n<br><br>\r\nSupply Chain Department<br>\r\nSehat Online Pharmacy<br>\r\n<br><br>\r\nApothecare Pvt. Ltd.<br>\r\n63-A/2, Ghalib Market, Gulberg III. Lahore | Pakistan<br>\r\nTel: +92 (042) 35759474-35876509<br>\r\nCell: +92 3218360025 | Email: pricelist@sehat.com.pk<br>\r\nWebsite: wwww.sehat.com.pk																								',87),(8,'pricelist@sehat.com.pk','\'\'','pricelist@sehat.com.pk','Updated Price List of Amson Vaccine & Pharma (Pvt) Ltd.','\r\n							\r\n							\r\n							Dear ---contact_person_name---,<br><br>																		:\r\n							\r\n							\r\n							\r\nPlease forward us a complete updated price list of all your produtcs/specialties so that we may display/sell your products to customers at correct prices.\r\n<br><br>\r\nAlso, kindly include our following email address in your circulation list for price updates.\r\n<br><br>\r\npricelist@sehat.com.pk\r\n<br><br>\r\nWe are Pakistan\'s Premier Online Pharmacy delivering medicines and health related products to customer\'s door steps all across Pakistan. We operate through the website www.sehat.com.pk and Call Center (042) 11-11-73428 (SEHAT).<br><br>\r\nThanking You,\r\n<br><br>\r\nRegards\r\n<br><br>\r\nSupply Chain Department<br>\r\nSehat Online Pharmacy<br>\r\n<br><br>\r\nApothecare Pvt. Ltd.<br>\r\n63-A/2, Ghalib Market, Gulberg III. Lahore | Pakistan<br>\r\nTel: +92 (042) 35759474-35876509<br>\r\nCell: +92 3218360025 | Email: pricelist@sehat.com.pk<br>\r\nWebsite: wwww.sehat.com.pk																		',59),(9,'pricelist@sehat.com.pk','\'\'','pricelist@sehat.com.pk','Updated Price List of Aspin Pharma Pvt. Ltd (OBS Group)','\r\n							\r\n							\r\n							\r\n							\r\n							Dear ---contact_person_name---,<br><br>																														:\r\n							\r\n							\r\n							\r\n							\r\n							\r\nPlease forward us a complete updated price list of all your produtcs/specialties so that we may display/sell your products to customers at correct prices.\r\n<br><br>\r\nAlso, kindly include our following email address in your circulation list for price updates.\r\n<br><br>\r\npricelist@sehat.com.pk\r\n<br><br>\r\nWe are Pakistan\'s Premier Online Pharmacy delivering medicines and health related products to customer\'s door steps all across Pakistan. We operate through the website www.sehat.com.pk and Call Center (042) 11-11-73428 (SEHAT).\r\n<br><br>\r\nThanking You,\r\n<br><br>\r\nRegards\r\n<br><br>\r\nSupply Chain Department<br>\r\nSehat Online Pharmacy<br>\r\n<br><br>\r\nApothecare Pvt. Ltd.<br>\r\n63-A/2, Ghalib Market, Gulberg III. Lahore | Pakistan<br>\r\nTel: +92 (042) 35759474-35876509<br>\r\nCell: +92 3218360025 | Email: pricelist@sehat.com.pk<br>\r\nWebsite: wwww.sehat.com.pk																														',29),(10,'pricelist@sehat.com.pk','\'\'','pricelist@sehat.com.pk','Updated Price List of Atco Laboratories Limited ','\r\n							\r\n							\r\n							\r\n							\r\n							\r\n							\r\n							Dear ---contact_person_name---,<br><br>																																										:\r\n							\r\n							\r\n							\r\n							\r\n							\r\n							\r\n							\r\nPlease forward us a complete updated price list of all your produtcs/specialties so that we may display/sell your products to customers at correct prices.\r\n<br><br>\r\nAlso, kindly include our following email address in your circulation list for price updates.\r\n<br><br>\r\npricelist@sehat.com.pk\r\n<br><br>\r\nWe are Pakistan\'s Premier Online Pharmacy delivering medicines and health related products to customer\'s door steps all across Pakistan. We operate through the website www.sehat.com.pk and Call Center (042) 11-11-73428 (SEHAT).<br><br>\r\nThanking You,\r\n<br><br>\r\nRegards\r\n<br><br>\r\nSupply Chain Department<br>\r\nSehat Online Pharmacy<br>\r\n<br><br>\r\nApothecare Pvt. Ltd.<br>\r\n63-A/2, Ghalib Market, Gulberg III. Lahore | Pakistan<br>\r\nTel: +92 (042) 35759474-35876509<br>\r\nCell: +92 3218360025 | Email: pricelist@sehat.com.pk<br>\r\nWebsite: wwww.sehat.com.pk																																										',34),(11,'pricelist@sehat.com.pk','\'\'','pricelist@sehat.com.pk','Updated Price List of Barrett Hodgson Pakistan (Pvt) Ltd (Ophthalmic)','\r\n							\r\n							\r\n							\r\n							\r\n							Dear ---contact_person_name---,<br><br>																														:\r\n							\r\n							\r\n							\r\n							\r\n							\r\nPlease forward us a complete updated price list of all your produtcs/specialties so that we may display/sell your products to customers at correct prices.\r\n<br><br>\r\nAlso, kindly include our following email address in your circulation list for price updates.\r\n<br><br>\r\npricelist@sehat.com.pk\r\n<br><br>\r\nWe are Pakistan\'s Premier Online Pharmacy delivering medicines and health related products to customer\'s door steps all across Pakistan. We operate through the website www.sehat.com.pk and Call Center (042) 11-11-73428 (SEHAT).<br>\r\nThanking You,\r\n<br><br>\r\nRegards\r\n<br><br>\r\nSupply Chain Department<br>\r\nSehat Online Pharmacy<br>\r\n<br><br>\r\nApothecare Pvt. Ltd.<br>\r\n63-A/2, Ghalib Market, Gulberg III. Lahore | Pakistan<br>\r\nTel: +92 (042) 35759474-35876509<br>\r\nCell: +92 3218360025 | Email: pricelist@sehat.com.pk<br>\r\nWebsite: wwww.sehat.com.pk																														',24),(12,'pricelist@sehat.com.pk','\'\'','pricelist@sehat.com.pk','Updated Price List of Barrett Hodgson Pakistan (Pvt) Ltd (Pharma)','\r\n							\r\n							\r\n							\r\n							\r\n							\r\n							Dear ---contact_person_name---,<br><br>																																				:\r\n							\r\n							\r\n							\r\n							\r\n							\r\n							\r\nPlease forward us a complete updated price list of all your produtcs/specialties so that we may display/sell your products to customers at correct prices.\r\n<br><br>\r\nAlso, kindly include our following email address in your circulation list for price updates.\r\n<br><br>\r\npricelist@sehat.com.pk\r\n<br><br>\r\nWe are Pakistan\'s Premier Online Pharmacy delivering medicines and health related products to customer\'s door steps all across Pakistan. We operate through the website www.sehat.com.pk and Call Center (042) 11-11-73428 (SEHAT).<br><br>\r\nThanking You,\r\n<br><br>\r\nRegards\r\n<br><br>\r\nSupply Chain Department<br>\r\nSehat Online Pharmacy<br>\r\n<br><br>\r\nApothecare Pvt. Ltd.<br>\r\n63-A/2, Ghalib Market, Gulberg III. Lahore | Pakistan<br>\r\nTel: +92 (042) 35759474-35876509<br>\r\nCell: +92 3218360025 | Email: pricelist@sehat.com.pk<br>\r\nWebsite: wwww.sehat.com.pk																																				',25),(13,'pricelist@sehat.com.pk','\'\'','pricelist@sehat.com.pk','Updated Price List of Bayer HealthCare','\r\n							\r\n							\r\n							\r\n							\r\n							Dear ---contact_person_name---,<br><br>																														:\r\n							\r\n							\r\n							\r\n							\r\n							\r\nPlease forward us a complete updated price list of all your produtcs/specialties so that we may display/sell your products to customers at correct prices.\r\n<br><br>\r\nAlso, kindly include our following email address in your circulation list for price updates.\r\n<br><br>\r\npricelist@sehat.com.pk\r\n<br><br>\r\nWe are Pakistan\'s Premier Online Pharmacy delivering medicines and health related products to customer\'s door steps all across Pakistan. We operate through the website www.sehat.com.pk and Call Center (042) 11-11-73428 (SEHAT)..\r\n<br><br>\r\nThanking You,\r\n<br><br>\r\nRegards\r\n<br><br>\r\nSupply Chain Department<br>\r\nSehat Online Pharmacy<br>\r\n<br><br>\r\nApothecare Pvt. Ltd.<br>\r\n63-A/2, Ghalib Market, Gulberg III. Lahore | Pakistan<br>\r\nTel: +92 (042) 35759474-35876509<br>\r\nCell: +92 3218360025 | Email: pricelist@sehat.com.pk<br>\r\nWebsite: wwww.sehat.com.pk																														',12),(14,'pricelist@sehat.com.pk','\'\'','pricelist@sehat.com.pk','Updated Price List of Bosch Pharmaceuticals (Pvt) Ltd.','\r\n							\r\n							\r\n							\r\n							\r\n							\r\n							Dear ---contact_person_name---,<br><br>																																				:\r\n							\r\n							\r\n							\r\n							\r\n							\r\n							\r\nPlease forward us a complete updated price list of all your produtcs/specialties so that we may display/sell your products to customers at correct prices.\r\n<br><br>\r\nAlso, kindly include our following email address in your circulation list for price updates.\r\n<br><br>\r\npricelist@sehat.com.pk\r\n<br><br>\r\nWe are Pakistan\'s Premier Online Pharmacy delivering medicines and health related products to customer\'s door steps all across Pakistan. We operate through the website www.sehat.com.pk and Call Center (042) 11-11-73428 (SEHAT).<br><br>\r\nThanking You,\r\n<br><br>\r\nRegards\r\n<br><br>\r\nSupply Chain Department<br>\r\nSehat Online Pharmacy<br>\r\n<br><br>\r\nApothecare Pvt. Ltd.<br>\r\n63-A/2, Ghalib Market, Gulberg III. Lahore | Pakistan<br>\r\nTel: +92 (042) 35759474-35876509<br>\r\nCell: +92 3218360025 | Email: pricelist@sehat.com.pk<br>\r\nWebsite: wwww.sehat.com.pk																																				',21),(15,'pricelist@sehat.com.pk','\'\'','pricelist@sehat.com.pk','Updated Price List of Brookes Pharma(Pvt)Ltd ','\r\n							\r\n							\r\n							\r\n							Dear ---contact_person_name---,<br><br>																								:\r\n							\r\n							\r\n							\r\n							\r\nPlease forward us a complete updated price list of all your produtcs/specialties so that we may display/sell your products to customers at correct prices.\r\n<br><br>\r\nAlso, kindly include our following email address in your circulation list for price updates.\r\n<br><br>\r\npricelist@sehat.com.pk\r\n<br><br>\r\nWe are Pakistan\'s Premier Online Pharmacy delivering medicines and health related products to customer\'s door steps all across Pakistan. We operate through the website www.sehat.com.pk and Call Center (042) 11-11-73428 (SEHAT)..\r\n<br><br>\r\nThanking You,\r\n<br><br>\r\nRegards\r\n<br><br>\r\nSupply Chain Department<br>\r\nSehat Online Pharmacy<br>\r\n<br><br>\r\nApothecare Pvt. Ltd.<br>\r\n63-A/2, Ghalib Market, Gulberg III. Lahore | Pakistan<br>\r\nTel: +92 (042) 35759474-35876509<br>\r\nCell: +92 3218360025 | Email: pricelist@sehat.com.pk<br>\r\nWebsite: wwww.sehat.com.pk																								',48),(16,'pricelist@sehat.com.pk','\'\'','pricelist@sehat.com.pk','Updated Price List of Bryon Pharmaceuticals','\r\n							\r\n							\r\n							\r\n							Dear ---contact_person_name---,<br><br>																								:\r\n							\r\n							\r\n							\r\n							\r\nPlease forward us a complete updated price list of all your produtcs/specialties so that we may display/sell your products to customers at correct prices.\r\n<br><br>\r\nAlso, kindly include our following email address in your circulation list for price updates.\r\n<br><br>\r\npricelist@sehat.com.pk\r\n<br><br>\r\nWe are Pakistan\'s Premier Online Pharmacy delivering medicines and health related products to customer\'s door steps all across Pakistan. We operate through the website www.sehat.com.pk and Call Center (042) 11-11-73428 (SEHAT)..\r\n<br><br>\r\nThanking You,\r\n<br><br>\r\nRegards\r\n<br><br>\r\nSupply Chain Department<br>\r\nSehat Online Pharmacy<br>\r\n<br><br>\r\nApothecare Pvt. Ltd.<br>\r\n63-A/2, Ghalib Market, Gulberg III. Lahore | Pakistan<br>\r\nTel: +92 (042) 35759474-35876509<br>\r\nCell: +92 3218360025 | Email: pricelist@sehat.com.pk<br>\r\nWebsite: wwww.sehat.com.pk																								',99),(88,'pricelist@sehat.com.pk','\'\'','pricelist@sehat.com.pk','Updated Price List of The Vitamin Company','\r\n							\r\n							\r\n							\r\n							Dear ---contact_person_name---,<br><br>																								:\r\n							\r\n							\r\n							\r\n							\r\nPlease forward us a complete updated price list of all your produtcs/specialties so that we may display/sell your products to customers at correct prices.\r\n<br><br>\r\nAlso, kindly include our following email address in your circulation list for price updates.\r\n<br><br>\r\npricelist@sehat.com.pk\r\n<br><br>\r\nWe are Pakistan\'s Premier Online Pharmacy delivering medicines and health related products to customer\'s door steps all across Pakistan. We operate through the website www.sehat.com.pk and Call Center (042) 11-11-73428 (SEHAT).\r\n<br><br>\r\nThanking You,\r\n<br><br>\r\nRegards\r\n<br><br>\r\nSupply Chain Department<br>\r\nSehat Online Pharmacy<br>\r\n<br><br>\r\nApothecare Pvt. Ltd.<br>\r\n63-A/2, Ghalib Market, Gulberg III. Lahore | Pakistan<br>\r\nTel: +92 (042) 35759474-35876509<br>\r\nCell: +92 3218360025 | Email: pricelist@sehat.com.pk<br>\r\nWebsite: wwww.sehat.com.pk																								',134),(18,'pricelist@sehat.com.pk','\'\'','pricelist@sehat.com.pk','Updated Price List of Chiesi Pharmaceuticals (Pvt) Ltd.','\r\n							\r\n							\r\n							\r\n							Dear ---contact_person_name---,<br><br>																								:\r\n							\r\n							\r\n							\r\n							\r\nPlease forward us a complete updated price list of all your produtcs/specialties so that we may display/sell your products to customers at correct prices.\r\n<br><br>\r\nAlso, kindly include our following email address in your circulation list for price updates.\r\n<br><br>\r\npricelist@sehat.com.pk\r\n<br><br>\r\nWe are Pakistan\'s Premier Online Pharmacy delivering medicines and health related products to customer\'s door steps all across Pakistan. We operate through the website www.sehat.com.pk and Call Center 0811-11SEHAT (73428).\r\n<br><br>\r\nThanking You,\r\n<br><br>\r\nRegards\r\n<br><br>\r\nSupply Chain Department<br>\r\nSehat Online Pharmacy<br>\r\n<br><br>\r\nApothecare Pvt. Ltd.<br>\r\n63-A/2, Ghalib Market, Gulberg III. Lahore | Pakistan<br>\r\nTel: +92 (042) 35759474-35876509<br>\r\nCell: +92 3218360025 | Email: pricelist@sehat.com.pk<br>\r\nWebsite: wwww.sehat.com.pk																								',53),(19,'pricelist@sehat.com.pk','\'\'','pricelist@sehat.com.pk','Updated Price List of Cirin Pharmaceuticals (Private) Limited','\r\n							\r\n							\r\n							\r\n							Dear ---contact_person_name---,<br><br>																								:\r\n							\r\n							\r\n							\r\n							\r\nPlease forward us a complete updated price list of all your produtcs/specialties so that we may display/sell your products to customers at correct prices.\r\n<br><br>\r\nAlso, kindly include our following email address in your circulation list for price updates.\r\n<br><br>\r\npricelist@sehat.com.pk\r\n<br><br>\r\nWe are Pakistan\'s Premier Online Pharmacy delivering medicines and health related products to customer\'s door steps all across Pakistan. We operate through the website www.sehat.com.pk and Call Center (042) 11-11-73428 (SEHAT).\r\n<br><br>\r\nThanking You,\r\n<br><br>\r\nRegards\r\n<br><br>\r\nSupply Chain Department<br>\r\nSehat Online Pharmacy<br>\r\n<br><br>\r\nApothecare Pvt. Ltd.<br>\r\n63-A/2, Ghalib Market, Gulberg III. Lahore | Pakistan<br>\r\nTel: +92 (042) 35759474-35876509<br>\r\nCell: +92 3218360025 | Email: pricelist@sehat.com.pk<br>\r\nWebsite: wwww.sehat.com.pk																								',68),(20,'pricelist@sehat.com.pk','\'\'','pricelist@sehat.com.pk','Updated Price List of Continental Pharma','\r\n							\r\n							\r\n							\r\n							Dear ---contact_person_name---,<br><br>																								:\r\n							\r\n							\r\n							\r\n							\r\nPlease forward us a complete updated price list of all your produtcs/specialties so that we may display/sell your products to customers at correct prices.\r\n<br><br>\r\nAlso, kindly include our following email address in your circulation list for price updates.\r\n<br><br>\r\npricelist@sehat.com.pk\r\n<br><br>\r\nWe are Pakistan\'s Premier Online Pharmacy delivering medicines and health related products to customer\'s door steps all across Pakistan. We operate through the website www.sehat.com.pk and Call Center (042) 11-11-73428 (SEHAT).\r\n<br><br>\r\nThanking You,\r\n<br><br>\r\nRegards\r\n<br><br>\r\nSupply Chain Department<br>\r\nSehat Online Pharmacy<br>\r\n<br><br>\r\nApothecare Pvt. Ltd.<br>\r\n63-A/2, Ghalib Market, Gulberg III. Lahore | Pakistan<br>\r\nTel: +92 (042) 35759474-35876509<br>\r\nCell: +92 3218360025 | Email: pricelist@sehat.com.pk<br>\r\nWebsite: wwww.sehat.com.pk																								',71),(21,'pricelist@sehat.com.pk','\'\'','pricelist@sehat.com.pk','Updated Price List of Efroze Chemical Industries (Pvt) Ltd','\r\n							\r\n							\r\n							\r\n							Dear ---contact_person_name---,<br><br>																								:\r\n							\r\n							\r\n							\r\n							\r\nPlease forward us a complete updated price list of all your produtcs/specialties so that we may display/sell your products to customers at correct prices.\r\n<br><br>\r\nAlso, kindly include our following email address in your circulation list for price updates.\r\n<br><br>\r\npricelist@sehat.com.pk\r\n<br><br>\r\nWe are Pakistan\'s Premier Online Pharmacy delivering medicines and health related products to customer\'s door steps all across Pakistan. We operate through the website www.sehat.com.pk and Call Center (042) 11-11-73428 (SEHAT).<br><br>\r\nThanking You,\r\n<br><br>\r\nRegards\r\n<br><br>\r\nSupply Chain Department<br>\r\nSehat Online Pharmacy<br>\r\n<br><br>\r\nApothecare Pvt. Ltd.<br>\r\n63-A/2, Ghalib Market, Gulberg III. Lahore | Pakistan<br>\r\nTel: +92 (042) 35759474-35876509<br>\r\nCell: +92 3218360025 | Email: pricelist@sehat.com.pk<br>\r\nWebsite: wwww.sehat.com.pk																								',54),(22,'pricelist@sehat.com.pk','\'\'','pricelist@sehat.com.pk','Updated Price List of Eli Lilly Pakistan (Pvt.) Ltd.','\r\n							\r\n							\r\n							Dear ---contact_person_name---,<br><br>																		:\r\n							\r\n							\r\n							\r\nPlease forward us a complete updated price list of all your produtcs/specialties so that we may display/sell your products to customers at correct prices.\r\n<br><br>\r\nAlso, kindly include our following email address in your circulation list for price updates.\r\n<br><br>\r\npricelist@sehat.com.pk\r\n<br><br>\r\nWe are Pakistan\'s Premier Online Pharmacy delivering medicines and health related products to customer\'s door steps all across Pakistan. We operate through the website www.sehat.com.pk and Call Center (042) 11-11-73428 (SEHAT).<br><br>\r\nThanking You,\r\n<br><br>\r\nRegards\r\n<br><br>\r\nSupply Chain Department<br>\r\nSehat Online Pharmacy<br>\r\n<br><br>\r\nApothecare Pvt. Ltd.<br>\r\n63-A/2, Ghalib Market, Gulberg III. Lahore | Pakistan<br>\r\nTel: +92 (042) 35759474-35876509<br>\r\nCell: +92 3218360025 | Email: pricelist@sehat.com.pk<br>\r\nWebsite: wwww.sehat.com.pk																		',33),(23,'pricelist@sehat.com.pk','\'\'','pricelist@sehat.com.pk','Updated Price List of Excel Healthcare laboratories Pvt. Ltd.','\r\n							\r\n							\r\n							\r\n							Dear ---contact_person_name---,<br><br>																								:\r\n							\r\n							\r\n							\r\n							\r\nPlease forward us a complete updated price list of all your produtcs/specialties so that we may display/sell your products to customers at correct prices.\r\n<br><br>\r\nAlso, kindly include our following email address in your circulation list for price updates.\r\n<br><br>\r\npricelist@sehat.com.pk\r\n<br><br>\r\nWe are Pakistan\'s Premier Online Pharmacy delivering medicines and health related products to customer\'s door steps all across Pakistan. We operate through the website www.sehat.com.pk and Call Center (042) 11-11-73428 (SEHAT).<br><br>\r\nThanking You,\r\n<br><br>\r\nRegards\r\n<br><br>\r\nSupply Chain Department<br>\r\nSehat Online Pharmacy<br>\r\n<br><br>\r\nApothecare Pvt. Ltd.<br>\r\n63-A/2, Ghalib Market, Gulberg III. Lahore | Pakistan<br>\r\nTel: +92 (042) 35759474-35876509<br>\r\nCell: +92 3218360025 | Email: pricelist@sehat.com.pk<br>\r\nWebsite: wwww.sehat.com.pk																								',95),(24,'pricelist@sehat.com.pk','\'\'','pricelist@sehat.com.pk','Updated Price List of Ferozsons Laboratories Limited ','\r\n							\r\n							\r\n							\r\n							\r\n							\r\n							\r\n							Dear ---contact_person_name---,<br><br>																																										:\r\n							\r\n							\r\n							\r\n							\r\n							\r\n							\r\n							\r\nPlease forward us a complete updated price list of all your produtcs/specialties so that we may display/sell your products to customers at correct prices.\r\n<br><br>\r\nAlso, kindly include our following email address in your circulation list for price updates.\r\n<br><br>\r\npricelist@sehat.com.pk\r\n<br><br>\r\nWe are Pakistan\'s Premier Online Pharmacy delivering medicines and health related products to customer\'s door steps all across Pakistan. We operate through the website www.sehat.com.pk and Call Center (042) 11-11-73428 (SEHAT).\r\n<br><br>\r\nThanking You,\r\n<br><br>\r\nRegards\r\n<br><br>\r\nSupply Chain Department<br>\r\nSehat Online Pharmacy<br>\r\n<br><br>\r\nApothecare Pvt. Ltd.<br>\r\n63-A/2, Ghalib Market, Gulberg III. Lahore | Pakistan<br>\r\nTel: +92 (042) 35759474-35876509<br>\r\nCell: +92 3218360025 | Email: pricelist@sehat.com.pk<br>\r\nWebsite: wwww.sehat.com.pk																																										',40),(25,'pricelist@sehat.com.pk','\'\'','pricelist@sehat.com.pk','Updated Price List of FRONTIER DEXTROSE LIMITED','\r\n							\r\n							\r\n							\r\n							Dear ---contact_person_name---,<br><br>																								:\r\n							\r\n							\r\n							\r\n							\r\nPlease forward us a complete updated price list of all your produtcs/specialties so that we may display/sell your products to customers at correct prices.\r\n<br><br>\r\nAlso, kindly include our following email address in your circulation list for price updates.\r\n<br><br>\r\npricelist@sehat.com.pk\r\n<br><br>\r\nWe are Pakistan\'s Premier Online Pharmacy delivering medicines and health related products to customer\'s door steps all across Pakistan. We operate through the website www.sehat.com.pk and Call Center (042) 11-11-73428 (SEHAT).<br><br>\r\nThanking You,\r\n<br><br>\r\nRegards\r\n<br><br>\r\nSupply Chain Department<br>\r\nSehat Online Pharmacy<br>\r\n<br><br>\r\nApothecare Pvt. Ltd.<br>\r\n63-A/2, Ghalib Market, Gulberg III. Lahore | Pakistan<br>\r\nTel: +92 (042) 35759474-35876509<br>\r\nCell: +92 3218360025 | Email: pricelist@sehat.com.pk<br>\r\nWebsite: wwww.sehat.com.pk																								',77),(26,'pricelist@sehat.com.pk','\'\'','pricelist@sehat.com.pk','Updated Price List of Genetics Pharmaceuticals (Pvt) Ltd','\r\n							\r\n							\r\n							\r\n							Dear ---contact_person_name---,<br><br>																								:\r\n							\r\n							\r\n							\r\n							\r\nPlease forward us a complete updated price list of all your produtcs/specialties so that we may display/sell your products to customers at correct prices.\r\n<br><br>\r\nAlso, kindly include our following email address in your circulation list for price updates.\r\n<br><br>\r\npricelist@sehat.com.pk\r\n<br><br>\r\nWe are Pakistan\'s Premier Online Pharmacy delivering medicines and health related products to customer\'s door steps all across Pakistan. We operate through the website www.sehat.com.pk and Call Center (042) 11-11-73428 (SEHAT).<br><br>\r\nThanking You,\r\n<br><br>\r\nRegards\r\n<br><br>\r\nSupply Chain Department<br>\r\nSehat Online Pharmacy<br>\r\n<br><br>\r\nApothecare Pvt. Ltd.<br>\r\n63-A/2, Ghalib Market, Gulberg III. Lahore | Pakistan<br>\r\nTel: +92 (042) 35759474-35876509<br>\r\nCell: +92 3218360025 | Email: pricelist@sehat.com.pk<br>\r\nWebsite: wwww.sehat.com.pk																								',86),(27,'pricelist@sehat.com.pk','\'\'','pricelist@sehat.com.pk','Updated Price List of GENIX','\r\n							\r\n							\r\n							\r\n							Dear ---contact_person_name---,<br><br>																								:\r\n							\r\n							\r\n							\r\n							\r\nPlease forward us a complete updated price list of all your produtcs/specialties so that we may display/sell your products to customers at correct prices.\r\n<br><br>\r\nAlso, kindly include our following email address in your circulation list for price updates.\r\n<br><br>\r\npricelist@sehat.com.pk\r\n<br><br>\r\nWe are Pakistan\'s Premier Online Pharmacy delivering medicines and health related products to customer\'s door steps all across Pakistan. We operate through the website www.sehat.com.pk and Call Center (042) 11-11-73428 (SEHAT).<br><br>\r\nThanking You,\r\n<br><br>\r\nRegards\r\n<br><br>\r\nSupply Chain Department<br>\r\nSehat Online Pharmacy<br>\r\n<br><br>\r\nApothecare Pvt. Ltd.<br>\r\n63-A/2, Ghalib Market, Gulberg III. Lahore | Pakistan<br>\r\nTel: +92 (042) 35759474-35876509<br>\r\nCell: +92 3218360025 | Email: pricelist@sehat.com.pk<br>\r\nWebsite: wwww.sehat.com.pk																								',64),(28,'pricelist@sehat.com.pk','\'\'','pricelist@sehat.com.pk','Updated Price List of Getz Pharma (Pvt) Limited','\r\n							\r\n							\r\n							\r\n							\r\n							\r\n							\r\n							\r\n							Dear ---contact_person_name---,<br><br>																																																:\r\n							\r\n							\r\n							\r\n							\r\n							\r\n							\r\n							\r\n							\r\nPlease forward us a complete updated price list of all your produtcs/specialties so that we may display/sell your products to customers at correct prices.\r\n<br><br>\r\nAlso, kindly include our following email address in your circulation list for price updates.\r\n<br><br>\r\npricelist@sehat.com.pk\r\n<br><br>\r\nWe are Pakistan\'s Premier Online Pharmacy delivering medicines and health related products to customer\'s door steps all across Pakistan. We operate through the website www.sehat.com.pk and Call Center (042) 11-11-73428 (SEHAT).<br><br>\r\nThanking You,\r\n<br><br>\r\nRegards\r\n<br><br>\r\nSupply Chain Department<br>\r\nSehat Online Pharmacy<br>\r\n<br><br>\r\nApothecare Pvt. Ltd.<br>\r\n63-A/2, Ghalib Market, Gulberg III. Lahore | Pakistan<br>\r\nTel: +92 (042) 35759474-35876509<br>\r\nCell: +92 3218360025 | Email: pricelist@sehat.com.pk<br>\r\nWebsite: wwww.sehat.com.pk																																																',8),(29,'pricelist@sehat.com.pk','\'\'','pricelist@sehat.com.pk','Updated Price List of Glaxosmithkline(Consumer)','\r\n							\r\n							\r\n							\r\n							\r\n							Dear ---contact_person_name---,<br><br>																														:\r\n							\r\n							\r\n							\r\n							\r\n							\r\nPlease forward us a complete updated price list of all your produtcs/specialties so that we may display/sell your products to customers at correct prices.\r\n<br><br>\r\nAlso, kindly include our following email address in your circulation list for price updates.\r\n<br><br>\r\npricelist@sehat.com.pk\r\n<br><br>\r\nWe are Pakistan\'s Premier Online Pharmacy delivering medicines and health related products to customer\'s door steps all across Pakistan. We operate through the website www.sehat.com.pk and Call Center (042) 11-11-73428 (SEHAT).<br>\r\nThanking You,\r\n<br><br>\r\nRegards\r\n<br><br>\r\nSupply Chain Department<br>\r\nSehat Online Pharmacy<br>\r\n<br><br>\r\nApothecare Pvt. Ltd.<br>\r\n63-A/2, Ghalib Market, Gulberg III. Lahore | Pakistan<br>\r\nTel: +92 (042) 35759474-35876509<br>\r\nCell: +92 3218360025 | Email: pricelist@sehat.com.pk<br>\r\nWebsite: wwww.sehat.com.pk																														',1),(30,'pricelist@sehat.com.pk','\'\'','pricelist@sehat.com.pk','Updated Price List of Glaxosmithkline(Pharma)','\r\n							\r\n							\r\n							\r\n							\r\n							\r\n							\r\n							\r\n							\r\n							Dear ---contact_person_name---,<br><br>																																																						:\r\n							\r\n							\r\n							\r\n							\r\n							\r\n							\r\n							\r\n							\r\n							\r\nPlease forward us a complete updated price list of all your produtcs/specialties so that we may display/sell your products to customers at correct prices.\r\n<br><br>\r\nAlso, kindly include our following email address in your circulation list for price updates.\r\n<br><br>\r\npricelist@sehat.com.pk\r\n<br><br>\r\nWe are Pakistan\'s Premier Online Pharmacy delivering medicines and health related products to customer\'s door steps all across Pakistan. We operate through the website www.sehat.com.pk and Call Center (042) 11-11-73428 (SEHAT).<br><br>\r\nThanking You,\r\n<br><br>\r\nRegards\r\n<br><br>\r\nSupply Chain Department<br>\r\nSehat Online Pharmacy<br>\r\n<br><br>\r\nApothecare Pvt. Ltd.<br>\r\n63-A/2, Ghalib Market, Gulberg III. Lahore | Pakistan<br>\r\nTel: +92 (042) 35759474-35876509<br>\r\nCell: +92 3218360025 | Email: pricelist@sehat.com.pk<br>\r\nWebsite: wwww.sehat.com.pk																																																						',2),(31,'pricelist@sehat.com.pk','\'\'','pricelist@sehat.com.pk','Updated Price List of Global Pharmaceuticals (Pvt) Limited ','\r\n							\r\n							\r\n							\r\n							\r\n							\r\n							\r\n							Dear ---contact_person_name---,<br><br>																																										:\r\n							\r\n							\r\n							\r\n							\r\n							\r\n							\r\n							\r\nPlease forward us a complete updated price list of all your produtcs/specialties so that we may display/sell your products to customers at correct prices.\r\n<br><br>\r\nAlso, kindly include our following email address in your circulation list for price updates.\r\n<br><br>\r\npricelist@sehat.com.pk\r\n<br><br>\r\nWe are Pakistan\'s Premier Online Pharmacy delivering medicines and health related products to customer\'s door steps all across Pakistan. We operate through the website www.sehat.com.pk and Call Center (042) 11-11-73428 (SEHAT).<br>\r\nThanking You,\r\n<br><br>\r\nRegards\r\n<br><br>\r\nSupply Chain Department<br>\r\nSehat Online Pharmacy<br>\r\n<br><br>\r\nApothecare Pvt. Ltd.<br>\r\n63-A/2, Ghalib Market, Gulberg III. Lahore | Pakistan<br>\r\nTel: +92 (042) 35759474-35876509<br>\r\nCell: +92 3218360025 | Email: pricelist@sehat.com.pk<br>\r\nWebsite: wwww.sehat.com.pk																																										',38),(32,'pricelist@sehat.com.pk','\'\'','pricelist@sehat.com.pk','Updated Price List of Helix Diagnostics','\r\n							\r\n							\r\n							\r\n							Dear ---contact_person_name---,<br><br>																								:\r\n							\r\n							\r\n							\r\n							\r\nPlease forward us a complete updated price list of all your produtcs/specialties so that we may display/sell your products to customers at correct prices.\r\n<br><br>\r\nAlso, kindly include our following email address in your circulation list for price updates.\r\n<br><br>\r\npricelist@sehat.com.pk\r\n<br><br>\r\nWe are Pakistan\'s Premier Online Pharmacy delivering medicines and health related products to customer\'s door steps all across Pakistan. We operate through the website www.sehat.com.pk and Call Center (042) 11-11-73428 (SEHAT).<br><br>\r\nThanking You,\r\n<br><br>\r\nRegards\r\n<br><br>\r\nSupply Chain Department<br>\r\nSehat Online Pharmacy<br>\r\n<br><br>\r\nApothecare Pvt. Ltd.<br>\r\n63-A/2, Ghalib Market, Gulberg III. Lahore | Pakistan<br>\r\nTel: +92 (042) 35759474-35876509<br>\r\nCell: +92 3218360025 | Email: pricelist@sehat.com.pk<br>\r\nWebsite: wwww.sehat.com.pk																								',58),(33,'pricelist@sehat.com.pk','\'\'','pricelist@sehat.com.pk','Updated Price List of High Q International ','\r\n							\r\n							\r\n							\r\n							\r\n							Dear ---contact_person_name---,<br><br>																														:\r\n							\r\n							\r\n							\r\n							\r\n							\r\nPlease forward us a complete updated price list of all your produtcs/specialties so that we may display/sell your products to customers at correct prices.\r\n<br><br>\r\nAlso, kindly include our following email address in your circulation list for price updates.\r\n<br><br>\r\npricelist@sehat.com.pk\r\n<br><br>\r\nWe are Pakistan\'s Premier Online Pharmacy delivering medicines and health related products to customer\'s door steps all across Pakistan. We operate through the website www.sehat.com.pk and Call Center (042) 11-11-73428 (SEHAT).<br><br>\r\nThanking You,\r\n<br><br>\r\nRegards\r\n<br><br>\r\nSupply Chain Department<br>\r\nSehat Online Pharmacy<br>\r\n<br><br>\r\nApothecare Pvt. Ltd.<br>\r\n63-A/2, Ghalib Market, Gulberg III. Lahore | Pakistan<br>\r\nTel: +92 (042) 35759474-35876509<br>\r\nCell: +92 3218360025 | Email: pricelist@sehat.com.pk<br>\r\nWebsite: wwww.sehat.com.pk																														',37),(34,'pricelist@sehat.com.pk','\'\'','pricelist@sehat.com.pk','Updated Price List of Hilton Pharma (Pvt) Ltd.','\r\n							\r\n							\r\n							\r\n							\r\n							\r\n							\r\n							Dear ---contact_person_name---,<br><br>																																										:\r\n							\r\n							\r\n							\r\n							\r\n							\r\n							\r\n							\r\nPlease forward us a complete updated price list of all your produtcs/specialties so that we may display/sell your products to customers at correct prices.\r\n<br><br>\r\nAlso, kindly include our following email address in your circulation list for price updates.\r\n<br><br>\r\npricelist@sehat.com.pk\r\n<br><br>\r\nWe are Pakistan\'s Premier Online Pharmacy delivering medicines and health related products to customer\'s door steps all across Pakistan. We operate through the website www.sehat.com.pk and Call Center (042) 11-11-73428 (SEHAT).<br><br>\r\nThanking You,\r\n<br><br>\r\nRegards\r\n<br><br>\r\nSupply Chain Department<br>\r\nSehat Online Pharmacy<br>\r\n<br><br>\r\nApothecare Pvt. Ltd.<br>\r\n63-A/2, Ghalib Market, Gulberg III. Lahore | Pakistan<br>\r\nTel: +92 (042) 35759474-35876509<br>\r\nCell: +92 3218360025 | Email: pricelist@sehat.com.pk<br>\r\nWebsite: wwww.sehat.com.pk																																										',18),(35,'pricelist@sehat.com.pk','\'\'','pricelist@sehat.com.pk','Updated Price List of ICI Pakistan Limited ','\r\n							\r\n							\r\n							\r\n							\r\n							\r\n							\r\n							Dear ---contact_person_name---,<br><br>																																										:\r\n							\r\n							\r\n							\r\n							\r\n							\r\n							\r\n							\r\nPlease forward us a complete updated price list of all your produtcs/specialties so that we may display/sell your products to customers at correct prices.\r\n<br><br>\r\nAlso, kindly include our following email address in your circulation list for price updates.\r\n<br><br>\r\npricelist@sehat.com.pk\r\n<br><br>\r\nWe are Pakistan\'s Premier Online Pharmacy delivering medicines and health related products to customer\'s door steps all across Pakistan. We operate through the website www.sehat.com.pk and Call Center (042) 11-11-73428 (SEHAT).<br><br>\r\nThanking You,\r\n<br><br>\r\nRegards\r\n<br><br>\r\nSupply Chain Department<br>\r\nSehat Online Pharmacy<br>\r\n<br><br>\r\nApothecare Pvt. Ltd.<br>\r\n63-A/2, Ghalib Market, Gulberg III. Lahore | Pakistan<br>\r\nTel: +92 (042) 35759474-35876509<br>\r\nCell: +92 3218360025 | Email: pricelist@sehat.com.pk<br>\r\nWebsite: wwww.sehat.com.pk																																										',27),(36,'pricelist@sehat.com.pk','\'\'','pricelist@sehat.com.pk','Updated Price List of Himont Pharma (Pvt) Ltd.','\r\n							\r\n							\r\n							\r\n							Dear ---contact_person_name---,<br><br>																								:\r\n							\r\n							\r\n							\r\n							\r\nPlease forward us a complete updated price list of all your produtcs/specialties so that we may display/sell your products to customers at correct prices.\r\n<br><br>\r\nAlso, kindly include our following email address in your circulation list for price updates.\r\n<br><br>\r\npricelist@sehat.com.pk\r\n<br><br>\r\nWe are Pakistan\'s Premier Online Pharmacy delivering medicines and health related products to customer\'s door steps all across Pakistan. We operate through the website www.sehat.com.pk and Call Center (042) 11-11-73428 (SEHAT).<br><br>\r\nThanking You,\r\n<br><br>\r\nRegards\r\n<br><br>\r\nSupply Chain Department<br>\r\nSehat Online Pharmacy<br>\r\n<br><br>\r\nApothecare Pvt. Ltd.<br>\r\n63-A/2, Ghalib Market, Gulberg III. Lahore | Pakistan<br>\r\nTel: +92 (042) 35759474-35876509<br>\r\nCell: +92 3218360025 | Email: pricelist@sehat.com.pk<br>\r\nWebsite: wwww.sehat.com.pk																								',49),(37,'pricelist@sehat.com.pk','\'\'','pricelist@sehat.com.pk','Updated Price List of Indus Pharma (Pvt) Ltd.','\r\n							\r\n							\r\n							\r\n							\r\n							Dear ---contact_person_name---,<br><br>																														:\r\n							\r\n							\r\n							\r\n							\r\n							\r\nPlease forward us a complete updated price list of all your produtcs/specialties so that we may display/sell your products to customers at correct prices.\r\n<br><br>\r\nAlso, kindly include our following email address in your circulation list for price updates.\r\n<br><br>\r\npricelist@sehat.com.pk\r\n<br><br>\r\nWe are Pakistan\'s Premier Online Pharmacy delivering medicines and health related products to customer\'s door steps all across Pakistan. We operate through the website www.sehat.com.pk and Call Center (042) 11-11-73428 (SEHAT).<br><br>\r\nThanking You,\r\n<br><br>\r\nRegards\r\n<br><br>\r\nSupply Chain Department<br>\r\nSehat Online Pharmacy<br>\r\n<br><br>\r\nApothecare Pvt. Ltd.<br>\r\n63-A/2, Ghalib Market, Gulberg III. Lahore | Pakistan<br>\r\nTel: +92 (042) 35759474-35876509<br>\r\nCell: +92 3218360025 | Email: pricelist@sehat.com.pk<br>\r\nWebsite: wwww.sehat.com.pk																														',30),(38,'pricelist@sehat.com.pk','\'\'','pricelist@sehat.com.pk','Updated Price List of Irza Pharma ( Pvt) Limited','\r\n							\r\n							\r\n							\r\n							Dear ---contact_person_name---,<br><br>																								:\r\n							\r\n							\r\n							\r\n							\r\nPlease forward us a complete updated price list of all your produtcs/specialties so that we may display/sell your products to customers at correct prices.\r\n<br><br>\r\nAlso, kindly include our following email address in your circulation list for price updates.\r\n<br><br>\r\npricelist@sehat.com.pk\r\n<br><br>\r\nWe are Pakistan\'s Premier Online Pharmacy delivering medicines and health related products to customer\'s door steps all across Pakistan. We operate through the website www.sehat.com.pk and Call Center (042) 11-11-73428 (SEHAT).<br><br>\r\nThanking You,\r\n<br><br>\r\nRegards\r\n<br><br>\r\nSupply Chain Department<br>\r\nSehat Online Pharmacy<br>\r\n<br><br>\r\nApothecare Pvt. Ltd.<br>\r\n63-A/2, Ghalib Market, Gulberg III. Lahore | Pakistan<br>\r\nTel: +92 (042) 35759474-35876509<br>\r\nCell: +92 3218360025 | Email: pricelist@sehat.com.pk<br>\r\nWebsite: wwww.sehat.com.pk																								',81),(39,'pricelist@sehat.com.pk','\'\'','pricelist@sehat.com.pk','Updated Price List of Johnson & Johnson Pakistan (Pvt.) Ltd','\r\n							\r\n							\r\n							\r\n							\r\n							\r\n							Dear ---contact_person_name---,<br><br>																																				:\r\n							\r\n							\r\n							\r\n							\r\n							\r\n							\r\nPlease forward us a complete updated price list of all your products/specialties so that we may display/sell your products to customers at correct prices.\r\n<br><br>\r\nAlso, kindly include our following email address in your circulation list for price updates.\r\n<br><br>\r\npricelist@sehat.com.pk\r\n<br><br>\r\nWe are Pakistan\'s Premier Online Pharmacy delivering medicines and health related products to customer\'s door steps all across Pakistan. We operate through the website www.sehat.com.pk and Call Center (042) 11-11-73428 (SEHAT).<br><br>\r\nThanking You,\r\n<br><br>\r\nRegards\r\n<br><br>\r\nSupply Chain Department<br>\r\nSehat Online Pharmacy<br>\r\n<br><br>\r\nApothecare Pvt. Ltd.<br>\r\n63-A/2, Ghalib Market, Gulberg III. Lahore | Pakistan<br>\r\nTel: +92 (042) 35759474-35876509<br>\r\nCell: +92 3218360025 | Email: pricelist@sehat.com.pk<br>\r\nWebsite: wwww.sehat.com.pk																																				',85),(40,'pricelist@sehat.com.pk','\'\'','pricelist@sehat.com.pk','Updated Price List of Lahore Chemical & Pharmaceutical Works (Pvt) Ltd.','\r\n							\r\n							\r\n							\r\n							Dear ---contact_person_name---,<br><br>																								:\r\n							\r\n							\r\n							\r\n							\r\nPlease forward us a complete updated price list of all your produtcs/specialties so that we may display/sell your products to customers at correct prices.\r\n<br><br>\r\nAlso, kindly include our following email address in your circulation list for price updates.\r\n<br><br>\r\npricelist@sehat.com.pk\r\n<br><br>\r\nWe are Pakistan\'s Premier Online Pharmacy delivering medicines and health related products to customer\'s door steps all across Pakistan. We operate through the website www.sehat.com.pk and Call Center (042) 11-11-73428 (SEHAT).<br>\r\nThanking You,\r\n<br><br>\r\nRegards\r\n<br><br>\r\nSupply Chain Department<br>\r\nSehat Online Pharmacy<br>\r\n<br><br>\r\nApothecare Pvt. Ltd.<br>\r\n63-A/2, Ghalib Market, Gulberg III. Lahore | Pakistan<br>\r\nTel: +92 (042) 35759474-35876509<br>\r\nCell: +92 3218360025 | Email: pricelist@sehat.com.pk<br>\r\nWebsite: wwww.sehat.com.pk																								',88),(41,'pricelist@sehat.com.pk','\'\'','pricelist@sehat.com.pk','Updated Price List of Libra','\r\n							\r\n							\r\n							\r\n							Dear ---contact_person_name---,<br><br>																								:\r\n							\r\n							\r\n							\r\n							\r\nPlease forward us a complete updated price list of all your produtcs/specialties so that we may display/sell your products to customers at correct prices.\r\n<br><br>\r\nAlso, kindly include our following email address in your circulation list for price updates.\r\n<br><br>\r\npricelist@sehat.com.pk\r\n<br><br>\r\nWe are Pakistan\'s Premier Online Pharmacy delivering medicines and health related products to customer\'s door steps all across Pakistan. We operate through the website www.sehat.com.pk and Call Center (042) 11-11-73428 (SEHAT).<br><br>\r\nThanking You,\r\n<br><br>\r\nRegards\r\n<br><br>\r\nSupply Chain Department<br>\r\nSehat Online Pharmacy<br>\r\n<br><br>\r\nApothecare Pvt. Ltd.<br>\r\n63-A/2, Ghalib Market, Gulberg III. Lahore | Pakistan<br>\r\nTel: +92 (042) 35759474-35876509<br>\r\nCell: +92 3218360025 | Email: pricelist@sehat.com.pk<br>\r\nWebsite: wwww.sehat.com.pk																								',84),(42,'pricelist@sehat.com.pk','\'\'','pricelist@sehat.com.pk','Updated Price List of Lundbeck','\r\n							\r\n							\r\n							Dear ---contact_person_name---,<br><br>																		:\r\n							\r\n							\r\n							\r\nPlease forward us a complete updated price list of all your produtcs/specialties so that we may display/sell your products to customers at correct prices.\r\n<br><br>\r\nAlso, kindly include our following email address in your circulation list for price updates.\r\n<br><br>\r\npricelist@sehat.com.pk\r\n<br><br>\r\nWe are Pakistan\'s Premier Online Pharmacy delivering medicines and health related products to customer\'s door steps all across Pakistan. We operate through the website www.sehat.com.pk and Call Center (042) 11-11-73428 (SEHAT).<br><br>\r\nThanking You,\r\n<br><br>\r\nRegards\r\n<br><br>\r\nSupply Chain Department<br>\r\nSehat Online Pharmacy<br>\r\n<br><br>\r\nApothecare Pvt. Ltd.<br>\r\n63-A/2, Ghalib Market, Gulberg III. Lahore | Pakistan<br>\r\nTel: +92 (042) 35759474-35876509<br>\r\nCell: +92 3218360025 | Email: pricelist@sehat.com.pk<br>\r\nWebsite: wwww.sehat.com.pk																		',100),(43,'pricelist@sehat.com.pk','\'\'','pricelist@sehat.com.pk','Updated Price List of Macter International Limited ','\r\n							\r\n							\r\n							\r\n							\r\n							Dear ---contact_person_name---,<br><br>																														:\r\n							\r\n							\r\n							\r\n							\r\n							\r\nPlease forward us a complete updated price list of all your produtcs/specialties so that we may display/sell your products to customers at correct prices.\r\n<br><br>\r\nAlso, kindly include our following email address in your circulation list for price updates.\r\n<br><br>\r\npricelist@sehat.com.pk\r\n<br><br>\r\nWe are Pakistan\'s Premier Online Pharmacy delivering medicines and health related products to customer\'s door steps all across Pakistan. We operate through the website www.sehat.com.pk and Call Center (042) 11-11-73428 (SEHAT).<br><br>\r\nThanking You,\r\n<br><br>\r\nRegards\r\n<br><br>\r\nSupply Chain Department<br>\r\nSehat Online Pharmacy<br>\r\n<br><br>\r\nApothecare Pvt. Ltd.<br>\r\n63-A/2, Ghalib Market, Gulberg III. Lahore | Pakistan<br>\r\nTel: +92 (042) 35759474-35876509<br>\r\nCell: +92 3218360025 | Email: pricelist@sehat.com.pk<br>\r\nWebsite: wwww.sehat.com.pk																														',47),(44,'pricelist@sehat.com.pk','\'\'','pricelist@sehat.com.pk','Updated Price List of Maple Pharmaceuticals (Pvt)Ltd.','\r\n							\r\n							\r\n							\r\n							Dear ---contact_person_name---,<br><br>																								:\r\n							\r\n							\r\n							\r\n							\r\nPlease forward us a complete updated price list of all your produtcs/specialties so that we may display/sell your products to customers at correct prices.\r\n<br><br>\r\nAlso, kindly include our following email address in your circulation list for price updates.\r\n<br><br>\r\npricelist@sehat.com.pk\r\n<br><br>\r\nWe are Pakistan\'s Premier Online Pharmacy delivering medicines and health related products to customer\'s door steps all across Pakistan. We operate through the website www.sehat.com.pk and Call Center (042) 11-11-73428 (SEHAT).<br><br>\r\nThanking You,\r\n<br><br>\r\nRegards\r\n<br><br>\r\nSupply Chain Department<br>\r\nSehat Online Pharmacy<br>\r\n<br><br>\r\nApothecare Pvt. Ltd.<br>\r\n63-A/2, Ghalib Market, Gulberg III. Lahore | Pakistan<br>\r\nTel: +92 (042) 35759474-35876509<br>\r\nCell: +92 3218360025 | Email: pricelist@sehat.com.pk<br>\r\nWebsite: wwww.sehat.com.pk																								',91),(45,'pricelist@sehat.com.pk','\'\'','pricelist@sehat.com.pk','Updated Price List of Martin Dow','\r\n							\r\n							\r\n							\r\n							\r\n							Dear ---contact_person_name---,<br><br>																														:\r\n							\r\n							\r\n							\r\n							\r\n							\r\nPlease forward us a complete updated price list of all your produtcs/specialties so that we may display/sell your products to customers at correct prices.\r\n<br><br>\r\nAlso, kindly include our following email address in your circulation list for price updates.\r\n<br><br>\r\npricelist@sehat.com.pk\r\n<br><br>\r\nWe are Pakistan\'s Premier Online Pharmacy delivering medicines and health related products to customer\'s door steps all across Pakistan. We operate through the website www.sehat.com.pk and Call Center (042) 11-11-73428 (SEHAT).<br><br>\r\nThanking You,\r\n<br><br>\r\nRegards\r\n<br><br>\r\nSupply Chain Department<br>\r\nSehat Online Pharmacy<br>\r\n<br><br>\r\nApothecare Pvt. Ltd.<br>\r\n63-A/2, Ghalib Market, Gulberg III. Lahore | Pakistan<br>\r\nTel: +92 (042) 35759474-35876509<br>\r\nCell: +92 3218360025 | Email: pricelist@sehat.com.pk<br>\r\nWebsite: wwww.sehat.com.pk																														',28),(46,'pricelist@sehat.com.pk','\'\'','pricelist@sehat.com.pk','Updated Price List of Mass Pharma','\r\n							\r\n							\r\n							\r\n							Dear ---contact_person_name---,<br><br>																								:\r\n							\r\n							\r\n							\r\n							\r\nPlease forward us a complete updated price list of all your produtcs/specialties so that we may display/sell your products to customers at correct prices.\r\n<br><br>\r\nAlso, kindly include our following email address in your circulation list for price updates.\r\n<br><br>\r\npricelist@sehat.com.pk\r\n<br><br>\r\nWe are Pakistan\'s Premier Online Pharmacy delivering medicines and health related products to customer\'s door steps all across Pakistan. We operate through the website www.sehat.com.pk and Call Center (042) 11-11-73428 (SEHAT).<br><br>\r\nThanking You,\r\n<br><br>\r\nRegards\r\n<br><br>\r\nSupply Chain Department<br>\r\nSehat Online Pharmacy<br>\r\n<br><br>\r\nApothecare Pvt. Ltd.<br>\r\n63-A/2, Ghalib Market, Gulberg III. Lahore | Pakistan<br>\r\nTel: +92 (042) 35759474-35876509<br>\r\nCell: +92 3218360025 | Email: pricelist@sehat.com.pk<br>\r\nWebsite: wwww.sehat.com.pk																								',55),(47,'pricelist@sehat.com.pk','\'\'','pricelist@sehat.com.pk','Updated Price List of Medicaids','\r\n							\r\n							\r\n							\r\n							Dear ---contact_person_name---,<br><br>																								:\r\n							\r\n							\r\n							\r\n							\r\nPlease forward us a complete updated price list of all your produtcs/specialties so that we may display/sell your products to customers at correct prices.\r\n<br><br>\r\nAlso, kindly include our following email address in your circulation list for price updates.\r\n<br><br>\r\npricelist@sehat.com.pk\r\n<br><br>\r\nWe are Pakistan\'s Premier Online Pharmacy delivering medicines and health related products to customer\'s door steps all across Pakistan. We operate through the website www.sehat.com.pk and Call Center (042) 11-11-73428 (SEHAT).<br><br>\r\nThanking You,\r\n<br><br>\r\nRegards\r\n<br><br>\r\nSupply Chain Department<br>\r\nSehat Online Pharmacy<br>\r\n<br><br>\r\nApothecare Pvt. Ltd.<br>\r\n63-A/2, Ghalib Market, Gulberg III. Lahore | Pakistan<br>\r\nTel: +92 (042) 35759474-35876509<br>\r\nCell: +92 3218360025 | Email: pricelist@sehat.com.pk<br>\r\nWebsite: wwww.sehat.com.pk																								',94),(48,'pricelist@sehat.com.pk','\'\'','pricelist@sehat.com.pk','Updated Price List of Medipak Limited','\r\n							\r\n							\r\n							\r\n							\r\n							\r\n							Dear ---contact_person_name---,<br><br>																																				:\r\n							\r\n							\r\n							\r\n							\r\n							\r\n							\r\nPlease forward us a complete updated price list of all your produtcs/specialties so that we may display/sell your products to customers at correct prices.\r\n<br><br>\r\nAlso, kindly include our following email address in your circulation list for price updates.\r\n<br><br>\r\npricelist@sehat.com.pk\r\n<br><br>\r\nWe are Pakistan\'s Premier Online Pharmacy delivering medicines and health related products to customer\'s door steps all across Pakistan. We operate through the website www.sehat.com.pk and Call Center 0811-11SEHAT (73428).\r\n<br><br>\r\nThanking You,\r\n<br><br>\r\nRegards\r\n<br><br>\r\nSupply Chain Department<br>\r\nSehat Online Pharmacy<br>\r\n<br><br>\r\nApothecare Pvt. Ltd.<br>\r\n63-A/2, Ghalib Market, Gulberg III. Lahore | Pakistan<br>\r\nTel: +92 (042) 35759474-35876509<br>\r\nCell: +92 3218360025 | Email: pricelist@sehat.com.pk<br>\r\nWebsite: wwww.sehat.com.pk																																				',62),(49,'pricelist@sehat.com.pk','\'\'','pricelist@sehat.com.pk','Updated Price List of Medisure Laboratories Pakistan (Pvt) Ltd','\r\n							\r\n							\r\n							\r\n							Dear ---contact_person_name---,<br><br>																								:\r\n							\r\n							\r\n							\r\n							\r\nPlease forward us a complete updated price list of all your produtcs/specialties so that we may display/sell your products to customers at correct prices.\r\n<br><br>\r\nAlso, kindly include our following email address in your circulation list for price updates.\r\n<br><br>\r\npricelist@sehat.com.pk\r\n<br><br>\r\nWe are Pakistan\'s Premier Online Pharmacy delivering medicines and health related products to customer\'s door steps all across Pakistan. We operate through the website www.sehat.com.pk and Call Center 0811-11SEHAT (73428).\r\n<br>\r\nThanking You,\r\n<br><br>\r\nRegards\r\n<br><br>\r\nSupply Chain Department<br>\r\nSehat Online Pharmacy<br>\r\n<br><br>\r\nApothecare Pvt. Ltd.<br>\r\n63-A/2, Ghalib Market, Gulberg III. Lahore | Pakistan<br>\r\nTel: +92 (042) 35759474-35876509<br>\r\nCell: +92 3218360025 | Email: pricelist@sehat.com.pk<br>\r\nWebsite: wwww.sehat.com.pk																								',93),(50,'pricelist@sehat.com.pk','\'\'','pricelist@sehat.com.pk','Updated Price List of Mendoza','\r\n							\r\n							\r\n							\r\n							Dear ---contact_person_name---,<br><br>																								:\r\n							\r\n							\r\n							\r\n							\r\nPlease forward us a complete updated price list of all your produtcs/specialties so that we may display/sell your products to customers at correct prices.\r\n<br><br>\r\nAlso, kindly include our following email address in your circulation list for price updates.\r\n<br><br>\r\npricelist@sehat.com.pk\r\n<br><br>\r\nWe are Pakistan\'s Premier Online Pharmacy delivering medicines and health related products to customer\'s door steps all across Pakistan. We operate through the website www.sehat.com.pk and Call Center (042) 11-11-73428 (SEHAT).\r\n<br><br>\r\nThanking You,\r\n<br><br>\r\nRegards\r\n<br><br>\r\nSupply Chain Department<br>\r\nSehat Online Pharmacy<br>\r\n<br><br>\r\nApothecare Pvt. Ltd.<br>\r\n63-A/2, Ghalib Market, Gulberg III. Lahore | Pakistan<br>\r\nTel: +92 (042) 35759474-35876509<br>\r\nCell: +92 3218360025 | Email: pricelist@sehat.com.pk<br>\r\nWebsite: wwww.sehat.com.pk																								',60),(51,'pricelist@sehat.com.pk','\'\'','pricelist@sehat.com.pk','Updated Price List of Merck Private Limited','\r\n							\r\n							\r\n							\r\n							\r\n							\r\n							\r\n							\r\n							Dear ---contact_person_name---,<br><br>																																																:\r\n							\r\n							\r\n							\r\n							\r\n							\r\n							\r\n							\r\n							\r\nPlease forward us a complete updated price list of all your produtcs/specialties so that we may display/sell your products to customers at correct prices.\r\n<br><br>\r\nAlso, kindly include our following email address in your circulation list for price updates.\r\n<br><br>\r\npricelist@sehat.com.pk\r\n<br><br>\r\nWe are Pakistan\'s Premier Online Pharmacy delivering medicines and health related products to customer\'s door steps all across Pakistan. We operate through the website www.sehat.com.pk and Call Center (042) 11-11-73428 (SEHAT).\r\n<br><br>\r\nThanking You,\r\n<br><br>\r\nRegards\r\n<br><br>\r\nSupply Chain Department<br>\r\nSehat Online Pharmacy<br>\r\n<br><br>\r\nApothecare Pvt. Ltd.<br>\r\n63-A/2, Ghalib Market, Gulberg III. Lahore | Pakistan<br>\r\nTel: +92 (042) 35759474-35876509<br>\r\nCell: +92 3218360025 | Email: pricelist@sehat.com.pk<br>\r\nWebsite: wwww.sehat.com.pk																																																',17),(52,'pricelist@sehat.com.pk','\'\'','pricelist@sehat.com.pk','Updated Price List of NabiQasim Industries (Pvt) Limited ','\r\n							\r\n							\r\n							\r\n							\r\n							Dear ---contact_person_name---,<br><br>																														:\r\n							\r\n							\r\n							\r\n							\r\n							\r\nPlease forward us a complete updated price list of all your produtcs/specialties so that we may display/sell your products to customers at correct prices.\r\n<br><br>\r\nAlso, kindly include our following email address in your circulation list for price updates.\r\n<br><br>\r\npricelist@sehat.com.pk\r\n<br><br>\r\nWe are Pakistan\'s Premier Online Pharmacy delivering medicines and health related products to customer\'s door steps all across Pakistan. We operate through the website www.sehat.com.pk and Call Center (042) 11-11-73428 (SEHAT).\r\n<br><br>\r\nThanking You,\r\n<br><br>\r\nRegards\r\n<br><br>\r\nSupply Chain Department<br>\r\nSehat Online Pharmacy<br>\r\n<br><br>\r\nApothecare Pvt. Ltd.<br>\r\n63-A/2, Ghalib Market, Gulberg III. Lahore | Pakistan<br>\r\nTel: +92 (042) 35759474-35876509<br>\r\nCell: +92 3218360025 | Email: pricelist@sehat.com.pk<br>\r\nWebsite: wwww.sehat.com.pk																														',35),(53,'pricelist@sehat.com.pk','\'\'','pricelist@sehat.com.pk','Updated Price List of Neutro Pharma (pvt) Ltd.','\r\n							\r\n							\r\n							\r\n							Dear ---contact_person_name---,<br><br>																								:\r\n							\r\n							\r\n							\r\n							\r\nPlease forward us a complete updated price list of all your produtcs/specialties so that we may display/sell your products to customers at correct prices.\r\n<br><br>\r\nAlso, kindly include our following email address in your circulation list for price updates.\r\n<br><br>\r\npricelist@sehat.com.pk\r\n<br><br>\r\nWe are Pakistan\'s Premier Online Pharmacy delivering medicines and health related products to customer\'s door steps all across Pakistan. We operate through the website www.sehat.com.pk and Call Center (042) 11-11-73428 (SEHAT).\r\n<br><br>\r\nThanking You,\r\n<br><br>\r\nRegards\r\n<br><br>\r\nSupply Chain Department<br>\r\nSehat Online Pharmacy<br>\r\n<br><br>\r\nApothecare Pvt. Ltd.<br>\r\n63-A/2, Ghalib Market, Gulberg III. Lahore | Pakistan<br>\r\nTel: +92 (042) 35759474-35876509<br>\r\nCell: +92 3218360025 | Email: pricelist@sehat.com.pk<br>\r\nWebsite: wwww.sehat.com.pk																								',96),(54,'pricelist@sehat.com.pk','\'\'','pricelist@sehat.com.pk','Updated Price List of Novartis Pharma (Pakistan) Ltd.','\r\n							\r\n							\r\n							\r\n							\r\n							\r\n							\r\n							\r\n							\r\n							Dear ---contact_person_name---,<br><br>																																																						:\r\n							\r\n							\r\n							\r\n							\r\n							\r\n							\r\n							\r\n							\r\n							\r\nPlease forward us a complete updated price list of all your produtcs/specialties so that we may display/sell your products to customers at correct prices.\r\n<br><br>\r\nAlso, kindly include our following email address in your circulation list for price updates.\r\n<br><br>\r\npricelist@sehat.com.pk\r\n<br><br>\r\nWe are Pakistan\'s Premier Online Pharmacy delivering medicines and health related products to customer\'s door steps all across Pakistan. We operate through the website www.sehat.com.pk and Call Center (042) 11-11-73428 (SEHAT).<br><br>\r\nThanking You,\r\n<br><br>\r\nRegards\r\n<br><br>\r\nSupply Chain Department<br>\r\nSehat Online Pharmacy<br>\r\n<br><br>\r\nApothecare Pvt. Ltd.<br>\r\n63-A/2, Ghalib Market, Gulberg III. Lahore | Pakistan<br>\r\nTel: +92 (042) 35759474-35876509<br>\r\nCell: +92 3218360025 | Email: pricelist@sehat.com.pk<br>\r\nWebsite: wwww.sehat.com.pk																																																						',6),(55,'pricelist@sehat.com.pk','\'\'','pricelist@sehat.com.pk','Updated Price List of Opal Laboratories','\r\n							\r\n							\r\n							\r\n							Dear ---contact_person_name---,<br><br>																								:\r\n							\r\n							\r\n							\r\n							\r\nPlease forward us a complete updated price list of all your produtcs/specialties so that we may display/sell your products to customers at correct prices.\r\n<br><br>\r\nAlso, kindly include our following email address in your circulation list for price updates.\r\n<br><br>\r\npricelist@sehat.com.pk\r\n<br><br>\r\nWe are Pakistan\'s Premier Online Pharmacy delivering medicines and health related products to customer\'s door steps all across Pakistan. We operate through the website www.sehat.com.pk and Call Center (042) 11-11-73428 (SEHAT).<br><br>\r\nThanking You,\r\n<br><br>\r\nRegards\r\n<br><br>\r\nSupply Chain Department<br>\r\nSehat Online Pharmacy<br>\r\n<br><br>\r\nApothecare Pvt. Ltd.<br>\r\n63-A/2, Ghalib Market, Gulberg III. Lahore | Pakistan<br>\r\nTel: +92 (042) 35759474-35876509<br>\r\nCell: +92 3218360025 | Email: pricelist@sehat.com.pk<br>\r\nWebsite: wwww.sehat.com.pk																								',98),(56,'pricelist@sehat.com.pk','\'\'','pricelist@sehat.com.pk','Updated Price List of Pacific Pharmaceuticals Limited','\r\n							\r\n							\r\n							\r\n							Dear ---contact_person_name---,<br><br>																								:\r\n							\r\n							\r\n							\r\n							\r\nPlease forward us a complete updated price list of all your produtcs/specialties so that we may display/sell your products to customers at correct prices.\r\n<br><br>\r\nAlso, kindly include our following email address in your circulation list for price updates.\r\n<br><br>\r\npricelist@sehat.com.pk\r\n<br><br>\r\nWe are Pakistan\'s Premier Online Pharmacy delivering medicines and health related products to customer\'s door steps all across Pakistan. We operate through the website www.sehat.com.pk and Call Center (042) 11-11-73428 (SEHAT).<br><br>\r\nThanking You,\r\n<br><br>\r\nRegards\r\n<br><br>\r\nSupply Chain Department<br>\r\nSehat Online Pharmacy<br>\r\n<br><br>\r\nApothecare Pvt. Ltd.<br>\r\n63-A/2, Ghalib Market, Gulberg III. Lahore | Pakistan<br>\r\nTel: +92 (042) 35759474-35876509<br>\r\nCell: +92 3218360025 | Email: pricelist@sehat.com.pk<br>\r\nWebsite: wwww.sehat.com.pk																								',63),(57,'pricelist@sehat.com.pk','\'\'','pricelist@sehat.com.pk','Updated Price List of PDH','\r\n							\r\n							\r\n							\r\n							Dear ---contact_person_name---,<br><br>																								:\r\n							\r\n							\r\n							\r\n							\r\nPlease forward us a complete updated price list of all your produtcs/specialties so that we may display/sell your products to customers at correct prices.\r\n<br><br>\r\nAlso, kindly include our following email address in your circulation list for price updates.\r\n<br><br>\r\npricelist@sehat.com.pk\r\n<br><br>\r\nWe are Pakistan\'s Premier Online Pharmacy delivering medicines and health related products to customer\'s door steps all across Pakistan. We operate through the website www.sehat.com.pk and Call Center (042) 11-11-73428 (SEHAT).<br><br>\r\nThanking You,\r\n<br><br>\r\nRegards\r\n<br><br>\r\nSupply Chain Department<br>\r\nSehat Online Pharmacy<br>\r\n<br><br>\r\nApothecare Pvt. Ltd.<br>\r\n63-A/2, Ghalib Market, Gulberg III. Lahore | Pakistan<br>\r\nTel: +92 (042) 35759474-35876509<br>\r\nCell: +92 3218360025 | Email: pricelist@sehat.com.pk<br>\r\nWebsite: wwww.sehat.com.pk																								',75),(58,'pricelist@sehat.com.pk','\'\'','pricelist@sehat.com.pk','Updated Price List of Pfizer / Wyeth','\r\n							\r\n							\r\n							\r\n							\r\n							\r\n							\r\n							\r\n							\r\n							Dear ---contact_person_name---,<br><br>																																																						:\r\n							\r\n							\r\n							\r\n							\r\n							\r\n							\r\n							\r\n							\r\n							\r\nPlease forward us a complete updated price list of all your produtcs/specialties so that we may display/sell your products to customers at correct prices.\r\n<br><br>\r\nAlso, kindly include our following email address in your circulation list for price updates.\r\n<br><br>\r\npricelist@sehat.com.pk\r\n<br><br>\r\nWe are Pakistan\'s Premier Online Pharmacy delivering medicines and health related products to customer\'s door steps all across Pakistan. We operate through the website www.sehat.com.pk and Call Center (042) 11-11-73428 (SEHAT).<br><br>\r\nThanking You,\r\n<br><br>\r\nRegards\r\n<br><br>\r\nSupply Chain Department<br>\r\nSehat Online Pharmacy<br>\r\n<br><br>\r\nApothecare Pvt. Ltd.<br>\r\n63-A/2, Ghalib Market, Gulberg III. Lahore | Pakistan<br>\r\nTel: +92 (042) 35759474-35876509<br>\r\nCell: +92 3218360025 | Email: pricelist@sehat.com.pk<br>\r\nWebsite: wwww.sehat.com.pk																																																						',5),(59,'pricelist@sehat.com.pk','\'\'','pricelist@sehat.com.pk','Updated Price List of PHARMA HEALTH','\r\n							\r\n							\r\n							\r\n							Dear ---contact_person_name---,<br><br>																								:\r\n							\r\n							\r\n							\r\n							\r\nPlease forward us a complete updated price list of all your produtcs/specialties so that we may display/sell your products to customers at correct prices.\r\n<br><br>\r\nAlso, kindly include our following email address in your circulation list for price updates.\r\n<br><br>\r\npricelist@sehat.com.pk\r\n<br><br>\r\nWe are Pakistan\'s Premier Online Pharmacy delivering medicines and health related products to customer\'s door steps all across Pakistan. We operate through the website www.sehat.com.pk and Call Center (042) 11-11-73428 (SEHAT).\r\n<br><br>\r\nThanking You,\r\n<br><br>\r\nRegards\r\n<br><br>\r\nSupply Chain Department<br>\r\nSehat Online Pharmacy<br>\r\n<br><br>\r\nApothecare Pvt. Ltd.<br>\r\n63-A/2, Ghalib Market, Gulberg III. Lahore | Pakistan<br>\r\nTel: +92 (042) 35759474-35876509<br>\r\nCell: +92 3218360025 | Email: pricelist@sehat.com.pk<br>\r\nWebsite: wwww.sehat.com.pk																								',97),(60,'pricelist@sehat.com.pk','\'\'','pricelist@sehat.com.pk','Updated Price List of Otsuka Pakistan Limited','\r\n							\r\n							\r\n							Dear ---contact_person_name---,<br><br>																		:\r\n							\r\n							\r\n							\r\nPlease forward us a complete updated price list of all your produtcs/specialties so that we may display/sell your products to customers at correct prices.\r\n<br><br>\r\nAlso, kindly include our following email address in your circulation list for price updates.\r\n<br><br>\r\npricelist@sehat.com.pk\r\n<br><br>\r\nWe are Pakistan\'s Premier Online Pharmacy delivering medicines and health related products to customer\'s door steps all across Pakistan. We operate through the website www.sehat.com.pk and Call Center (042) 11-11-73428 (SEHAT).\r\n<br><br>\r\nThanking You,\r\n<br><br>\r\nRegards\r\n<br><br>\r\nSupply Chain Department<br>\r\nSehat Online Pharmacy<br>\r\n<br><br>\r\nApothecare Pvt. Ltd.<br>\r\n63-A/2, Ghalib Market, Gulberg III. Lahore | Pakistan<br>\r\nTel: +92 (042) 35759474-35876509<br>\r\nCell: +92 3218360025 | Email: pricelist@sehat.com.pk<br>\r\nWebsite: wwww.sehat.com.pk																		',56),(61,'pricelist@sehat.com.pk','\'\'','pricelist@sehat.com.pk','Updated Price List of Pharmatec Pakistan (Pvt) Limited','\r\n							\r\n							\r\n							\r\n							Dear ---contact_person_name---,<br><br>																								:\r\n							\r\n							\r\n							\r\n							\r\nPlease forward us a complete updated price list of all your produtcs/specialties so that we may display/sell your products to customers at correct prices.\r\n<br><br>\r\nAlso, kindly include our following email address in your circulation list for price updates.\r\n<br><br>\r\npricelist@sehat.com.pk\r\n<br><br>\r\nWe are Pakistan\'s Premier Online Pharmacy delivering medicines and health related products to customer\'s door steps all across Pakistan. We operate through the website www.sehat.com.pk and Call Center (042) 11-11-73428 (SEHAT).\r\n<br><br>\r\nThanking You,\r\n<br><br>\r\nRegards\r\n<br><br>\r\nSupply Chain Department<br>\r\nSehat Online Pharmacy<br>\r\n<br><br>\r\nApothecare Pvt. Ltd.<br>\r\n63-A/2, Ghalib Market, Gulberg III. Lahore | Pakistan<br>\r\nTel: +92 (042) 35759474-35876509<br>\r\nCell: +92 3218360025 | Email: pricelist@sehat.com.pk<br>\r\nWebsite: wwww.sehat.com.pk																								',67),(62,'pricelist@sehat.com.pk','\'\'','pricelist@sehat.com.pk','Updated Price List of PharmEvo (Pvt) Limited ','\r\n							\r\n							\r\n							\r\n							Dear ---contact_person_name---,<br><br>																								:\r\n							\r\n							\r\n							\r\n							\r\nPlease forward us a complete updated price list of all your produtcs/specialties so that we may display/sell your products to customers at correct prices.\r\n<br><br>\r\nAlso, kindly include our following email address in your circulation list for price updates.\r\n<br><br>\r\npricelist@sehat.com.pk\r\n<br><br>\r\nWe are Pakistan\'s Premier Online Pharmacy delivering medicines and health related products to customer\'s door steps all across Pakistan. We operate through the website www.sehat.com.pk and Call Center (042) 11-11-73428 (SEHAT).<br><br>\r\nThanking You,\r\n<br><br>\r\nRegards\r\n<br><br>\r\nSupply Chain Department<br>\r\nSehat Online Pharmacy<br>\r\n<br><br>\r\nApothecare Pvt. Ltd.<br>\r\n63-A/2, Ghalib Market, Gulberg III. Lahore | Pakistan<br>\r\nTel: +92 (042) 35759474-35876509<br>\r\nCell: +92 3218360025 | Email: pricelist@sehat.com.pk<br>\r\nWebsite: wwww.sehat.com.pk																								',44),(63,'pricelist@sehat.com.pk','\'\'','pricelist@sehat.com.pk','Updated Price List of Platinum Pharmaceuticals (Pvt) Limited ','\r\n							\r\n							\r\n							\r\n							\r\n							Dear ---contact_person_name---,<br><br>																														:\r\n							\r\n							\r\n							\r\n							\r\n							\r\nPlease forward us a complete updated price list of all your produtcs/specialties so that we may display/sell your products to customers at correct prices.\r\n<br><br>\r\nAlso, kindly include our following email address in your circulation list for price updates.\r\n<br><br>\r\npricelist@sehat.com.pk\r\n<br><br>\r\nWe are Pakistan\'s Premier Online Pharmacy delivering medicines and health related products to customer\'s door steps all across Pakistan. We operate through the website www.sehat.com.pk and Call Center (042) 11-11-73428 (SEHAT).\r\n<br><br>\r\nThanking You,\r\n<br><br>\r\nRegards\r\n<br><br>\r\nSupply Chain Department<br>\r\nSehat Online Pharmacy<br>\r\n<br><br>\r\nApothecare Pvt. Ltd.<br>\r\n63-A/2, Ghalib Market, Gulberg III. Lahore | Pakistan<br>\r\nTel: +92 (042) 35759474-35876509<br>\r\nCell: +92 3218360025 | Email: pricelist@sehat.com.pk<br>\r\nWebsite: wwww.sehat.com.pk																														',39),(64,'pricelist@sehat.com.pk','\'\'','pricelist@sehat.com.pk','Updated Price List of Pulse Pharmaceuticals ','\r\n							\r\n							\r\n							\r\n							Dear ---contact_person_name---,<br><br>																								:\r\n							\r\n							\r\n							\r\n							\r\nPlease forward us a complete updated price list of all your produtcs/specialties so that we may display/sell your products to customers at correct prices.\r\n<br><br>\r\nAlso, kindly include our following email address in your circulation list for price updates.\r\n<br><br>\r\npricelist@sehat.com.pk\r\n<br><br>\r\nWe are Pakistan\'s Premier Online Pharmacy delivering medicines and health related products to customer\'s door steps all across Pakistan. We operate through the website www.sehat.com.pk and Call Center (042) 11-11-73428 (SEHAT).<br><br>\r\nThanking You,\r\n<br><br>\r\nRegards\r\n<br><br>\r\nSupply Chain Department<br>\r\nSehat Online Pharmacy<br>\r\n<br><br>\r\nApothecare Pvt. Ltd.<br>\r\n63-A/2, Ghalib Market, Gulberg III. Lahore | Pakistan<br>\r\nTel: +92 (042) 35759474-35876509<br>\r\nCell: +92 3218360025 | Email: pricelist@sehat.com.pk<br>\r\nWebsite: wwww.sehat.com.pk																								',89),(65,'pricelist@sehat.com.pk','\'\'','pricelist@sehat.com.pk','Updated Price List of Reckitt Benckiser Pakistan Limited','\r\n							\r\n							\r\n							\r\n							\r\n							Dear ---contact_person_name---,<br><br>																														:\r\n							\r\n							\r\n							\r\n							\r\n							\r\nPlease forward us a complete updated price list of all your produtcs/specialties so that we may display/sell your products to customers at correct prices.\r\n<br><br>\r\nAlso, kindly include our following email address in your circulation list for price updates.\r\n<br><br>\r\npricelist@sehat.com.pk\r\n<br><br>\r\nWe are Pakistan\'s Premier Online Pharmacy delivering medicines and health related products to customer\'s door steps all across Pakistan. We operate through the website www.sehat.com.pk and Call Center (042) 11-11-73428 (SEHAT).\r\n<br><br>\r\nThanking You,\r\n<br><br>\r\nRegards\r\n<br><br>\r\nSupply Chain Department<br>\r\nSehat Online Pharmacy<br>\r\n<br><br>\r\nApothecare Pvt. Ltd.<br>\r\n63-A/2, Ghalib Market, Gulberg III. Lahore | Pakistan<br>\r\nTel: +92 (042) 35759474-35876509<br>\r\nCell: +92 3218360025 | Email: pricelist@sehat.com.pk<br>\r\nWebsite: wwww.sehat.com.pk																														',50),(66,'pricelist@sehat.com.pk','\'\'','pricelist@sehat.com.pk','Updated Price List of Remington Pharmaceutical (Pvt) Ltd','\r\n							\r\n							Dear ---contact_person_name---,<br><br>												:\r\n							\r\n							\r\nPlease forward us a complete updated price list of all your produtcs/specialties so that we may display/sell your products to customers at correct prices.\r\n<br><br>\r\nAlso, kindly include our following email address in your circulation list for price updates.\r\n<br><br>\r\npricelist@sehat.com.pk\r\n<br><br>\r\nWe are Pakistan\'s Premier Online Pharmacy delivering medicines and health related products to customer\'s door steps all across Pakistan. We operate through the website www.sehat.com.pk and Call Center (042) 11-11-73428 (SEHAT).\r\n<br><br>\r\nThanking You,\r\n<br><br>\r\nRegards\r\n<br><br>\r\nSupply Chain Department<br>\r\nSehat Online Pharmacy<br>\r\n<br><br>\r\nApothecare Pvt. Ltd.<br>\r\n63-A/2, Ghalib Market, Gulberg III. Lahore | Pakistan<br>\r\nTel: +92 (042) 35759474-35876509<br>\r\nCell: +92 3218360025 | Email: pricelist@sehat.com.pk<br>\r\nWebsite: wwww.sehat.com.pk												',61),(67,'pricelist@sehat.com.pk','\'\'','pricelist@sehat.com.pk','Updated Price List of RG Pharmaceutica (Pvt.) Ltd','\r\n							\r\n							\r\n							\r\n							Dear ---contact_person_name---,<br><br>																								:\r\n							\r\n							\r\n							\r\n							\r\nPlease forward us a complete updated price list of all your produtcs/specialties so that we may display/sell your products to customers at correct prices.\r\n<br><br>\r\nAlso, kindly include our following email address in your circulation list for price updates.\r\n<br><br>\r\npricelist@sehat.com.pk\r\n<br><br>\r\nWe are Pakistan\'s Premier Online Pharmacy delivering medicines and health related products to customer\'s door steps all across Pakistan. We operate through the website www.sehat.com.pk and Call Center (042) 11-11-73428 (SEHAT).<br>\r\nThanking You,\r\n<br><br>\r\nRegards\r\n<br><br>\r\nSupply Chain Department<br>\r\nSehat Online Pharmacy<br>\r\n<br><br>\r\nApothecare Pvt. Ltd.<br>\r\n63-A/2, Ghalib Market, Gulberg III. Lahore | Pakistan<br>\r\nTel: +92 (042) 35759474-35876509<br>\r\nCell: +92 3218360025 | Email: pricelist@sehat.com.pk<br>\r\nWebsite: wwww.sehat.com.pk																								',57),(68,'pricelist@sehat.com.pk','\'\'','pricelist@sehat.com.pk','Updated Price List of Roche Pakistan Limited (Accu Check)','\r\n							\r\n							\r\n							\r\n							\r\n							Dear ---contact_person_name---,<br><br>																														:\r\n							\r\n							\r\n							\r\n							\r\n							\r\nPlease forward us a complete updated price list of all your produtcs/specialties so that we may display/sell your products to customers at correct prices.\r\n<br><br>\r\nAlso, kindly include our following email address in your circulation list for price updates.\r\n<br><br>\r\npricelist@sehat.com.pk\r\n<br><br>\r\nWe are Pakistan\'s Premier Online Pharmacy delivering medicines and health related products to customer\'s door steps all across Pakistan. We operate through the website www.sehat.com.pk and Call Center (042) 11-11-73428 (SEHAT).<br><br>\r\nThanking You,\r\n<br><br>\r\nRegards\r\n<br><br>\r\nSupply Chain Department<br>\r\nSehat Online Pharmacy<br>\r\n<br><br>\r\nApothecare Pvt. Ltd.<br>\r\n63-A/2, Ghalib Market, Gulberg III. Lahore | Pakistan<br>\r\nTel: +92 (042) 35759474-35876509<br>\r\nCell: +92 3218360025 | Email: pricelist@sehat.com.pk<br>\r\nWebsite: wwww.sehat.com.pk																														',19),(69,'pricelist@sehat.com.pk','\'\'','pricelist@sehat.com.pk','Updated Price List of Roche Pakistan Limited (Pharma)','\r\n							\r\n							\r\n							\r\n							\r\n							\r\n							Dear ---contact_person_name---,<br><br>																																				:\r\n							\r\n							\r\n							\r\n							\r\n							\r\n							\r\nPlease forward us a complete updated price list of all your produtcs/specialties so that we may display/sell your products to customers at correct prices.\r\n<br><br>\r\nAlso, kindly include our following email address in your circulation list for price updates.\r\n<br><br>\r\npricelist@sehat.com.pk\r\n<br><br>\r\nWe are Pakistan\'s Premier Online Pharmacy delivering medicines and health related products to customer\'s door steps all across Pakistan. We operate through the website www.sehat.com.pk and Call Center (042) 11-11-73428 (SEHAT).<br><br>\r\nThanking You,\r\n<br><br>\r\nRegards\r\n<br><br>\r\nSupply Chain Department<br>\r\nSehat Online Pharmacy<br>\r\n<br><br>\r\nApothecare Pvt. Ltd.<br>\r\n63-A/2, Ghalib Market, Gulberg III. Lahore | Pakistan<br>\r\nTel: +92 (042) 35759474-35876509<br>\r\nCell: +92 3218360025 | Email: pricelist@sehat.com.pk<br>\r\nWebsite: wwww.sehat.com.pk																																				',11),(70,'pricelist@sehat.com.pk','\'\'','pricelist@sehat.com.pk','Updated Price List of Saffron Pharmaceuticals (Pvt) Limited ','\r\n							\r\n							Dear ---contact_person_name---,<br><br>												:\r\n							\r\n							\r\nPlease forward us a complete updated price list of all your produtcs/specialties so that we may display/sell your products to customers at correct prices.\r\n<br><br>\r\nAlso, kindly include our following email address in your circulation list for price updates.\r\n<br><br>\r\npricelist@sehat.com.pk\r\n<br><br>\r\nWe are Pakistan\'s Premier Online Pharmacy delivering medicines and health related products to customer\'s door steps all across Pakistan. We operate through the website www.sehat.com.pk and Call Center (042) 11-11-73428 (SEHAT).<br><br>\r\nThanking You,\r\n<br><br>\r\nRegards\r\n<br><br>\r\nSupply Chain Department<br>\r\nSehat Online Pharmacy<br>\r\n<br><br>\r\nApothecare Pvt. Ltd.<br>\r\n63-A/2, Ghalib Market, Gulberg III. Lahore | Pakistan<br>\r\nTel: +92 (042) 35759474-35876509<br>\r\nCell: +92 3218360025 | Email: pricelist@sehat.com.pk<br>\r\nWebsite: wwww.sehat.com.pk												',66),(71,'pricelist@sehat.com.pk','\'\'','pricelist@sehat.com.pk','Updated Price List of Sami Pharmaceuticals (Pvt) Ltd','\r\n							\r\n							\r\n							\r\n							Dear ---contact_person_name---,<br><br>																								:\r\n							\r\n							\r\n							\r\n							\r\nPlease forward us a complete updated price list of all your produtcs/specialties so that we may display/sell your products to customers at correct prices.\r\n<br><br>\r\nAlso, kindly include our following email address in your circulation list for price updates.\r\n<br><br>\r\npricelist@sehat.com.pk\r\n<br><br>\r\nWe are Pakistan\'s Premier Online Pharmacy delivering medicines and health related products to customer\'s door steps all across Pakistan. We operate through the website www.sehat.com.pk and Call Center (042) 11-11-73428 (SEHAT).<br><br>\r\nThanking You,\r\n<br><br>\r\nRegards\r\n<br><br>\r\nSupply Chain Department<br>\r\nSehat Online Pharmacy<br>\r\n<br><br>\r\nApothecare Pvt. Ltd.<br>\r\n63-A/2, Ghalib Market, Gulberg III. Lahore | Pakistan<br>\r\nTel: +92 (042) 35759474-35876509<br>\r\nCell: +92 3218360025 | Email: pricelist@sehat.com.pk<br>\r\nWebsite: wwww.sehat.com.pk																								',15),(72,'pricelist@sehat.com.pk','\'\'','pricelist@sehat.com.pk','Updated Price List of Sanofi Aventis Pakistan Limited ','\r\n							\r\n							\r\n							\r\n							\r\n							\r\n							Dear ---contact_person_name---,<br><br>																																				:\r\n							\r\n							\r\n							\r\n							\r\n							\r\n							\r\nPlease forward us a complete updated price list of all your produtcs/specialties so that we may display/sell your products to customers at correct prices.\r\n<br><br>\r\nAlso, kindly include our following email address in your circulation list for price updates.\r\n<br><br>\r\npricelist@sehat.com.pk\r\n<br><br>\r\nWe are Pakistan\'s Premier Online Pharmacy delivering medicines and health related products to customer\'s door steps all across Pakistan. We operate through the website www.sehat.com.pk and Call Center (042) 11-11-73428 (SEHAT).<br><br>\r\nThanking You,\r\n<br><br>\r\nRegards\r\n<br><br>\r\nSupply Chain Department<br>\r\nSehat Online Pharmacy<br>\r\n<br><br>\r\nApothecare Pvt. Ltd.<br>\r\n63-A/2, Ghalib Market, Gulberg III. Lahore | Pakistan<br>\r\nTel: +92 (042) 35759474-35876509<br>\r\nCell: +92 3218360025 | Email: pricelist@sehat.com.pk<br>\r\nWebsite: wwww.sehat.com.pk																																				',7),(73,'pricelist@sehat.com.pk','\'\'','pricelist@sehat.com.pk','Updated Price List of Sante Pharma','\r\n							\r\n							\r\n							\r\n							Dear ---contact_person_name---,<br><br>																								:\r\n							\r\n							\r\n							\r\n							\r\nPlease forward us a complete updated price list of all your produtcs/specialties so that we may display/sell your products to customers at correct prices.\r\n<br><br>\r\nAlso, kindly include our following email address in your circulation list for price updates.\r\n<br><br>\r\npricelist@sehat.com.pk\r\n<br><br>\r\nWe are Pakistan\'s Premier Online Pharmacy delivering medicines and health related products to customer\'s door steps all across Pakistan. We operate through the website www.sehat.com.pk and Call Center (042) 11-11-73428 (SEHAT).<br><br>\r\nThanking You,\r\n<br><br>\r\nRegards\r\n<br><br>\r\nSupply Chain Department<br>\r\nSehat Online Pharmacy<br>\r\n<br><br>\r\nApothecare Pvt. Ltd.<br>\r\n63-A/2, Ghalib Market, Gulberg III. Lahore | Pakistan<br>\r\nTel: +92 (042) 35759474-35876509<br>\r\nCell: +92 3218360025 | Email: pricelist@sehat.com.pk<br>\r\nWebsite: wwww.sehat.com.pk																								',79),(74,'pricelist@sehat.com.pk','\'\'','pricelist@sehat.com.pk','Updated Price List of Scotmann Pharmaceuticals','\r\n							\r\n							\r\n							\r\n							Dear ---contact_person_name---,<br><br>																								:\r\n							\r\n							\r\n							\r\n							\r\nPlease forward us a complete updated price list of all your produtcs/specialties so that we may display/sell your products to customers at correct prices.\r\n<br><br>\r\nAlso, kindly include our following email address in your circulation list for price updates.\r\n<br><br>\r\npricelist@sehat.com.pk\r\n<br><br>\r\nWe are Pakistan\'s Premier Online Pharmacy delivering medicines and health related products to customer\'s door steps all across Pakistan. We operate through the website www.sehat.com.pk and Call Center (042) 11-11-73428 (SEHAT).<br><br>\r\nThanking You,\r\n<br><br>\r\nRegards\r\n<br><br>\r\nSupply Chain Department<br>\r\nSehat Online Pharmacy<br>\r\n<br><br>\r\nApothecare Pvt. Ltd.<br>\r\n63-A/2, Ghalib Market, Gulberg III. Lahore | Pakistan<br>\r\nTel: +92 (042) 35759474-35876509<br>\r\nCell: +92 3218360025 | Email: pricelist@sehat.com.pk<br>\r\nWebsite: wwww.sehat.com.pk																								',82),(75,'pricelist@sehat.com.pk','\'\'','pricelist@sehat.com.pk','Updated Price List of Searle Pakistan','\r\n							\r\n							\r\n							\r\n							\r\n							\r\n							\r\n							\r\n							Dear ---contact_person_name---,<br><br>																																																:\r\n							\r\n							\r\n							\r\n							\r\n							\r\n							\r\n							\r\n							\r\nPlease forward us a complete updated price list of all your produtcs/specialties so that we may display/sell your products to customers at correct prices.\r\n<br><br>\r\nAlso, kindly include our following email address in your circulation list for price updates.\r\n<br><br>\r\npricelist@sehat.com.pk\r\n<br><br>\r\nWe are Pakistan\'s Premier Online Pharmacy delivering medicines and health related products to customer\'s door steps all across Pakistan. We operate through the website www.sehat.com.pk and Call Center (042) 11-11-73428 (SEHAT).<br><br>\r\nThanking You,\r\n<br><br>\r\nRegards\r\n<br><br>\r\nSupply Chain Department<br>\r\nSehat Online Pharmacy<br>\r\n<br><br>\r\nApothecare Pvt. Ltd.<br>\r\n63-A/2, Ghalib Market, Gulberg III. Lahore | Pakistan<br>\r\nTel: +92 (042) 35759474-35876509<br>\r\nCell: +92 3218360025 | Email: pricelist@sehat.com.pk<br>\r\nWebsite: wwww.sehat.com.pk																																																',20),(76,'pricelist@sehat.com.pk','\'\'','pricelist@sehat.com.pk','Updated Price List of Servier Research and Pharmaceutical (Pakistan) Pvt','\r\n							\r\n							\r\n							\r\n							\r\n							Dear ---contact_person_name---,<br><br>																														:\r\n							\r\n							\r\n							\r\n							\r\n							\r\nPlease forward us a complete updated price list of all your produtcs/specialties so that we may display/sell your products to customers at correct prices.\r\n<br><br>\r\nAlso, kindly include our following email address in your circulation list for price updates.\r\n<br><br>\r\npricelist@sehat.com.pk\r\n<br><br>\r\nWe are Pakistan\'s Premier Online Pharmacy delivering medicines and health related products to customer\'s door steps all across Pakistan. We operate through the website www.sehat.com.pk and Call Center (042) 11-11-73428 (SEHAT).<br>\r\nThanking You,\r\n<br><br>\r\nRegards\r\n<br><br>\r\nSupply Chain Department<br>\r\nSehat Online Pharmacy<br>\r\n<br><br>\r\nApothecare Pvt. Ltd.<br>\r\n63-A/2, Ghalib Market, Gulberg III. Lahore | Pakistan<br>\r\nTel: +92 (042) 35759474-35876509<br>\r\nCell: +92 3218360025 | Email: pricelist@sehat.com.pk<br>\r\nWebsite: wwww.sehat.com.pk																														',70),(77,'pricelist@sehat.com.pk','\'\'','pricelist@sehat.com.pk','Updated Price List of STANLEY PHARMACEUTICALS','\r\n							\r\n							\r\n							\r\n							Dear ---contact_person_name---,<br><br>																								:\r\n							\r\n							\r\n							\r\n							\r\nPlease forward us a complete updated price list of all your produtcs/specialties so that we may display/sell your products to customers at correct prices.\r\n<br><br>\r\nAlso, kindly include our following email address in your circulation list for price updates.\r\n<br><br>\r\npricelist@sehat.com.pk\r\n<br><br>\r\nWe are Pakistan\'s Premier Online Pharmacy delivering medicines and health related products to customer\'s door steps all across Pakistan. We operate through the website www.sehat.com.pk and Call Center (042) 11-11-73428 (SEHAT).\r\n<br><br>\r\nThanking You,\r\n<br><br>\r\nRegards\r\n<br><br>\r\nSupply Chain Department<br>\r\nSehat Online Pharmacy<br>\r\n<br><br>\r\nApothecare Pvt. Ltd.<br>\r\n63-A/2, Ghalib Market, Gulberg III. Lahore | Pakistan<br>\r\nTel: +92 (042) 35759474-35876509<br>\r\nCell: +92 3218360025 | Email: pricelist@sehat.com.pk<br>\r\nWebsite: wwww.sehat.com.pk																								',92),(78,'pricelist@sehat.com.pk','\'\'','pricelist@sehat.com.pk','Updated Price List of Zam Zam Corporation ','\r\n							\r\n							\r\n							\r\n							Dear ---contact_person_name---,<br><br>																								:\r\n							\r\n							\r\n							\r\n							\r\nPlease forward us a complete updated price list of all your produtcs/specialties so that we may display/sell your products to customers at correct prices.\r\n<br><br>\r\nAlso, kindly include our following email address in your circulation list for price updates.\r\n<br><br>\r\npricelist@sehat.com.pk\r\n<br><br>\r\nWe are Pakistan\'s Premier Online Pharmacy delivering medicines and health related products to customer\'s door steps all across Pakistan. We operate through the website www.sehat.com.pk and Call Center (042) 11-11-73428 (SEHAT).\r\n<br><br>\r\nThanking You,\r\n<br><br>\r\nRegards\r\n<br><br>\r\nSupply Chain Department<br>\r\nSehat Online Pharmacy<br>\r\n<br><br>\r\nApothecare Pvt. Ltd.<br>\r\n63-A/2, Ghalib Market, Gulberg III. Lahore | Pakistan<br>\r\nTel: +92 (042) 35759474-35876509<br>\r\nCell: +92 3218360025 | Email: pricelist@sehat.com.pk<br>\r\nWebsite: wwww.sehat.com.pk																								',80),(79,'pricelist@sehat.com.pk','\'\'','pricelist@sehat.com.pk','Updated Price List of Zafa Pharmaceutical Laboratories (Pvt.) Ltd.','\r\n							\r\n							\r\n							\r\n							\r\n							Dear ---contact_person_name---,<br><br>																														:\r\n							\r\n							\r\n							\r\n							\r\n							\r\nPlease forward us a complete updated price list of all your produtcs/specialties so that we may display/sell your products to customers at correct prices.\r\n<br><br>\r\nAlso, kindly include our following email address in your circulation list for price updates.\r\n<br><br>\r\npricelist@sehat.com.pk\r\n<br><br>\r\nWe are Pakistan\'s Premier Online Pharmacy delivering medicines and health related products to customer\'s door steps all across Pakistan. We operate through the website www.sehat.com.pk and Call Center (042) 11-11-73428 (SEHAT).\r\n<br><br>\r\nThanking You,\r\n<br><br>\r\nRegards\r\n<br><br>\r\nSupply Chain Department<br>\r\nSehat Online Pharmacy<br>\r\n<br><br>\r\nApothecare Pvt. Ltd.<br>\r\n63-A/2, Ghalib Market, Gulberg III. Lahore | Pakistan<br>\r\nTel: +92 (042) 35759474-35876509<br>\r\nCell: +92 3218360025 | Email: pricelist@sehat.com.pk<br>\r\nWebsite: wwww.sehat.com.pk																														',45),(80,'pricelist@sehat.com.pk','\'\'','pricelist@sehat.com.pk','Updated Price List of Wilson Pharmaceuticals','\r\n							\r\n							\r\n							\r\n							\r\n							\r\n							Dear ---contact_person_name---,<br><br>																																				:\r\n							\r\n							\r\n							\r\n							\r\n							\r\n							\r\nPlease forward us a complete updated price list of all your produtcs/specialties so that we may display/sell your products to customers at correct prices.\r\n<br><br>\r\nAlso, kindly include our following email address in your circulation list for price updates.\r\n<br><br>\r\npricelist@sehat.com.pk\r\n<br><br>\r\nWe are Pakistan\'s Premier Online Pharmacy delivering medicines and health related products to customer\'s door steps all across Pakistan. We operate through the website www.sehat.com.pk and Call Center (042) 11-11-73428 (SEHAT).\r\n<br><br>\r\nThanking You,\r\n<br><br>\r\nRegards\r\n<br><br>\r\nSupply Chain Department<br>\r\nSehat Online Pharmacy<br>\r\n<br><br>\r\nApothecare Pvt. Ltd.<br>\r\n63-A/2, Ghalib Market, Gulberg III. Lahore | Pakistan<br>\r\nTel: +92 (042) 35759474-35876509<br>\r\nCell: +92 3218360025 | Email: pricelist@sehat.com.pk<br>\r\nWebsite: wwww.sehat.com.pk																																				',32),(81,'pricelist@sehat.com.pk','\'\'','pricelist@sehat.com.pk','Updated Price List of Wilshire Laboratories (Pvt) Ltd','\r\n							\r\n							\r\n							\r\n							Dear ---contact_person_name---,<br><br>																								:\r\n							\r\n							\r\n							\r\n							\r\nPlease forward us a complete updated price list of all your produtcs/specialties so that we may display/sell your products to customers at correct prices.\r\n<br><br>\r\nAlso, kindly include our following email address in your circulation list for price updates.\r\n<br><br>\r\npricelist@sehat.com.pk\r\n<br><br>\r\nWe are Pakistan\'s Premier Online Pharmacy delivering medicines and health related products to customer\'s door steps all across Pakistan. We operate through the website www.sehat.com.pk and Call Center (042) 11-11-73428 (SEHAT).\r\n<br><br>\r\nThanking You,\r\n<br><br>\r\nRegards\r\n<br><br>\r\nSupply Chain Department<br>\r\nSehat Online Pharmacy<br>\r\n<br><br>\r\nApothecare Pvt. Ltd.<br>\r\n63-A/2, Ghalib Market, Gulberg III. Lahore | Pakistan<br>\r\nTel: +92 (042) 35759474-35876509<br>\r\nCell: +92 3218360025 | Email: pricelist@sehat.com.pk<br>\r\nWebsite: wwww.sehat.com.pk																								',78),(82,'pricelist@sehat.com.pk','\'\'','pricelist@sehat.com.pk','Updated Price List of Werrick Pharmaceuticals','\r\n							\r\n							\r\n							\r\n							Dear ---contact_person_name---,<br><br>																								:\r\n							\r\n							\r\n							\r\n							\r\nPlease forward us a complete updated price list of all your produtcs/specialties so that we may display/sell your products to customers at correct prices.\r\n<br><br>\r\nAlso, kindly include our following email address in your circulation list for price updates.\r\n<br><br>\r\npricelist@sehat.com.pk\r\n<br><br>\r\nWe are Pakistan\'s Premier Online Pharmacy delivering medicines and health related products to customer\'s door steps all across Pakistan. We operate through the website www.sehat.com.pk and Call Center (042) 11-11-73428 (SEHAT).\r\n<br><br>\r\nThanking You,\r\n<br><br>\r\nRegards\r\n<br><br>\r\nSupply Chain Department<br>\r\nSehat Online Pharmacy<br>\r\n<br><br>\r\nApothecare Pvt. Ltd.<br>\r\n63-A/2, Ghalib Market, Gulberg III. Lahore | Pakistan<br>\r\nTel: +92 (042) 35759474-35876509<br>\r\nCell: +92 3218360025 | Email: pricelist@sehat.com.pk<br>\r\nWebsite: wwww.sehat.com.pk																								',31),(83,'pricelist@sehat.com.pk','\'\'','pricelist@sehat.com.pk','Updated Price List of Unexo Labs (Pvt) Ltd.','\r\n							\r\n							\r\n							\r\n							Dear ---contact_person_name---,<br><br>																								:\r\n							\r\n							\r\n							\r\n							\r\nPlease forward us a complete updated price list of all your produtcs/specialties so that we may display/sell your products to customers at correct prices.\r\n<br><br>\r\nAlso, kindly include our following email address in your circulation list for price updates.\r\n<br><br>\r\npricelist@sehat.com.pk\r\n<br><br>\r\nWe are Pakistan\'s Premier Online Pharmacy delivering medicines and health related products to customer\'s door steps all across Pakistan. We operate through the website www.sehat.com.pk and Call Center (042) 11-11-73428 (SEHAT).\r\n<br><br>\r\nThanking You,\r\n<br><br>\r\nRegards\r\n<br><br>\r\nSupply Chain Department<br>\r\nSehat Online Pharmacy<br>\r\n<br><br>\r\nApothecare Pvt. Ltd.<br>\r\n63-A/2, Ghalib Market, Gulberg III. Lahore | Pakistan<br>\r\nTel: +92 (042) 35759474-35876509<br>\r\nCell: +92 3218360025 | Email: pricelist@sehat.com.pk<br>\r\nWebsite: wwww.sehat.com.pk																								',83),(84,'pricelist@sehat.com.pk','\'\'','pricelist@sehat.com.pk','Updated Price List of Tabros Pharma','\r\n							\r\n							\r\n							\r\n							\r\n							Dear ---contact_person_name---,<br><br>																														:\r\n							\r\n							\r\n							\r\n							\r\n							\r\nPlease forward us a complete updated price list of all your produtcs/specialties so that we may display/sell your products to customers at correct prices.\r\n<br><br>\r\nAlso, kindly include our following email address in your circulation list for price updates.\r\n<br><br>\r\npricelist@sehat.com.pk\r\n<br><br>\r\nWe are Pakistan\'s Premier Online Pharmacy delivering medicines and health related products to customer\'s door steps all across Pakistan. We operate through the website www.sehat.com.pk and Call Center (042) 11-11-73428 (SEHAT).\r\n<br><br>\r\nThanking You,\r\n<br><br>\r\nRegards\r\n<br><br>\r\nSupply Chain Department<br>\r\nSehat Online Pharmacy<br>\r\n<br><br>\r\nApothecare Pvt. Ltd.<br>\r\n63-A/2, Ghalib Market, Gulberg III. Lahore | Pakistan<br>\r\nTel: +92 (042) 35759474-35876509<br>\r\nCell: +92 3218360025 | Email: pricelist@sehat.com.pk<br>\r\nWebsite: wwww.sehat.com.pk																														',41),(85,'pricelist@sehat.com.pk','\'\'','pricelist@sehat.com.pk','Updated Price List of Popular Chemical Works (Pvt) Ltd.','\r\n							\r\n							Dear ---contact_person_name---,<br><br>												:\r\n							\r\n							\r\nPlease forward us a complete updated price list of all your produtcs/specialties so that we may display/sell your products to customers at correct prices.\r\n<br><br>\r\nAlso, kindly include our following email address in your circulation list for price updates.\r\n<br><br>\r\npricelist@sehat.com.pk\r\n<br><br>\r\nWe are Pakistan\'s Premier Online Pharmacy delivering medicines and health related products to customer\'s door steps all across Pakistan. We operate through the website www.sehat.com.pk and Call Center (042) 11-11-73428 (SEHAT).\r\n<br><br>\r\nThanking You,\r\n<br><br>\r\nRegards\r\n<br><br>\r\nSupply Chain Department<br>\r\nSehat Online Pharmacy<br>\r\n<br><br>\r\nApothecare Pvt. Ltd.<br>\r\n63-A/2, Ghalib Market, Gulberg III. Lahore | Pakistan<br>\r\nTel: +92 (042) 35759474-35876509<br>\r\nCell: +92 3218360025 | Email: pricelist@sehat.com.pk<br>\r\nWebsite: wwww.sehat.com.pk												',104),(86,'pricelist@sehat.com.pk','\'\'','pricelist@sehat.com.pk','Updated Price List of Qarshi Industries Pvt Ltd','\r\n							\r\n							Dear ---contact_person_name---,<br><br>												:\r\n							\r\n							\r\nPlease forward us a complete updated price list of all your produtcs/specialties so that we may display/sell your products to customers at correct prices.\r\n<br><br>\r\nAlso, kindly include our following email address in your circulation list for price updates.\r\n<br><br>\r\npricelist@sehat.com.pk\r\n<br><br>\r\nWe are Pakistan\'s Premier Online Pharmacy delivering medicines and health related products to customer\'s door steps all across Pakistan. We operate through the website www.sehat.com.pk and Call Center (042) 11-11-73428 (SEHAT).\r\n<br><br>\r\nThanking You,\r\n<br><br>\r\nRegards\r\n<br><br>\r\nSupply Chain Department<br>\r\nSehat Online Pharmacy<br>\r\n<br><br>\r\nApothecare Pvt. Ltd.<br>\r\n63-A/2, Ghalib Market, Gulberg III. Lahore | Pakistan<br>\r\nTel: +92 (042) 35759474-35876509<br>\r\nCell: +92 3218360025 | Email: pricelist@sehat.com.pk<br>\r\nWebsite: wwww.sehat.com.pk												',108),(87,'pricelist@sehat.com.pk','\'\'','pricelist@sehat.com.pk','Updated Price List of Rakaposhi Pharmaceuticals','\r\n							\r\n							\r\n							\r\n							Dear ---contact_person_name---,<br><br>																								:\r\n							\r\n							\r\n							\r\n							\r\nPlease forward us a complete updated price list of all your produtcs/specialties so that we may display/sell your products to customers at correct prices.\r\n<br><br>\r\nAlso, kindly include our following email address in your circulation list for price updates.\r\n<br><br>\r\npricelist@sehat.com.pk\r\n<br><br>\r\nWe are Pakistan\'s Premier Online Pharmacy delivering medicines and health related products to customer\'s door steps all across Pakistan. We operate through the website www.sehat.com.pk and Call Center (042) 11-11-73428 (SEHAT).\r\n<br><br>\r\nThanking You,\r\n<br><br>\r\nRegards\r\n<br><br>\r\nSupply Chain Department<br>\r\nSehat Online Pharmacy<br>\r\n<br><br>\r\nApothecare Pvt. Ltd.<br>\r\n63-A/2, Ghalib Market, Gulberg III. Lahore | Pakistan<br>\r\nTel: +92 (042) 35759474-35876509<br>\r\nCell: +92 3218360025 | Email: pricelist@sehat.com.pk<br>\r\nWebsite: wwww.sehat.com.pk																								',117),(89,'pricelist@sehat.com.pk','\'\'','pricelist@sehat.com.pk','Updated Price List of Novo Nordisk','\r\n							\r\n							Dear ---contact_person_name---,<br><br>												:\r\n							\r\n							\r\nPlease forward us a complete updated price list of all your produtcs/specialties so that we may display/sell your products to customers at correct prices.\r\n<br><br>\r\nAlso, kindly include our following email address in your circulation list for price updates.\r\n<br><br>\r\npricelist@sehat.com.pk\r\n<br><br>\r\nWe are Pakistan\'s Premier Online Pharmacy delivering medicines and health related products to customer\'s door steps all across Pakistan. We operate through the website www.sehat.com.pk and Call Center (042) 11-11-73428 (SEHAT).\r\n<br><br>\r\nThanking You,\r\n<br><br>\r\nRegards\r\n<br><br>\r\nSupply Chain Department<br>\r\nSehat Online Pharmacy<br>\r\n<br><br>\r\nApothecare Pvt. Ltd.<br>\r\n63-A/2, Ghalib Market, Gulberg III. Lahore | Pakistan<br>\r\nTel: +92 (042) 35759474-35876509<br>\r\nCell: +92 3218360025 | Email: pricelist@sehat.com.pk<br>\r\nWebsite: wwww.sehat.com.pk												',46),(90,'pricelist@sehat.com.pk','\'\'','pricelist@sehat.com.pk','Updated Price List of Venus Pharma','\r\n							\r\n							Dear ---contact_person_name---,<br><br>												:\r\n							\r\n							\r\nPlease forward us a complete updated price list of all your produtcs/specialties so that we may display/sell your products to customers at correct prices.\r\n<br><br>\r\nAlso, kindly include our following email address in your circulation list for price updates.\r\n<br><br>\r\npricelist@sehat.com.pk\r\n<br><br>\r\nWe are Pakistan\'s Premier Online Pharmacy delivering medicines and health related products to customer\'s door steps all across Pakistan. We operate through the website www.sehat.com.pk and Call Center (042) 11-11-73428 (SEHAT).\r\n<br><br>\r\nThanking You,\r\n<br><br>\r\nRegards\r\n<br><br>\r\nSupply Chain Department<br>\r\nSehat Online Pharmacy<br>\r\n<br><br>\r\nApothecare Pvt. Ltd.<br>\r\n63-A/2, Ghalib Market, Gulberg III. Lahore | Pakistan<br>\r\nTel: +92 (042) 35759474-35876509<br>\r\nCell: +92 3218360025 | Email: pricelist@sehat.com.pk<br>\r\nWebsite: wwww.sehat.com.pk												',136),(91,'pricelist@sehat.com.pk','\'\'','pricelist@sehat.com.pk','Updated Price List of Albro Pharmaceuticals ( Pvt. ) Ltd.','\r\n							\r\n							Dear ---contact_person_name---,<br><br>												:\r\n							\r\n							\r\nPlease forward us a complete updated price list of all your produtcs/specialties so that we may display/sell your products to customers at correct prices.\r\n<br><br>\r\nAlso, kindly include our following email address in your circulation list for price updates.\r\n<br><br>\r\npricelist@sehat.com.pk\r\n<br><br>\r\nWe are Pakistan\'s Premier Online Pharmacy delivering medicines and health related products to customer\'s door steps all across Pakistan. We operate through the website www.sehat.com.pk and Call Center (042) 11-11-73428 (SEHAT).\r\n<br><br>\r\nThanking You,\r\n<br><br>\r\nRegards\r\n<br><br>\r\nSupply Chain Department<br>\r\nSehat Online Pharmacy<br>\r\n<br><br>\r\nApothecare Pvt. Ltd.<br>\r\n63-A/2, Ghalib Market, Gulberg III. Lahore | Pakistan<br>\r\nTel: +92 (042) 35759474-35876509<br>\r\nCell: +92 3218360025 | Email: pricelist@sehat.com.pk<br>\r\nWebsite: wwww.sehat.com.pk												',119),(92,'pricelist@sehat.com.pk','\'\'','pricelist@sehat.com.pk','Updated Price List of CCL','\r\n							\r\n							\r\n							\r\n							\r\n							Dear ---contact_person_name---,<br><br>																														:\r\n							\r\n							\r\n							\r\n							\r\n							\r\nPlease forward us a complete updated price list of all your produtcs/specialties so that we may display/sell your products to customers at correct prices.\r\n<br><br>\r\nAlso, kindly include our following email address in your circulation list for price updates.\r\n<br><br>\r\npricelist@sehat.com.pk\r\n<br><br>\r\nWe are Pakistan\'s Premier Online Pharmacy delivering medicines and health related products to customer\'s door steps all across Pakistan. We operate through the website www.sehat.com.pk and Call Center (042) 11-11-73428 (SEHAT).\r\n<br><br>\r\nThanking You,\r\n<br><br>\r\nRegards\r\n<br><br>\r\nSupply Chain Department<br>\r\nSehat Online Pharmacy<br>\r\n<br><br>\r\nApothecare Pvt. Ltd.<br>\r\n63-A/2, Ghalib Market, Gulberg III. Lahore | Pakistan<br>\r\nTel: +92 (042) 35759474-35876509<br>\r\nCell: +92 3218360025 | Email: pricelist@sehat.com.pk<br>\r\nWebsite: wwww.sehat.com.pk																														',36),(93,'pricelist@sehat.com.pk','\'\'','pricelist@sehat.com.pk','Updated Price List of Highnoon Laboratories Limited ','\r\n							\r\n							\r\n							\r\n							\r\n							\r\n							Dear ---contact_person_name---,<br><br>																																				:\r\n							\r\n							\r\n							\r\n							\r\n							\r\n							\r\nPlease forward us a complete updated price list of all your produtcs/specialties so that we may display/sell your products to customers at correct prices.\r\n<br><br>\r\nAlso, kindly include our following email address in your circulation list for price updates.\r\n<br><br>\r\npricelist@sehat.com.pk\r\n<br><br>\r\nWe are Pakistan\'s Premier Online Pharmacy delivering medicines and health related products to customer\'s door steps all across Pakistan. We operate through the website www.sehat.com.pk and Call Center (042) 11-11-73428 (SEHAT).\r\n<br><br>\r\nThanking You,\r\n<br><br>\r\nRegards\r\n<br><br>\r\nSupply Chain Department<br>\r\nSehat Online Pharmacy<br>\r\n<br><br>\r\nApothecare Pvt. Ltd.<br>\r\n63-A/2, Ghalib Market, Gulberg III. Lahore | Pakistan<br>\r\nTel: +92 (042) 35759474-35876509<br>\r\nCell: +92 3218360025 | Email: pricelist@sehat.com.pk<br>\r\nWebsite: wwww.sehat.com.pk																																				',22),(94,'pricelist@sehat.com.pk','\'\'','pricelist@sehat.com.pk','Updated Price List of OBS Pharma','\r\n							\r\n							Dear ---contact_person_name---,<br><br>												:\r\n							\r\n							\r\nPlease forward us a complete updated price list of all your produtcs/specialties so that we may display/sell your products to customers at correct prices.\r\n<br><br>\r\nAlso, kindly include our following email address in your circulation list for price updates.\r\n<br><br>\r\npricelist@sehat.com.pk\r\n<br><br>\r\nWe are Pakistan\'s Premier Online Pharmacy delivering medicines and health related products to customer\'s door steps all across Pakistan. We operate through the website www.sehat.com.pk and Call Center (042) 11-11-73428 (SEHAT).\r\n<br><br>\r\nThanking You,\r\n<br><br>\r\nRegards\r\n<br><br>\r\nSupply Chain Department<br>\r\nSehat Online Pharmacy<br>\r\n<br><br>\r\nApothecare Pvt. Ltd.<br>\r\n63-A/2, Ghalib Market, Gulberg III. Lahore | Pakistan<br>\r\nTel: +92 (042) 35759474-35876509<br>\r\nCell: +92 3218360025 | Email: pricelist@sehat.com.pk<br>\r\nWebsite: wwww.sehat.com.pk												',519),(95,'pricelist@sehat.com.pk','\'\'','pricelist@sehat.com.pk','Updated Price List of Bmed Health Care','\r\n							\r\n							Dear ---contact_person_name---,<br><br>												:\r\n							\r\n							\r\nPlease forward us a complete updated price list of all your produtcs/specialties so that we may display/sell your products to customers at correct prices.\r\n<br><br>\r\nAlso, kindly include our following email address in your circulation list for price updates.\r\n<br><br>\r\npricelist@sehat.com.pk\r\n<br><br>\r\nWe are Pakistan\'s Premier Online Pharmacy delivering medicines and health related products to customer\'s door steps all across Pakistan. We operate through the website www.sehat.com.pk and Call Center (042) 11-11-73428 (SEHAT).\r\n<br><br>\r\nThanking You,\r\n<br><br>\r\nRegards\r\n<br><br>\r\nSupply Chain Department<br>\r\nSehat Online Pharmacy<br>\r\n<br><br>\r\nApothecare Pvt. Ltd.<br>\r\n63-A/2, Ghalib Market, Gulberg III. Lahore | Pakistan<br>\r\nTel: +92 (042) 35759474-35876509<br>\r\nCell: +92 3218360025 | Email: pricelist@sehat.com.pk<br>\r\nWebsite: wwww.sehat.com.pk												',141),(96,'pricelist@sehat.com.pk','\'\'','pricelist@sehat.com.pk','Updated Price List of Shaigan Pharmaceuticals (PVT) LTD','\r\n							\r\n							Dear ---contact_person_name---,<br><br>												:\r\n							\r\n							\r\nPlease forward us a complete updated price list of all your produtcs/specialties so that we may display/sell your products to customers at correct prices.\r\n<br><br>\r\nAlso, kindly include our following email address in your circulation list for price updates.\r\n<br><br>\r\npricelist@sehat.com.pk\r\n<br><br>\r\nWe are Pakistan\'s Premier Online Pharmacy delivering medicines and health related products to customer\'s door steps all across Pakistan. We operate through the website www.sehat.com.pk and Call Center (042) 11-11-73428 (SEHAT).\r\n<br><br>\r\nThanking You,\r\n<br><br>\r\nRegards\r\n<br><br>\r\nSupply Chain Department<br>\r\nSehat Online Pharmacy<br>\r\n<br><br>\r\nApothecare Pvt. Ltd.<br>\r\n63-A/2, Ghalib Market, Gulberg III. Lahore | Pakistan<br>\r\nTel: +92 (042) 35759474-35876509<br>\r\nCell: +92 3218360025 | Email: pricelist@sehat.com.pk<br>\r\nWebsite: wwww.sehat.com.pk												',51),(97,'pricelist@sehat.com.pk','\'\'','pricelist@sehat.com.pk','Updated Price List of Schazoo Zaka (Pvt) Ltd.','\r\n							\r\n							Dear ---contact_person_name---,<br><br>												:\r\n							\r\n							\r\nPlease forward us a complete updated price list of all your produtcs/specialties so that we may display/sell your products to customers at correct prices.\r\n<br><br>\r\nAlso, kindly include our following email address in your circulation list for price updates.\r\n<br><br>\r\npricelist@sehat.com.pk\r\n<br><br>\r\nWe are Pakistan\'s Premier Online Pharmacy delivering medicines and health related products to customer\'s door steps all across Pakistan. We operate through the website www.sehat.com.pk and Call Center (042) 11-11-73428 (SEHAT).\r\n<br><br>\r\nThanking You,\r\n<br><br>\r\nRegards\r\n<br><br>\r\nSupply Chain Department<br>\r\nSehat Online Pharmacy<br>\r\n<br><br>\r\nApothecare Pvt. Ltd.<br>\r\n63-A/2, Ghalib Market, Gulberg III. Lahore | Pakistan<br>\r\nTel: +92 (042) 35759474-35876509<br>\r\nCell: +92 3218360025 | Email: pricelist@sehat.com.pk<br>\r\nWebsite: wwww.sehat.com.pk												',65),(98,'pricelist@sehat.com.pk','\'\'','pricelist@sehat.com.pk','Updated Price List of Dadson','\r\n							\r\n							Dear ---contact_person_name---,<br><br>												:\r\n							\r\n							\r\nPlease forward us a complete updated price list of all your produtcs/specialties so that we may display/sell your products to customers at correct prices.\r\n<br><br>\r\nAlso, kindly include our following email address in your circulation list for price updates.\r\n<br><br>\r\npricelist@sehat.com.pk\r\n<br><br>\r\nWe are Pakistan\'s Premier Online Pharmacy delivering medicines and health related products to customer\'s door steps all across Pakistan. We operate through the website www.sehat.com.pk and Call Center (042) 11-11-73428 (SEHAT).\r\n<br><br>\r\nThanking You,\r\n<br><br>\r\nRegards\r\n<br><br>\r\nSupply Chain Department<br>\r\nSehat Online Pharmacy<br>\r\n<br><br>\r\nApothecare Pvt. Ltd.<br>\r\n63-A/2, Ghalib Market, Gulberg III. Lahore | Pakistan<br>\r\nTel: +92 (042) 35759474-35876509<br>\r\nCell: +92 3218360025 | Email: pricelist@sehat.com.pk<br>\r\nWebsite: wwww.sehat.com.pk												',140),(99,'pricelist@sehat.com.pk','\'\'','pricelist@sehat.com.pk','Updated Price List of Herbo natural','\r\n							\r\n							Dear ---contact_person_name---,<br><br>												:\r\n							\r\n							\r\nPlease forward us a complete updated price list of all your produtcs/specialties so that we may display/sell your products to customers at correct prices.\r\n<br><br>\r\nAlso, kindly include our following email address in your circulation list for price updates.\r\n<br><br>\r\npricelist@sehat.com.pk\r\n<br><br>\r\nWe are Pakistan\'s Premier Online Pharmacy delivering medicines and health related products to customer\'s door steps all across Pakistan. We operate through the website www.sehat.com.pk and Call Center (042) 11-11-73428 (SEHAT).\r\n<br><br>\r\nThanking You,\r\n<br><br>\r\nRegards\r\n<br><br>\r\nSupply Chain Department<br>\r\nSehat Online Pharmacy<br>\r\n<br><br>\r\nApothecare Pvt. Ltd.<br>\r\n63-A/2, Ghalib Market, Gulberg III. Lahore | Pakistan<br>\r\nTel: +92 (042) 35759474-35876509<br>\r\nCell: +92 3218360025 | Email: pricelist@sehat.com.pk<br>\r\nWebsite: wwww.sehat.com.pk												',521),(100,'pricelist@sehat.com.pk','\'\'','pricelist@sehat.com.pk','Updated Price List of Titlis Pharma','\r\n							\r\n							Dear ---contact_person_name---,<br><br>												:\r\n							\r\n							\r\nPlease forward us a complete updated price list of all your produtcs/specialties so that we may display/sell your products to customers at correct prices.\r\n<br><br>\r\nAlso, kindly include our following email address in your circulation list for price updates.\r\n<br><br>\r\npricelist@sehat.com.pk\r\n<br><br>\r\nWe are Pakistan\'s Premier Online Pharmacy delivering medicines and health related products to customer\'s door steps all across Pakistan. We operate through the website www.sehat.com.pk and Call Center (042) 11-11-73428 (SEHAT).\r\n<br><br>\r\nThanking You,\r\n<br><br>\r\nRegards\r\n<br><br>\r\nSupply Chain Department<br>\r\nSehat Online Pharmacy<br>\r\n<br><br>\r\nApothecare Pvt. Ltd.<br>\r\n63-A/2, Ghalib Market, Gulberg III. Lahore | Pakistan<br>\r\nTel: +92 (042) 35759474-35876509<br>\r\nCell: +92 3218360025 | Email: pricelist@sehat.com.pk<br>\r\nWebsite: wwww.sehat.com.pk												',522),(101,'pricelist@sehat.com.pk','\'\'','pricelist@sehat.com.pk','Updated Price List of Uniferoz (Pvt.) Ltd','\r\n							\r\n							Dear ---contact_person_name---,<br><br>												:\r\n							\r\n							\r\nPlease forward us a complete updated price list of all your produtcs/specialties so that we may display/sell your products to customers at correct prices.\r\n<br><br>\r\nAlso, kindly include our following email address in your circulation list for price updates.\r\n<br><br>\r\npricelist@sehat.com.pk\r\n<br><br>\r\nWe are Pakistan\'s Premier Online Pharmacy delivering medicines and health related products to customer\'s door steps all across Pakistan. We operate through the website www.sehat.com.pk and Call Center (042) 11-11-73428 (SEHAT).\r\n<br><br>\r\nThanking You,\r\n<br><br>\r\nRegards\r\n<br><br>\r\nSupply Chain Department<br>\r\nSehat Online Pharmacy<br>\r\n<br><br>\r\nApothecare Pvt. Ltd.<br>\r\n63-A/2, Ghalib Market, Gulberg III. Lahore | Pakistan<br>\r\nTel: +92 (042) 35759474-35876509<br>\r\nCell: +92 3218360025 | Email: pricelist@sehat.com.pk<br>\r\nWebsite: wwww.sehat.com.pk												',118),(102,'pricelist@sehat.com.pk','\'\'','pricelist@sehat.com.pk','Updated Price List of BSN Medical Pvt Ltd','\r\n							\r\n							\r\n							Dear ---contact_person_name---,<br><br>																		:\r\n							\r\n							\r\n							\r\nPlease forward us a complete updated price list of all your produtcs/specialties so that we may display/sell your products to customers at correct prices.\r\n<br><br>\r\nAlso, kindly include our following email address in your circulation list for price updates.\r\n<br><br>\r\npricelist@sehat.com.pk\r\n<br><br>\r\nWe are Pakistan\'s Premier Online Pharmacy delivering medicines and health related products to customer\'s door steps all across Pakistan. We operate through the website www.sehat.com.pk and Call Center (042) 11-11-73428 (SEHAT).\r\n<br><br>\r\nThanking You,\r\n<br><br>\r\nRegards\r\n<br><br>\r\nSupply Chain Department<br>\r\nSehat Online Pharmacy<br>\r\n<br><br>\r\nApothecare Pvt. Ltd.<br>\r\n63-A/2, Ghalib Market, Gulberg III. Lahore | Pakistan<br>\r\nTel: +92 (042) 35759474-35876509<br>\r\nCell: +92 3218360025 | Email: pricelist@sehat.com.pk<br>\r\nWebsite: wwww.sehat.com.pk																		',523),(103,'pricelist@sehat.com.pk','\'\'','pricelist@sehat.com.pk','Updated Price List of Allmed Labs','\r\n							\r\n							Dear ---contact_person_name---,<br><br>												:\r\n							\r\n							\r\nPlease forward us a complete updated price list of all your produtcs/specialties so that we may display/sell your products to customers at correct prices.\r\n<br><br>\r\nAlso, kindly include our following email address in your circulation list for price updates.\r\n<br><br>\r\npricelist@sehat.com.pk\r\n<br><br>\r\nWe are Pakistan\'s Premier Online Pharmacy delivering medicines and health related products to customer\'s door steps all across Pakistan. We operate through the website www.sehat.com.pk and Call Center (042) 11-11-73428 (SEHAT).\r\n<br><br>\r\nThanking You,\r\n<br><br>\r\nRegards\r\n<br><br>\r\nSupply Chain Department<br>\r\nSehat Online Pharmacy<br>\r\n<br><br>\r\nApothecare Pvt. Ltd.<br>\r\n63-A/2, Ghalib Market, Gulberg III. Lahore | Pakistan<br>\r\nTel: +92 (042) 35759474-35876509<br>\r\nCell: +92 3218360025 | Email: pricelist@sehat.com.pk<br>\r\nWebsite: wwww.sehat.com.pk												',158),(104,'pricelist@sehat.com.pk','\'\'','pricelist@sehat.com.pk','Updated Price List of Abbott Laboratories (Pakistan) Limited (Diagnostics)','\r\n							\r\n							Dear ---contact_person_name---,<br><br>												:\r\n							\r\n							\r\nPlease forward us a complete updated price list of all your produtcs/specialties so that we may display/sell your products to customers at correct prices.\r\n<br><br>\r\nAlso, kindly include our following email address in your circulation list for price updates.\r\n<br><br>\r\npricelist@sehat.com.pk\r\n<br><br>\r\nWe are Pakistan\'s Premier Online Pharmacy delivering medicines and health related products to customer\'s door steps all across Pakistan. We operate through the website www.sehat.com.pk and Call Center (042) 11-11-73428 (SEHAT).\r\n<br><br>\r\nThanking You,\r\n<br><br>\r\nRegards\r\n<br><br>\r\nSupply Chain Department<br>\r\nSehat Online Pharmacy<br>\r\n<br><br>\r\nApothecare Pvt. Ltd.<br>\r\n63-A/2, Ghalib Market, Gulberg III. Lahore | Pakistan<br>\r\nTel: +92 (042) 35759474-35876509<br>\r\nCell: +92 3218360025 | Email: pricelist@sehat.com.pk<br>\r\nWebsite: wwww.sehat.com.pk												',135),(105,'pricelist@sehat.com.pk','\'\'','pricelist@sehat.com.pk','Updated Price List of AGP (Private) Limited','\r\n							Dear ---contact_person_name---,<br><br>						:\r\n							\r\nPlease forward us a complete updated price list of all your produtcs/specialties so that we may display/sell your products to customers at correct prices.\r\n<br><br>\r\nAlso, kindly include our following email address in your circulation list for price updates.\r\n<br><br>\r\npricelist@sehat.com.pk\r\n<br><br>\r\nWe are Pakistan\'s Premier Online Pharmacy delivering medicines and health related products to customer\'s door steps all across Pakistan. We operate through the website www.sehat.com.pk and Call Center (042) 11-11-73428 (SEHAT).\r\n<br><br>\r\nThanking You,\r\n<br><br>\r\nRegards\r\n<br><br>\r\nSupply Chain Department<br>\r\nSehat Online Pharmacy<br>\r\n<br><br>\r\nApothecare Pvt. Ltd.<br>\r\n63-A/2, Ghalib Market, Gulberg III. Lahore | Pakistan<br>\r\nTel: +92 (042) 35759474-35876509<br>\r\nCell: +92 3218360025 | Email: pricelist@sehat.com.pk<br>\r\nWebsite: wwww.sehat.com.pk						',130),(106,'pricelist@sehat.com.pk','\'\'','pricelist@sehat.com.pk','Updated Price List of Alina Combine','\r\n							Dear ---contact_person_name---,<br><br>						:\r\n							\r\nPlease forward us a complete updated price list of all your produtcs/specialties so that we may display/sell your products to customers at correct prices.\r\n<br><br>\r\nAlso, kindly include our following email address in your circulation list for price updates.\r\n<br><br>\r\npricelist@sehat.com.pk\r\n<br><br>\r\nWe are Pakistan\'s Premier Online Pharmacy delivering medicines and health related products to customer\'s door steps all across Pakistan. We operate through the website www.sehat.com.pk and Call Center (042) 11-11-73428 (SEHAT).\r\n<br><br>\r\nThanking You,\r\n<br><br>\r\nRegards\r\n<br><br>\r\nSupply Chain Department<br>\r\nSehat Online Pharmacy<br>\r\n<br><br>\r\nApothecare Pvt. Ltd.<br>\r\n63-A/2, Ghalib Market, Gulberg III. Lahore | Pakistan<br>\r\nTel: +92 (042) 35759474-35876509<br>\r\nCell: +92 3218360025 | Email: pricelist@sehat.com.pk<br>\r\nWebsite: wwww.sehat.com.pk						',116),(107,'pricelist@sehat.com.pk','\'\'','pricelist@sehat.com.pk','Updated Price List of Amarant Pharma (Pvt) Ltd','\r\n							Dear ---contact_person_name---,<br><br>						:\r\n							\r\nPlease forward us a complete updated price list of all your produtcs/specialties so that we may display/sell your products to customers at correct prices.\r\n<br><br>\r\nAlso, kindly include our following email address in your circulation list for price updates.\r\n<br><br>\r\npricelist@sehat.com.pk\r\n<br><br>\r\nWe are Pakistan\'s Premier Online Pharmacy delivering medicines and health related products to customer\'s door steps all across Pakistan. We operate through the website www.sehat.com.pk and Call Center (042) 11-11-73428 (SEHAT).\r\n<br><br>\r\nThanking You,\r\n<br><br>\r\nRegards\r\n<br><br>\r\nSupply Chain Department<br>\r\nSehat Online Pharmacy<br>\r\n<br><br>\r\nApothecare Pvt. Ltd.<br>\r\n63-A/2, Ghalib Market, Gulberg III. Lahore | Pakistan<br>\r\nTel: +92 (042) 35759474-35876509<br>\r\nCell: +92 3218360025 | Email: pricelist@sehat.com.pk<br>\r\nWebsite: wwww.sehat.com.pk						',114),(108,'pricelist@sehat.com.pk','\'\'','pricelist@sehat.com.pk','Updated Price List of Angelini Pharmaceuticals Pvt Ltd','\r\n							Dear ---contact_person_name---,<br><br>						:\r\n							\r\nPlease forward us a complete updated price list of all your produtcs/specialties so that we may display/sell your products to customers at correct prices.\r\n<br><br>\r\nAlso, kindly include our following email address in your circulation list for price updates.\r\n<br><br>\r\npricelist@sehat.com.pk\r\n<br><br>\r\nWe are Pakistan\'s Premier Online Pharmacy delivering medicines and health related products to customer\'s door steps all across Pakistan. We operate through the website www.sehat.com.pk and Call Center (042) 11-11-73428 (SEHAT).\r\n<br><br>\r\nThanking You,\r\n<br><br>\r\nRegards\r\n<br><br>\r\nSupply Chain Department<br>\r\nSehat Online Pharmacy<br>\r\n<br><br>\r\nApothecare Pvt. Ltd.<br>\r\n63-A/2, Ghalib Market, Gulberg III. Lahore | Pakistan<br>\r\nTel: +92 (042) 35759474-35876509<br>\r\nCell: +92 3218360025 | Email: pricelist@sehat.com.pk<br>\r\nWebsite: wwww.sehat.com.pk						',109),(109,'pricelist@sehat.com.pk','\'\'','pricelist@sehat.com.pk','Updated Price List of Cotton Craft (Pvt) Ltd.','\r\n							Dear ---contact_person_name---,<br><br>						:\r\n							\r\nPlease forward us a complete updated price list of all your produtcs/specialties so that we may display/sell your products to customers at correct prices.\r\n<br><br>\r\nAlso, kindly include our following email address in your circulation list for price updates.\r\n<br><br>\r\npricelist@sehat.com.pk\r\n<br><br>\r\nWe are Pakistan\'s Premier Online Pharmacy delivering medicines and health related products to customer\'s door steps all across Pakistan. We operate through the website www.sehat.com.pk and Call Center (042) 11-11-73428 (SEHAT).\r\n<br><br>\r\nThanking You,\r\n<br><br>\r\nRegards\r\n<br><br>\r\nSupply Chain Department<br>\r\nSehat Online Pharmacy<br>\r\n<br><br>\r\nApothecare Pvt. Ltd.<br>\r\n63-A/2, Ghalib Market, Gulberg III. Lahore | Pakistan<br>\r\nTel: +92 (042) 35759474-35876509<br>\r\nCell: +92 3218360025 | Email: pricelist@sehat.com.pk<br>\r\nWebsite: wwww.sehat.com.pk						',105),(110,'pricelist@sehat.com.pk','\'\'','pricelist@sehat.com.pk','Updated Price List of Genetics Pharmaceuticals (Pvt) Ltd','\r\n							Dear ---contact_person_name---,<br><br>						:\r\n							\r\nPlease forward us a complete updated price list of all your produtcs/specialties so that we may display/sell your products to customers at correct prices.\r\n<br><br>\r\nAlso, kindly include our following email address in your circulation list for price updates.\r\n<br><br>\r\npricelist@sehat.com.pk\r\n<br><br>\r\nWe are Pakistan\'s Premier Online Pharmacy delivering medicines and health related products to customer\'s door steps all across Pakistan. We operate through the website www.sehat.com.pk and Call Center (042) 11-11-73428 (SEHAT).\r\n<br><br>\r\nThanking You,\r\n<br><br>\r\nRegards\r\n<br><br>\r\nSupply Chain Department<br>\r\nSehat Online Pharmacy<br>\r\n<br><br>\r\nApothecare Pvt. Ltd.<br>\r\n63-A/2, Ghalib Market, Gulberg III. Lahore | Pakistan<br>\r\nTel: +92 (042) 35759474-35876509<br>\r\nCell: +92 3218360025 | Email: pricelist@sehat.com.pk<br>\r\nWebsite: wwww.sehat.com.pk						',113),(111,'pricelist@sehat.com.pk','\'\'','pricelist@sehat.com.pk','Updated Price List of IBL (Healthcare) Mead Johnson','\r\n							Dear ---contact_person_name---,<br><br>						:\r\n							\r\nPlease forward us a complete updated price list of all your produtcs/specialties so that we may display/sell your products to customers at correct prices.\r\n<br><br>\r\nAlso, kindly include our following email address in your circulation list for price updates.\r\n<br><br>\r\npricelist@sehat.com.pk\r\n<br><br>\r\nWe are Pakistan\'s Premier Online Pharmacy delivering medicines and health related products to customer\'s door steps all across Pakistan. We operate through the website www.sehat.com.pk and Call Center (042) 11-11-73428 (SEHAT).\r\n<br><br>\r\nThanking You,\r\n<br><br>\r\nRegards\r\n<br><br>\r\nSupply Chain Department<br>\r\nSehat Online Pharmacy<br>\r\n<br><br>\r\nApothecare Pvt. Ltd.<br>\r\n63-A/2, Ghalib Market, Gulberg III. Lahore | Pakistan<br>\r\nTel: +92 (042) 35759474-35876509<br>\r\nCell: +92 3218360025 | Email: pricelist@sehat.com.pk<br>\r\nWebsite: wwww.sehat.com.pk						',103),(112,'pricelist@sehat.com.pk','\'\'','pricelist@sehat.com.pk','Updated Price List of Next Pharmaceuticals Products (Pvt) Ltd','\r\n							Dear ---contact_person_name---,<br><br>						:\r\n							\r\nPlease forward us a complete updated price list of all your produtcs/specialties so that we may display/sell your products to customers at correct prices.\r\n<br><br>\r\nAlso, kindly include our following email address in your circulation list for price updates.\r\n<br><br>\r\npricelist@sehat.com.pk\r\n<br><br>\r\nWe are Pakistan\'s Premier Online Pharmacy delivering medicines and health related products to customer\'s door steps all across Pakistan. We operate through the website www.sehat.com.pk and Call Center (042) 11-11-73428 (SEHAT).\r\n<br><br>\r\nThanking You,\r\n<br><br>\r\nRegards\r\n<br><br>\r\nSupply Chain Department<br>\r\nSehat Online Pharmacy<br>\r\n<br><br>\r\nApothecare Pvt. Ltd.<br>\r\n63-A/2, Ghalib Market, Gulberg III. Lahore | Pakistan<br>\r\nTel: +92 (042) 35759474-35876509<br>\r\nCell: +92 3218360025 | Email: pricelist@sehat.com.pk<br>\r\nWebsite: wwww.sehat.com.pk						',110),(113,'pricelist@sehat.com.pk','\'\'','pricelist@sehat.com.pk','Updated Price List of Novamed Healthcare (Pvt) Ltd','\r\n							Dear ---contact_person_name---,<br><br>						:\r\n							\r\nPlease forward us a complete updated price list of all your produtcs/specialties so that we may display/sell your products to customers at correct prices.\r\n<br><br>\r\nAlso, kindly include our following email address in your circulation list for price updates.\r\n<br><br>\r\npricelist@sehat.com.pk\r\n<br><br>\r\nWe are Pakistan\'s Premier Online Pharmacy delivering medicines and health related products to customer\'s door steps all across Pakistan. We operate through the website www.sehat.com.pk and Call Center (042) 11-11-73428 (SEHAT).\r\n<br><br>\r\nThanking You,\r\n<br><br>\r\nRegards\r\n<br><br>\r\nSupply Chain Department<br>\r\nSehat Online Pharmacy<br>\r\n<br><br>\r\nApothecare Pvt. Ltd.<br>\r\n63-A/2, Ghalib Market, Gulberg III. Lahore | Pakistan<br>\r\nTel: +92 (042) 35759474-35876509<br>\r\nCell: +92 3218360025 | Email: pricelist@sehat.com.pk<br>\r\nWebsite: wwww.sehat.com.pk						',102),(114,'pricelist@sehat.com.pk','\'\'','pricelist@sehat.com.pk','Updated Price List of Paramount Pharmaceuticals','\r\n							Dear ---contact_person_name---,<br><br>						:\r\n							\r\nPlease forward us a complete updated price list of all your produtcs/specialties so that we may display/sell your products to customers at correct prices.\r\n<br><br>\r\nAlso, kindly include our following email address in your circulation list for price updates.\r\n<br><br>\r\npricelist@sehat.com.pk\r\n<br><br>\r\nWe are Pakistan\'s Premier Online Pharmacy delivering medicines and health related products to customer\'s door steps all across Pakistan. We operate through the website www.sehat.com.pk and Call Center (042) 11-11-73428 (SEHAT).\r\n<br><br>\r\nThanking You,\r\n<br><br>\r\nRegards\r\n<br><br>\r\nSupply Chain Department<br>\r\nSehat Online Pharmacy<br>\r\n<br><br>\r\nApothecare Pvt. Ltd.<br>\r\n63-A/2, Ghalib Market, Gulberg III. Lahore | Pakistan<br>\r\nTel: +92 (042) 35759474-35876509<br>\r\nCell: +92 3218360025 | Email: pricelist@sehat.com.pk<br>\r\nWebsite: wwww.sehat.com.pk						',111),(115,'pricelist@sehat.com.pk','\'\'','pricelist@sehat.com.pk','Updated Price List of Peridot Products                                                  ','\r\n							Dear ---contact_person_name---,<br><br>						:\r\n							\r\nPlease forward us a complete updated price list of all your produtcs/specialties so that we may display/sell your products to customers at correct prices.\r\n<br><br>\r\nAlso, kindly include our following email address in your circulation list for price updates.\r\n<br><br>\r\npricelist@sehat.com.pk\r\n<br><br>\r\nWe are Pakistan\'s Premier Online Pharmacy delivering medicines and health related products to customer\'s door steps all across Pakistan. We operate through the website www.sehat.com.pk and Call Center (042) 11-11-73428 (SEHAT).\r\n<br><br>\r\nThanking You,\r\n<br><br>\r\nRegards\r\n<br><br>\r\nSupply Chain Department<br>\r\nSehat Online Pharmacy<br>\r\n<br><br>\r\nApothecare Pvt. Ltd.<br>\r\n63-A/2, Ghalib Market, Gulberg III. Lahore | Pakistan<br>\r\nTel: +92 (042) 35759474-35876509<br>\r\nCell: +92 3218360025 | Email: pricelist@sehat.com.pk<br>\r\nWebsite: wwww.sehat.com.pk						',132),(116,'pricelist@sehat.com.pk','\'\'','pricelist@sehat.com.pk','Updated Price List of Pulse Pharmaceuticals ','\r\n							Dear ---contact_person_name---,<br><br>						:\r\n							\r\nPlease forward us a complete updated price list of all your produtcs/specialties so that we may display/sell your products to customers at correct prices.\r\n<br><br>\r\nAlso, kindly include our following email address in your circulation list for price updates.\r\n<br><br>\r\npricelist@sehat.com.pk\r\n<br><br>\r\nWe are Pakistan\'s Premier Online Pharmacy delivering medicines and health related products to customer\'s door steps all across Pakistan. We operate through the website www.sehat.com.pk and Call Center (042) 11-11-73428 (SEHAT).\r\n<br><br>\r\nThanking You,\r\n<br><br>\r\nRegards\r\n<br><br>\r\nSupply Chain Department<br>\r\nSehat Online Pharmacy<br>\r\n<br><br>\r\nApothecare Pvt. Ltd.<br>\r\n63-A/2, Ghalib Market, Gulberg III. Lahore | Pakistan<br>\r\nTel: +92 (042) 35759474-35876509<br>\r\nCell: +92 3218360025 | Email: pricelist@sehat.com.pk<br>\r\nWebsite: wwww.sehat.com.pk						',115),(117,'pricelist@sehat.com.pk','\'\'','pricelist@sehat.com.pk','Updated Price List of Reko Pharmacal Pvt ltd.','\r\n							Dear ---contact_person_name---,<br><br>						:\r\n							\r\nPlease forward us a complete updated price list of all your produtcs/specialties so that we may display/sell your products to customers at correct prices.\r\n<br><br>\r\nAlso, kindly include our following email address in your circulation list for price updates.\r\n<br><br>\r\npricelist@sehat.com.pk\r\n<br><br>\r\nWe are Pakistan\'s Premier Online Pharmacy delivering medicines and health related products to customer\'s door steps all across Pakistan. We operate through the website www.sehat.com.pk and Call Center (042) 11-11-73428 (SEHAT).\r\n<br><br>\r\nThanking You,\r\n<br><br>\r\nRegards\r\n<br><br>\r\nSupply Chain Department<br>\r\nSehat Online Pharmacy<br>\r\n<br><br>\r\nApothecare Pvt. Ltd.<br>\r\n63-A/2, Ghalib Market, Gulberg III. Lahore | Pakistan<br>\r\nTel: +92 (042) 35759474-35876509<br>\r\nCell: +92 3218360025 | Email: pricelist@sehat.com.pk<br>\r\nWebsite: wwww.sehat.com.pk						',112),(118,'pricelist@sehat.com.pk','\'\'','pricelist@sehat.com.pk','Updated Price List of The Schazoo Pharmaceutical Laboratories (Pvt) Ltd.','\r\n							Dear ---contact_person_name---,<br><br>						:\r\n							\r\nPlease forward us a complete updated price list of all your produtcs/specialties so that we may display/sell your products to customers at correct prices.\r\n<br><br>\r\nAlso, kindly include our following email address in your circulation list for price updates.\r\n<br><br>\r\npricelist@sehat.com.pk\r\n<br><br>\r\nWe are Pakistan\'s Premier Online Pharmacy delivering medicines and health related products to customer\'s door steps all across Pakistan. We operate through the website www.sehat.com.pk and Call Center (042) 11-11-73428 (SEHAT).\r\n<br><br>\r\nThanking You,\r\n<br><br>\r\nRegards\r\n<br><br>\r\nSupply Chain Department<br>\r\nSehat Online Pharmacy<br>\r\n<br><br>\r\nApothecare Pvt. Ltd.<br>\r\n63-A/2, Ghalib Market, Gulberg III. Lahore | Pakistan<br>\r\nTel: +92 (042) 35759474-35876509<br>\r\nCell: +92 3218360025 | Email: pricelist@sehat.com.pk<br>\r\nWebsite: wwww.sehat.com.pk						',69),(119,'pricelist@sehat.com.pk','\'\'','pricelist@sehat.com.pk','Updated Price List of AJ Pharma Mirza','\r\n							Dear ---contact_person_name---,<br><br>						:\r\n							\r\nPlease forward us a complete updated price list of all your produtcs/specialties so that we may display/sell your products to customers at correct prices.\r\n<br><br>\r\nAlso, kindly include our following email address in your circulation list for price updates.\r\n<br><br>\r\npricelist@sehat.com.pk\r\n<br><br>\r\nWe are Pakistan\'s Premier Online Pharmacy delivering medicines and health related products to customer\'s door steps all across Pakistan. We operate through the website www.sehat.com.pk and Call Center (042) 11-11-73428 (SEHAT).\r\n<br><br>\r\nThanking You,\r\n<br><br>\r\nRegards\r\n<br><br>\r\nSupply Chain Department<br>\r\nSehat Online Pharmacy<br>\r\n<br><br>\r\nApothecare Pvt. Ltd.<br>\r\n63-A/2, Ghalib Market, Gulberg III. Lahore | Pakistan<br>\r\nTel: +92 (042) 35759474-35876509<br>\r\nCell: +92 3218360025 | Email: pricelist@sehat.com.pk<br>\r\nWebsite: wwww.sehat.com.pk						',524),(120,'pricelist@sehat.com.pk','\'\'','pricelist@sehat.com.pk','Updated Price List of B.Braun Pakistan (Pvt) Ltd','\r\n							Dear ---contact_person_name---,<br><br>						:\r\n							\r\nPlease forward us a complete updated price list of all your produtcs/specialties so that we may display/sell your products to customers at correct prices.\r\n<br><br>\r\nAlso, kindly include our following email address in your circulation list for price updates.\r\n<br><br>\r\npricelist@sehat.com.pk\r\n<br><br>\r\nWe are Pakistan\'s Premier Online Pharmacy delivering medicines and health related products to customer\'s door steps all across Pakistan. We operate through the website www.sehat.com.pk and Call Center (042) 11-11-73428 (SEHAT).\r\n<br><br>\r\nThanking You,\r\n<br><br>\r\nRegards\r\n<br><br>\r\nSupply Chain Department<br>\r\nSehat Online Pharmacy<br>\r\n<br><br>\r\nApothecare Pvt. Ltd.<br>\r\n63-A/2, Ghalib Market, Gulberg III. Lahore | Pakistan<br>\r\nTel: +92 (042) 35759474-35876509<br>\r\nCell: +92 3218360025 | Email: pricelist@sehat.com.pk<br>\r\nWebsite: wwww.sehat.com.pk						',106),(121,'pricelist@sehat.com.pk','\'\'','pricelist@sehat.com.pk','Updated Price List of Nestle','\r\n							\r\n							Dear ---contact_person_name---,<br><br>												:\r\n							\r\n							\r\nPlease forward us a complete updated price list of all your produtcs/specialties so that we may display/sell your products to customers at correct prices.\r\n<br><br>\r\nAlso, kindly include our following email address in your circulation list for price updates.\r\n<br><br>\r\npricelist@sehat.com.pk\r\n<br><br>\r\nWe are Pakistan\'s Premier Online Pharmacy delivering medicines and health related products to customer\'s door steps all across Pakistan. We operate through the website www.sehat.com.pk and Call Center (042) 11-11-73428 (SEHAT).\r\n<br><br>\r\nThanking You,\r\n<br><br>\r\nRegards\r\n<br><br>\r\nSupply Chain Department<br>\r\nSehat Online Pharmacy<br>\r\n<br><br>\r\nApothecare Pvt. Ltd.<br>\r\n63-A/2, Ghalib Market, Gulberg III. Lahore | Pakistan<br>\r\nTel: +92 (042) 35759474-35876509<br>\r\nCell: +92 3218360025 | Email: pricelist@sehat.com.pk<br>\r\nWebsite: wwww.sehat.com.pk												',383),(122,'pricelist@sehat.com.pk','\'\'','pricelist@sehat.com.pk','Updated Price List of Roomi Enterprises','\r\n							Dear ---contact_person_name---,<br><br>						:\r\n							\r\nPlease forward us a complete updated price list of all your produtcs/specialties so that we may display/sell your products to customers at correct prices.\r\n<br><br>\r\nAlso, kindly include our following email address in your circulation list for price updates.\r\n<br><br>\r\npricelist@sehat.com.pk\r\n<br><br>\r\nWe are Pakistan\'s Premier Online Pharmacy delivering medicines and health related products to customer\'s door steps all across Pakistan. We operate through the website www.sehat.com.pk and Call Center (042) 11-11-73428 (SEHAT).\r\n<br><br>\r\nThanking You,\r\n<br><br>\r\nRegards\r\n<br><br>\r\nSupply Chain Department<br>\r\nSehat Online Pharmacy<br>\r\n<br><br>\r\nApothecare Pvt. Ltd.<br>\r\n63-A/2, Ghalib Market, Gulberg III. Lahore | Pakistan<br>\r\nTel: +92 (042) 35759474-35876509<br>\r\nCell: +92 3218360025 | Email: pricelist@sehat.com.pk<br>\r\nWebsite: wwww.sehat.com.pk						',433),(123,'pricelist@sehat.com.pk','\'\'','pricelist@sehat.com.pk','Updated Price List of Route2Health (Pvt) Ltd','\r\n							Dear ---contact_person_name---,<br><br>						:\r\n							\r\nPlease forward us a complete updated price list of all your produtcs/specialties so that we may display/sell your products to customers at correct prices.\r\n<br><br>\r\nAlso, kindly include our following email address in your circulation list for price updates.\r\n<br><br>\r\npricelist@sehat.com.pk\r\n<br><br>\r\nWe are Pakistan\'s Premier Online Pharmacy delivering medicines and health related products to customer\'s door steps all across Pakistan. We operate through the website www.sehat.com.pk and Call Center (042) 11-11-73428 (SEHAT).\r\n<br><br>\r\nThanking You,\r\n<br><br>\r\nRegards\r\n<br><br>\r\nSupply Chain Department<br>\r\nSehat Online Pharmacy<br>\r\n<br><br>\r\nApothecare Pvt. Ltd.<br>\r\n63-A/2, Ghalib Market, Gulberg III. Lahore | Pakistan<br>\r\nTel: +92 (042) 35759474-35876509<br>\r\nCell: +92 3218360025 | Email: pricelist@sehat.com.pk<br>\r\nWebsite: wwww.sehat.com.pk						',434),(124,'pricelist@sehat.com.pk','\'\'','pricelist@sehat.com.pk','Updated Price List of Sucral','\r\n							Dear ---contact_person_name---,<br><br>						:\r\n							\r\nPlease forward us a complete updated price list of all your produtcs/specialties so that we may display/sell your products to customers at correct prices.\r\n<br><br>\r\nAlso, kindly include our following email address in your circulation list for price updates.\r\n<br><br>\r\npricelist@sehat.com.pk\r\n<br><br>\r\nWe are Pakistan\'s Premier Online Pharmacy delivering medicines and health related products to customer\'s door steps all across Pakistan. We operate through the website www.sehat.com.pk and Call Center (042) 11-11-73428 (SEHAT).\r\n<br><br>\r\nThanking You,\r\n<br><br>\r\nRegards\r\n<br><br>\r\nSupply Chain Department<br>\r\nSehat Online Pharmacy<br>\r\n<br><br>\r\nApothecare Pvt. Ltd.<br>\r\n63-A/2, Ghalib Market, Gulberg III. Lahore | Pakistan<br>\r\nTel: +92 (042) 35759474-35876509<br>\r\nCell: +92 3218360025 | Email: pricelist@sehat.com.pk<br>\r\nWebsite: wwww.sehat.com.pk						',475),(125,'pricelist@sehat.com.pk','\'\'','pricelist@sehat.com.pk','Updated Price List of Treet Corporation Ltd.','\r\n							Dear ---contact_person_name---,<br><br>						:\r\n							\r\nPlease forward us a complete updated price list of all your produtcs/specialties so that we may display/sell your products to customers at correct prices.\r\n<br><br>\r\nAlso, kindly include our following email address in your circulation list for price updates.\r\n<br><br>\r\npricelist@sehat.com.pk\r\n<br><br>\r\nWe are Pakistan\'s Premier Online Pharmacy delivering medicines and health related products to customer\'s door steps all across Pakistan. We operate through the website www.sehat.com.pk and Call Center (042) 11-11-73428 (SEHAT).\r\n<br><br>\r\nThanking You,\r\n<br><br>\r\nRegards\r\n<br><br>\r\nSupply Chain Department<br>\r\nSehat Online Pharmacy<br>\r\n<br><br>\r\nApothecare Pvt. Ltd.<br>\r\n63-A/2, Ghalib Market, Gulberg III. Lahore | Pakistan<br>\r\nTel: +92 (042) 35759474-35876509<br>\r\nCell: +92 3218360025 | Email: pricelist@sehat.com.pk<br>\r\nWebsite: wwww.sehat.com.pk						',492),(126,'pricelist@sehat.com.pk','\'\'','pricelist@sehat.com.pk','Updated Price List of Biocare Pharmaceutica','\r\n							Dear ---contact_person_name---,<br><br>						:\r\n							\r\nPlease forward us a complete updated price list of all your produtcs/specialties so that we may display/sell your products to customers at correct prices.\r\n<br><br>\r\nAlso, kindly include our following email address in your circulation list for price updates.\r\n<br><br>\r\npricelist@sehat.com.pk\r\n<br><br>\r\nWe are Pakistan\'s Premier Online Pharmacy delivering medicines and health related products to customer\'s door steps all across Pakistan. We operate through the website www.sehat.com.pk and Call Center (042) 11-11-73428 (SEHAT).\r\n<br><br>\r\nThanking You,\r\n<br><br>\r\nRegards\r\n<br><br>\r\nSupply Chain Department<br>\r\nSehat Online Pharmacy<br>\r\n<br><br>\r\nApothecare Pvt. Ltd.<br>\r\n63-A/2, Ghalib Market, Gulberg III. Lahore | Pakistan<br>\r\nTel: +92 (042) 35759474-35876509<br>\r\nCell: +92 3218360025 | Email: pricelist@sehat.com.pk<br>\r\nWebsite: wwww.sehat.com.pk						',526),(127,'pricelist@sehat.com.pk','\'\'','pricelist@sehat.com.pk','Updated Price List of 3S','\r\n							Dear ---contact_person_name---,<br><br>						:\r\n							\r\nPlease forward us a complete updated price list of all your produtcs/specialties so that we may display/sell your products to customers at correct prices.\r\n<br><br>\r\nAlso, kindly include our following email address in your circulation list for price updates.\r\n<br><br>\r\npricelist@sehat.com.pk\r\n<br><br>\r\nWe are Pakistan\'s Premier Online Pharmacy delivering medicines and health related products to customer\'s door steps all across Pakistan. We operate through the website www.sehat.com.pk and Call Center (042) 11-11-73428 (SEHAT).\r\n<br><br>\r\nThanking You,\r\n<br><br>\r\nRegards\r\n<br><br>\r\nSupply Chain Department<br>\r\nSehat Online Pharmacy<br>\r\n<br><br>\r\nApothecare Pvt. Ltd.<br>\r\n63-A/2, Ghalib Market, Gulberg III. Lahore | Pakistan<br>\r\nTel: +92 (042) 35759474-35876509<br>\r\nCell: +92 3218360025 | Email: pricelist@sehat.com.pk<br>\r\nWebsite: wwww.sehat.com.pk						',527),(128,'pricelist@sehat.com.pk','\'\'','pricelist@sehat.com.pk','Updated Price List of 3M','\r\n							Dear ---contact_person_name---,<br><br>						:\r\n							\r\nPlease forward us a complete updated price list of all your produtcs/specialties so that we may display/sell your products to customers at correct prices.\r\n<br><br>\r\nAlso, kindly include our following email address in your circulation list for price updates.\r\n<br><br>\r\npricelist@sehat.com.pk\r\n<br><br>\r\nWe are Pakistan\'s Premier Online Pharmacy delivering medicines and health related products to customer\'s door steps all across Pakistan. We operate through the website www.sehat.com.pk and Call Center (042) 11-11-73428 (SEHAT).\r\n<br><br>\r\nThanking You,\r\n<br><br>\r\nRegards\r\n<br><br>\r\nSupply Chain Department<br>\r\nSehat Online Pharmacy<br>\r\n<br><br>\r\nApothecare Pvt. Ltd.<br>\r\n63-A/2, Ghalib Market, Gulberg III. Lahore | Pakistan<br>\r\nTel: +92 (042) 35759474-35876509<br>\r\nCell: +92 3218360025 | Email: pricelist@sehat.com.pk<br>\r\nWebsite: wwww.sehat.com.pk						',528),(129,'pricelist@sehat.com.pk','\'\'','pricelist@sehat.com.pk','Updated Price List of Vega Pharmaceuticals (Pvt.) Ltd.','\r\n							Dear ---contact_person_name---,<br><br>						:\r\n							\r\nPlease forward us a complete updated price list of all your produtcs/specialties so that we may display/sell your products to customers at correct prices.\r\n<br><br>\r\nAlso, kindly include our following email address in your circulation list for price updates.\r\n<br><br>\r\npricelist@sehat.com.pk\r\n<br><br>\r\nWe are Pakistan\'s Premier Online Pharmacy delivering medicines and health related products to customer\'s door steps all across Pakistan. We operate through the website www.sehat.com.pk and Call Center (042) 11-11-73428 (SEHAT).\r\n<br><br>\r\nThanking You,\r\n<br><br>\r\nRegards\r\n<br><br>\r\nSupply Chain Department<br>\r\nSehat Online Pharmacy<br>\r\n<br><br>\r\nApothecare Pvt. Ltd.<br>\r\n63-A/2, Ghalib Market, Gulberg III. Lahore | Pakistan<br>\r\nTel: +92 (042) 35759474-35876509<br>\r\nCell: +92 3218360025 | Email: pricelist@sehat.com.pk<br>\r\nWebsite: wwww.sehat.com.pk						',529),(130,'pricelist@sehat.com.pk','\'\'','pricelist@sehat.com.pk','Updated Price List of  Smart Flamingo','\r\n							Dear ---contact_person_name---,<br><br>						:\r\n							\r\nPlease forward us a complete updated price list of all your produtcs/specialties so that we may display/sell your products to customers at correct prices.\r\n<br><br>\r\nAlso, kindly include our following email address in your circulation list for price updates.\r\n<br><br>\r\npricelist@sehat.com.pk\r\n<br><br>\r\nWe are Pakistan\'s Premier Online Pharmacy delivering medicines and health related products to customer\'s door steps all across Pakistan. We operate through the website www.sehat.com.pk and Call Center (042) 11-11-73428 (SEHAT).\r\n<br><br>\r\nThanking You,\r\n<br><br>\r\nRegards\r\n<br><br>\r\nSupply Chain Department<br>\r\nSehat Online Pharmacy<br>\r\n<br><br>\r\nApothecare Pvt. Ltd.<br>\r\n63-A/2, Ghalib Market, Gulberg III. Lahore | Pakistan<br>\r\nTel: +92 (042) 35759474-35876509<br>\r\nCell: +92 3218360025 | Email: pricelist@sehat.com.pk<br>\r\nWebsite: wwww.sehat.com.pk						',530);

--
-- Table structure for table `s_manufacturer_detail_tbl`
--

CREATE TABLE `s_manufacturer_detail_tbl` (
  `sm_id` int(11) NOT NULL AUTO_INCREMENT,
  `sm_name` varchar(256) NOT NULL,
  `sm_request_after` int(11) NOT NULL,
  `sm_remind_after` int(11) NOT NULL,
  `sm_reminder_limit` int(11) NOT NULL,
  `sm_reminder_count` int(11) NOT NULL DEFAULT '0',
  `sm_status_of_pricelist_request` int(11) NOT NULL DEFAULT '0',
  PRIMARY KEY (`sm_id`)
) ENGINE=MyISAM AUTO_INCREMENT=532 DEFAULT CHARSET=latin1;

--
-- Dumping data for table `s_manufacturer_detail_tbl`
--

INSERT INTO `s_manufacturer_detail_tbl` VALUES (1,'Glaxosmithkline(Consumer)',90,7,2,2,1),(2,'Glaxosmithkline(Pharma)',90,7,2,2,1),(3,'Abbott Laboratories (Pakistan) Limited (Pharma)',90,7,2,2,1),(4,'Abbott Laboratories (Pakistan) Limited (Nutrition)',90,7,2,2,1),(5,'Pfizer / Wyeth',90,7,2,2,1),(6,'Novartis Pharma (Pakistan) Ltd.',90,7,2,2,1),(7,'Sanofi Aventis Pakistan Limited ',90,7,2,2,1),(8,'Getz Pharma (Pvt) Limited',90,7,2,2,1),(18,'Hilton Pharma (Pvt) Ltd.',90,7,2,2,1),(20,'Searle Pakistan',90,7,2,2,1),(11,'Roche Pakistan Limited (Pharma)',90,7,2,0,0),(12,'Bayer Pakistan (Private) Limited',90,7,2,2,1),(25,'Barrett Hodgson Pakistan (Pvt) Ltd (Pharma)',90,7,2,2,1),(15,'Sami Pharmaceuticals (Pvt) Ltd',90,7,2,2,1),(17,'Merck Private Limited',90,7,2,2,1),(19,'Roche Pakistan Limited (Accu Check)',90,7,2,2,1),(21,'Bosch Pharmaceuticals (Pvt) Ltd.',90,7,2,2,1),(22,'Highnoon Laboratories Limited ',90,7,2,0,0),(24,'Barrett Hodgson Pakistan (Pvt) Ltd (Ophthalmic)',90,7,2,2,1),(27,'ICI Pakistan Limited ',90,7,2,2,1),(28,'Martin Dow',90,7,2,2,1),(29,'OBS Group',90,7,2,2,1),(30,'Indus Pharma (Pvt) Ltd.',90,7,2,2,1),(31,'Werrick Pharmaceuticals',90,7,2,2,1),(32,'Wilson Pharmaceuticals',90,7,2,2,1),(33,'Eli Lilly Pakistan (Pvt.) Ltd.',90,7,2,2,1),(34,'Atco Laboratories Limited ',90,7,2,2,1),(35,'NabiQasim Industries (Pvt) Limited ',90,7,2,2,1),(36,'CCL',90,7,2,2,1),(37,'High Q International ',90,7,2,2,1),(38,'Global Pharmaceuticals (Pvt) Limited ',90,7,2,2,1),(39,'Platinum Pharmaceuticals (Pvt) Limited ',90,7,2,2,1),(40,'Ferozsons Laboratories Limited ',90,7,2,2,1),(41,'Tabros Pharma',90,7,2,2,1),(44,'PharmEvo (Pvt) Limited ',90,7,2,2,1),(45,'Zafa Pharmaceutical Laboratories (Pvt.) Ltd.',90,7,2,2,1),(46,'Novo Nordisk',90,7,2,2,1),(47,'Macter International Limited ',90,7,2,2,1),(48,'Brookes Pharma(Pvt)Ltd ',90,7,2,2,1),(49,'Himont Pharma (Pvt) Ltd.',90,7,2,2,1),(50,'Reckitt Benckiser Pakistan Limited',90,7,2,2,1),(51,'Shaigan Pharmaceuticals (PVT) LTD',90,7,2,2,1),(53,'Chiesi Pharmaceuticals (Pvt) Ltd.',90,7,2,2,1),(54,'Efroze Chemical Industries (Pvt) Ltd',90,7,2,2,1),(55,'Mass Pharma',90,7,2,2,1),(56,'Otsuka Pakistan Limited',90,7,2,2,1),(57,'RG Pharmaceutica (Pvt.) Ltd',90,7,2,2,1),(58,'Helix Diagnostics',90,7,2,2,1),(59,'Amson Vaccine & Pharma (Pvt) Ltd.',90,7,2,2,1),(60,'Mendoza',90,7,2,2,1),(61,'Remington Pharmaceutical (Pvt) Ltd',90,7,2,2,1),(62,'Medipak Limited',90,7,2,2,1),(63,'Pacific Pharmaceuticals Limited',90,70,2,1,1),(64,'GENIX',90,7,2,2,1),(65,'Schazoo Zaka (Pvt) Ltd.',90,7,2,2,1),(66,'Saffron Pharmaceuticals (Pvt) Limited ',90,7,2,2,1),(67,'Pharmatec Pakistan (Pvt) Limited',90,7,2,2,1),(68,'Cirin Pharmaceuticals (Private) Limited',90,7,2,2,1),(69,'The Schazoo Pharmaceutical Laboratories (Pvt) Ltd.',90,7,2,2,1),(70,'Servier Research and Pharmaceutical (Pakistan) Pvt',90,7,2,2,1),(71,'Continental Pharma',90,7,2,2,1),(73,'Adamjee Pharma Services',90,7,2,2,1),(75,'PDH',90,7,2,2,1),(76,'Alcon',90,7,2,2,1),(77,'FRONTIER DEXTROSE LIMITED',90,7,2,2,1),(78,'Wilshire Laboratories (Pvt) Ltd',90,7,7,7,1),(79,'Sante Pharma',90,7,2,2,1),(80,'Zam Zam Corporation ',90,7,2,2,1),(81,'Irza Pharma ( Pvt) Limited',90,7,2,2,1),(82,'Scotmann Pharmaceuticals',90,7,2,2,1),(83,'Unexo Labs (Pvt) Ltd.',90,7,2,2,1),(84,'Libra',90,7,2,2,1),(85,'Johnson & Johnson Pakistan (Pvt.) Ltd',90,7,2,2,1),(86,'Genetics Pharmaceuticals (Pvt) Ltd',90,7,2,2,1),(87,'Amarant Pharma (Pvt) Ltd',90,7,2,2,1),(88,'Lahore Chemical & Pharmaceutical Works (Pvt) Ltd.',90,7,2,2,1),(89,'Pulse Pharmaceuticals ',90,7,2,2,1),(90,'Alina Combine',90,7,2,2,1),(91,'Maple Pharmaceuticals (Pvt)Ltd.',90,7,2,2,1),(92,'STANLEY PHARMACEUTICALS',90,7,2,2,1),(93,'Medisure Laboratories Pakistan (Pvt) Ltd',90,7,2,2,1),(94,'Medicaids',90,7,2,2,1),(95,'Excel Healthcare laboratories Pvt. Ltd.',90,7,2,2,1),(96,'Neutro Pharma (pvt) Ltd.',90,7,2,2,1),(97,'PHARMA HEALTH',90,7,2,2,1),(98,'Opal Laboratories',90,7,2,2,1),(99,'Bryon Pharmaceuticals',90,7,2,2,1),(100,'Lundbeck',90,7,2,2,1),(106,'B.Braun Pakistan (Pvt) Ltd',90,7,2,2,1),(118,'Uniferoz (Pvt.) Ltd',90,7,2,2,1),(105,'Cotton Craft (Pvt) Ltd.',90,2,7,7,1),(132,'Peridot Products                                                  ',90,7,2,2,1),(107,'Meiji',90,7,2,0,0),(108,'Qarshi Industries Pvt Ltd',90,7,2,2,1),(117,'Rakaposhi Pharmaceuticals',90,7,2,2,1),(136,'Venus Pharma',90,7,2,2,1),(119,'Albro Pharmaceuticals ( Pvt. ) Ltd.',90,7,2,2,1),(102,'Novamed Healthcare (Pvt) Ltd',90,7,2,2,1),(103,'IBL (Healthcare) Mead Johnson',7,2,2,2,1),(134,'The Vitamin Company',90,7,2,2,1),(104,'Popular Chemical Works (Pvt) Ltd.',90,7,2,2,1),(109,'Angelini Pharmaceuticals Pvt Ltd',90,7,2,2,1),(110,'Next Pharmaceuticals Products (Pvt) Ltd',90,7,2,2,1),(111,'Paramount Pharmaceuticals',90,7,2,2,1),(112,'Reko Pharmacal Pvt ltd.',90,7,2,2,1),(113,'Genetics Pharmaceuticals (Pvt) Ltd',90,7,2,2,1),(114,'Amarant Pharma (Pvt) Ltd',90,7,2,2,1),(115,'Pulse Pharmaceuticals ',90,7,2,2,1),(116,'Alina Combine',90,7,2,2,1),(130,'AGP (Private) Limited',90,7,2,2,1),(137,'Abbott Laboratories Pack shot',90,7,2,0,0),(135,'Abbott Laboratories (Pakistan) Limited (Diagnostics)',90,7,2,2,1),(138,'Abbott Laboratories Pack shot',90,7,2,2,1),(140,'Dadson',90,2,2,2,1),(142,'A.R.C Chemicals',90,7,2,0,0),(139,'Dr. William Schwabe',90,2,2,0,0),(141,'Bmed Health Care',90,7,2,2,1),(143,'Abon USA',90,7,2,0,0),(144,'Abqari Dawakhana',90,7,2,0,0),(145,'Accurate Medical Supplies ',90,7,2,0,0),(146,'ACE Nutrition',90,7,2,0,0),(147,'Acme Laboratories Pakistan (Pvt) Ltd. ',90,7,2,0,0),(148,'Acon Laboratories Inc. USA',90,7,2,0,0),(149,'Acti-Med Pharma (Pvt) Ltd. ',90,7,2,0,0),(150,'Aesculap',90,7,2,0,0),(151,'Aitken Stuart Pakistan',90,7,2,0,0),(152,'Akhai Pharmaceuticals ',90,7,2,0,0),(153,'Akson Pharmaceuticals (Pvt) Ltd. ',90,7,2,0,0),(154,'Algae Cal Inc',90,7,2,0,0),(155,'Al-Hameed Agencies (Pvt) Ltd ',90,7,2,0,0),(156,'Alkemy Pharmaceutical Laboratories (Pvt) Ltd',90,7,2,0,0),(157,'Allianze Pharma',90,7,2,0,0),(158,'Allmed Labs',90,7,2,2,1),(159,'Allmed Medical Gmbh',90,7,2,0,0),(160,'Ameer & Adnan Pharmaceuticals Pvt. Ltd',90,7,2,0,0),(161,'Ameer Pharma',90,7,2,0,0),(162,'America',90,7,2,0,0),(163,'Amoena France',90,7,2,0,0),(164,'Amros Pharmaceuticals ',90,7,2,0,0),(165,'Angel',90,7,2,0,0),(166,'Anhui Anke Biotechnology Co. Ltd, China',90,7,2,0,0),(167,'Ankaz Pharmex (Pvt) Ltd. ',90,7,2,0,0),(168,'Antec UK',90,7,2,0,0),(169,'Apothecary USA',90,7,2,0,0),(170,'Aqua pro',90,7,2,0,0),(171,'Arfi International Karachi',90,7,2,0,0),(172,'Arkray Factory Inc. Japan',90,7,2,0,0),(173,'ARSONS PHARMACEUTICALS IND> (PVT) LTD',90,7,2,0,0),(174,'Asian Pharmaceuticals',90,7,2,0,0),(175,'Askari Pharmaceuticals ',90,7,2,0,0),(176,'Astrazeneca',90,7,2,0,0),(177,'Avant Pharmaceuticals',90,7,2,0,0),(178,'Avecina Pharmaceuticals',90,7,2,0,0),(179,'Avisacta Health Care',90,7,2,0,0),(180,'BAP Medical Holland',90,7,2,0,0),(181,'Bausch and lomb',90,7,2,0,0),(182,'Beijing ShuangLu Pharmaceutical Co., Ltd',90,7,2,0,0),(183,'Benecheck',90,7,2,0,0),(184,'Benson Pharmaceuticals',90,7,2,0,0),(185,'Beste Pharma (Pvt) Ltd. ',90,7,2,0,0),(186,'Beurer',90,7,2,0,0),(187,'Beurer GmbH Germany',90,7,2,0,0),(188,'Bex Pharma (Pvt) Ltd',90,7,2,0,0),(189,'BIC',90,7,2,0,0),(190,'Biomecanica',90,7,2,0,0),(191,'Biomet Inc',90,7,2,0,0),(192,'Biorex Pharmaceuticals',90,7,2,0,0),(193,'Biotest Pharmaceutical',90,7,2,0,0),(194,'Biovista (Pvt) Ltd',90,7,2,0,0),(195,'Biozyme Biotechnology',90,7,2,0,0),(196,'Bliss Industries (Pvt) Ltd',90,7,2,0,0),(197,'Blood Uric Acid Kit 6x15\'s',90,7,2,0,0),(198,'Bloom Pharmaceuticals (Pvt) Ltd ',90,7,2,0,0),(199,'Blue Bird',90,7,2,0,0),(200,'BMS Germany',90,7,2,0,0),(201,'Boan Health Product',90,7,2,0,0),(202,'Brick Laboratories',90,7,2,0,0),(203,'Bristol Mayer Biotech Pakistan',90,7,2,0,0),(204,'British Pharmaceuticals',90,7,2,0,0),(205,'Calgan Pharmaceuticals',90,7,2,0,0),(206,'Candid Pharmaceuticals',90,7,2,0,0),(207,'Caylex Pharmaceuticals (Pvt) Ltd',90,7,2,0,0),(208,'Cedar Pharma ',90,7,2,0,0),(209,'Certeza',90,7,2,0,0),(210,'Changchun Institute of Biological Products Co. Ltd',90,7,2,0,0),(211,'Chas-A-Mendoza ',90,7,2,0,0),(212,'Chengdu Tiantaishan Pharmaceutical Co. Ltd. China',90,7,2,0,0),(213,'China',90,7,2,0,0),(214,'China National Medicines & Health Products Pvt.Ltd',90,7,2,0,0),(215,'Chinese Manufacturer',90,7,2,0,0),(216,'Chong Kun Dang Pharmaceutical Corp. Korea',90,7,2,0,0),(217,'Cibex (Pvt) Ltd ',90,7,2,0,0),(218,'Citizen',90,7,2,0,0),(219,'City Pharmaceutical Laboratories',90,7,2,0,0),(220,'CJ Cheiljedang Corporation, Korea',90,7,2,0,0),(221,'Clinova Ltd',90,7,2,0,0),(222,'Collegene Pharmaceuticals',90,7,2,0,0),(223,'ColoPlast, Denmark',90,7,2,0,0),(224,'ConMed Linvatec',90,7,2,0,0),(225,'Covidien',90,7,2,0,0),(226,'Crystolite Pharmaceuticals',90,7,2,0,0),(227,'CSL Behring Gmbh',90,7,2,0,0),(228,'Dabur',90,7,2,0,0),(229,'Danas Pharmaceuticals (Pvt) Ltd',90,7,2,0,0),(230,'Davis Pharmaceuticals Laboratories',90,7,2,0,0),(231,'De Royal, USA',90,7,2,0,0),(232,'Delta Pharma (Pvt) Ltd. Pak ',90,7,2,0,0),(233,'Delux Chemical Industries ',90,7,2,0,0),(234,'Demetech Corporation',90,7,2,0,0),(235,'Dentecia',90,7,2,0,0),(236,'Dermagen Pharma Pakistan (Pvt) Ltd. ',90,7,2,0,0),(237,'Diafarm a/s Denmark',90,7,2,0,0),(238,'Diagast',90,7,2,0,0),(239,'DMA England',90,7,2,0,0),(240,'Drugs Inn',90,7,2,0,0),(241,'Dyco surgical',90,7,2,0,0),(242,'Dynacare',90,7,2,0,0),(243,'Dyson Research Laboratories (pvt) limited.',90,7,2,0,0),(244,'Edwin Pharma',90,7,2,0,0),(245,'Efamol Plc',90,7,2,0,0),(246,'Elite Pharmaceuticals ',90,7,2,0,0),(247,'Elko Organization (Pvt) Ltd',90,7,2,0,0),(248,'Elko Pharma (Pvt) Ltd. Pakistan',90,7,2,0,0),(249,'Eros Pharma',90,7,2,0,0),(250,'Ethical Laboratories Pvt Ltd',90,7,2,0,0),(251,'Ethicon',90,7,2,0,0),(252,'Exclusive Medical',90,7,2,0,0),(253,'Ezy Dose',90,7,2,0,0),(254,'Father & Sons',90,7,2,0,0),(255,'FB Medical France',90,7,2,0,0),(256,'Fittydent International Gmbh',90,7,2,0,0),(257,'Fresenius Kabi',90,7,2,0,0),(258,'Fresenius Medical Care',90,7,2,0,0),(259,'Frio UK',90,7,2,0,0),(260,'G. Surgiwear Limited',90,7,2,0,0),(261,'Galaxy Pharma (Pvt.) Limited',90,7,2,0,0),(262,'Garnier',90,7,2,0,0),(263,'Gemini Nutraceuticals',90,7,2,0,0),(264,'Gerati',90,7,2,0,0),(265,'Geriatric Pharmaton',90,7,2,0,0),(266,'Glitz Pharma ',90,7,2,0,0),(267,'Golden Vac',90,7,2,0,0),(268,'Good\' N Natural USA',90,7,2,0,0),(269,'Goodman International ',90,7,2,0,0),(270,'Gramex',90,7,2,0,0),(271,'Graton Pharma',90,7,2,0,0),(272,'Grays Pharmaceuticals',90,7,2,0,0),(273,'Grifols USA',90,7,2,0,0),(274,'Haji Medicine Co. ',90,7,2,0,0),(275,'Hakimsons (Impex) (Pvt) Ltd ',90,7,2,0,0),(276,'Hamaz Pharmaceuticals (Pvt) Ltd',90,7,2,0,0),(277,'Hangzhou Zhongmei Huadong Pharmaceutical Co. Ltd. China',90,7,2,0,0),(278,'Harmann Pharmaceuticals Labs (Pvt) Ltd. ',90,7,2,0,0),(279,'Hashmi',90,7,2,0,0),(280,'HB-&-Company',90,7,2,0,0),(281,'Headstar Taiwan',90,7,2,0,0),(282,'Helicon Pharmaceutical Pakistan (Pvt) Ltd ',90,7,2,0,0),(283,'Hermes Sweetners Ltd',90,7,2,0,0),(284,'Hinucon',90,7,2,0,0),(285,'Hiranis Pharmaceuticals (Pvt) Limited',90,7,2,0,0),(286,'Hi-Warble Pharmaceuticals (Pvt) Ltd ',90,7,2,0,0),(287,'Hizat Pharmaceuticals Industries (Pvt) Ltd ',90,7,2,0,0),(288,'Hoffmann Human Health Pkistan (Ltd.) ',90,7,2,0,0),(289,'Homan Labs',90,7,2,0,0),(290,'Horizon Pharmaceuticals (Pvt) Ltd. ',90,7,2,0,0),(291,'Hyan Pharma ',90,7,2,0,0),(292,'I.Q. Pharma',90,7,2,0,0),(293,'Icon Pharma ',90,7,2,0,0),(294,'Ideal Pharmaceutical Industries ',90,7,2,0,0),(295,'Idealcare, Malaysia',90,7,2,0,0),(296,'Idrees Pharmaceuticals',90,7,2,0,0),(297,'Innvotek Pharmaceuticals',90,7,2,0,0),(298,'Institute Grifols, U.S.A',90,7,2,0,0),(299,'Integra NeuroSciences – USA',90,7,2,0,0),(300,'Intersurgical UK',90,7,2,0,0),(301,'intl pharma',90,7,2,0,0),(302,'Intra Health',90,7,2,0,0),(303,'Ipram International ',90,7,2,0,0),(304,'Irene',90,7,2,0,0),(305,'ISIS Pharmaceuticals & Chemicals Works',90,7,2,0,0),(306,'Jafson Pharmaceuticals (Pvt) Ltd ',90,7,2,0,0),(307,'Jenpharm',90,7,2,0,0),(308,'Jinnah Pharmaceuticals ',90,7,2,0,0),(309,'JMS',90,7,2,0,0),(310,'Kaizen Pharmaceuticals (Pvt.) Ltd',90,7,2,0,0),(311,'Kantex Japan',90,7,2,0,0),(312,'Kedrion',90,7,2,0,0),(313,'Kobec Health Sciences',90,7,2,0,0),(314,'Kohinoor Industries',90,7,2,0,0),(315,'Korea Pharma Co. Ltd',90,7,2,0,0),(316,'Kurative Pharma',90,7,2,0,0),(317,'KY Trade CO. LTD',90,7,2,0,0),(318,'LA ROCHE-POSAY Laboratoire Dermatologique',90,7,2,0,0),(319,'La-Vie',90,7,2,0,0),(320,'Lawrance Pharma (Pvt) Ltd ',90,7,2,0,0),(321,'Le Grand Vertex',90,7,2,0,0),(322,'Leamachemi Pharma (Pvt) Ltd ',90,7,2,0,0),(323,'Leo Pharma',90,7,2,0,0),(324,'LG Life Sciences Ltd. Korea',90,7,2,0,0),(325,'Life Care Surgical',90,7,2,0,0),(326,'Life Line Pharmaceuticals ',90,7,2,0,0),(327,'Life Sciences Pharmaceuticals (Pvt) Ltd ',90,7,2,0,0),(328,'Lifecare Healthcare U.K Ltd',90,7,2,0,0),(329,'Linz Pharmaceuticals (Pvt) Ltd. ',90,7,2,0,0),(330,'Littmann',90,7,2,0,0),(331,'L\'Oreal Maybelline',90,7,2,0,0),(332,'L\'Oreal Paris',90,7,2,0,0),(333,'LR ROCHE-POSAY Laboratoire Dermatologique',90,7,2,0,0),(334,'Macherey- Nagel ( Germany )',90,7,2,0,0),(335,'Macherey-Nagel Germany',90,7,2,0,0),(336,'Made in China',90,7,2,0,0),(337,'Mam Pharma',90,7,2,0,0),(338,'Mana Traders',90,7,2,0,0),(339,'Marhaba Laboratories PVT LTD',90,7,2,0,0),(340,'Marriana International',90,7,2,0,0),(341,'Martindale Healthcare Pakistan ',90,7,2,0,0),(342,'Masc Co., Ltd.',90,7,2,0,0),(343,'Mascon Pharmacal ',90,7,2,0,0),(344,'Master Pharma (Pvt) Ltd',90,7,2,0,0),(345,'Mazton Pharma',90,7,2,0,0),(346,'MBL Pharma ',90,7,2,0,0),(347,'McNeil Products Ltd. UK',90,7,2,0,0),(348,'Mcolson Research laboratories',90,7,2,0,0),(349,'Mead Johnson & Company',90,7,2,0,0),(350,'Meda',90,7,2,0,0),(351,'Medel',90,7,2,0,0),(352,'Medentech, Wexford, Ireland',90,7,2,0,0),(353,'Medera Pharmaceuticals (Pvt) Ltd ',90,7,2,0,0),(354,'Medi Aims Marketing ',90,7,2,0,0),(355,'Mediate Pharma',90,7,2,0,0),(356,'Medicaids Pakistan (Pvt) Ltd.',90,7,2,0,0),(357,'Mediceena Pharma (Pvt) Ltd ',90,7,2,0,0),(358,'Medics',90,7,2,0,0),(359,'Medics Laboratories (pvt) limited',90,7,2,0,0),(360,'Medimpex Scientific Office ',90,7,2,0,0),(361,'Medinet Pharmaceuticals ',90,7,2,0,0),(362,'Medonic',90,7,2,0,0),(363,'Meiji Co., Ltd',90,7,2,0,0),(364,'Mentholantum Australasia (Pvt) Ltd.',90,7,2,0,0),(365,'Mepore(Pvt) Ltd',90,7,2,0,0),(366,'Micao Industrial Chemicals Co. Pvt. Ltd.',90,7,2,0,0),(367,'Micko industrial chemicals CO.(Pvt) Ltd',90,7,2,0,0),(368,'Miko Industries',90,7,2,0,0),(369,'Misc',90,7,2,0,0),(370,'Multiple Manufacturers',90,7,2,0,0),(371,'Mylan Laboratories Limited',90,7,2,0,0),(372,'Myofunctional Research Co.',90,7,2,0,0),(373,'Nantong Angel',90,7,2,0,0),(374,'Nasco USA',90,7,2,0,0),(375,'Natural Factors Canada',90,7,2,0,0),(376,'Nature\'s Bounty',90,7,2,0,0),(377,'Nawab Pharma',90,7,2,0,0),(378,'Nawabsons Laboratories (Pvt) Ltd',90,7,2,0,0),(379,'Nawan Laboratories (Pvt) Ltd ',90,7,2,0,0),(380,'Nenza Pharma (Pvt) Ltd ',90,7,2,0,0),(381,'Neo Nexus Pakistan (Pvt) Ltd ',90,7,2,0,0),(382,'Neomedix ',90,7,2,0,0),(383,'Nestle',90,7,3,3,1),(384,'Nestle Pakistan ',90,7,2,0,0),(385,'News Pharma',90,7,2,0,0),(386,'NexPharm Pharma',90,7,2,0,0),(387,'Nipro Corporation',90,7,2,0,0),(388,'Nitto Denko Corporation',90,7,2,0,0),(389,'Noa Hemis Pharmaceuticals ',90,7,2,0,0),(390,'Novell Pharmaceutical Laboratories',90,7,2,0,0),(391,'Novins International (Pvt) Ltd ',90,7,2,0,0),(392,'Nutricia Cow & Gate',90,7,2,0,0),(393,'Nutri-Slim Health Venture Inc. USA',90,7,2,0,0),(394,'Nuzzer Pharmaceuticals & Nutritions ',90,7,2,0,0),(395,'Obsons Pharmaceuticals ',90,7,2,0,0),(396,'Olive Laboratories ',90,7,2,0,0),(397,'Omron Healthcare',90,7,2,2,1),(398,'Oncogene Pharmaceuticals',90,7,2,0,0),(399,'Ophth Pharma (Pvt) Ltd ',90,7,2,0,0),(400,'Opto Pharm',90,7,2,0,0),(401,'Organic Pharmaceuticals',90,7,2,0,0),(402,'Organon Pakistan (Pvt) Ltd ',90,7,2,0,0),(403,'Orient Laboratories (Pvt) Ltd. ',90,7,2,0,0),(404,'Orta Laboratories (Pvt) Ltd ',90,7,2,0,0),(405,'Oval Pharmaceuticals',90,7,2,0,0),(406,'P.D.H Pharmaceuticals (Pvt) Ltd. ',90,7,2,0,0),(407,'Pakheim International Pharma ',90,7,2,0,0),(408,'Pearl Pharmaceuticals ',90,7,2,0,0),(409,'Pegion',90,7,2,0,0),(410,'Perfect',90,7,2,0,0),(411,'Perfect Medical Ind., Taiwan',90,7,2,0,0),(412,'Performance Health LLC, USA',90,7,2,0,0),(413,'Pharmacare Laboratories (Pvt) Ltd. ',90,7,2,0,0),(414,'Pharmachemie (Pch) ',90,7,2,0,0),(415,'Pharmacyclics',90,7,2,0,0),(416,'Phar-Man Laboratories ',90,7,2,0,0),(417,'Pharmawise Labs (Pvt) Ltd ',90,7,2,0,0),(418,'Pharmix Laboratories (Pvt) Ltd ',90,7,2,0,0),(419,'Philips',90,7,2,0,0),(420,'Portex',90,7,2,0,0),(421,'Prime Laboratories',90,7,2,0,0),(422,'Primex Pharma ',90,7,2,0,0),(423,'Prix Pharmaceutica (Pvt) Ltd ',90,7,2,0,0),(424,'Procter & Gamble',90,7,2,0,0),(425,'Progressive Laboratories Pakistan (Pvt) Ltd ',90,7,2,0,0),(426,'Puritan\'S Pride',90,7,2,0,0),(427,'Randox Laboratories',90,7,2,0,0),(428,'Rasco Pharma ',90,7,2,0,0),(429,'Ray Pharma ( Pvt.) Limited',90,7,2,0,0),(430,'Rayon International ',90,7,2,0,0),(431,'RCN USA',90,7,2,0,0),(432,'Robins Pharmaceutical Industries ',90,7,2,0,0),(433,'Roomi Enterprises',90,7,2,2,1),(434,'Route2Health (Pvt) Ltd',90,7,2,2,1),(435,'Royal Derma Health Care Pakistan ',90,7,2,0,0),(436,'Royal Pharmaceuticlas ',90,7,2,0,0),(437,'Safety',90,7,2,0,0),(438,'Saia Healthcare (Pvt) Ltd',90,7,2,0,0),(439,'Saydon Pharmaceuticals Ind. (Pvt) Ltd ',90,7,2,0,0),(440,'Schwabe',90,7,2,0,0),(441,'Scilife Pharma (Pvt) Ltd',90,7,2,0,0),(442,'Sea Gull China',90,7,2,0,0),(443,'Seacal',90,7,2,0,0),(444,'Sehat',90,7,2,0,0),(445,'Seignior Pharma ',90,7,2,0,0),(446,'Semos Pharma Pvt Ltd.',90,7,2,0,0),(447,'Semos Pharmaceuticals (Pvt) Ltd ',90,7,2,0,0),(448,'Senior Diapers',90,7,2,0,0),(449,'Seven Seas limited',90,7,2,0,0),(450,'SH Marketing Services (pvt) ltd',90,7,2,0,0),(451,'Shafaz Pharma International (Pvt) Ltd ',90,7,2,0,0),(452,'Shahzeb Pharmaceuticals',90,7,2,0,0),(453,'Shandong Blue',90,7,2,0,0),(454,'Shandong Geneleuk Biopharmaceutical Co. Ltd., China',90,7,2,0,0),(455,'Shandong Keyuan Pharma. Co. Ltd. China',90,7,2,0,0),(456,'Shandong Zibo Shanchuan Medical Industries Company Limited',90,7,2,0,0),(457,'Shangai Rass Blood Products Co.Ltd',90,7,2,0,0),(458,'Shantys Limited',90,7,2,0,0),(459,'Sharex Pharma',90,7,2,0,0),(460,'Shazal`S Pharmaceutical ',90,7,2,0,0),(461,'Shrooq Pharmaceuticals (Pvt) Ltd. ',90,7,2,0,0),(462,'Siza International (Pvt) Ltd. ',90,7,2,0,0),(463,'Sj-&-G Fazal Elahi',90,7,2,0,0),(464,'Slimfit Neutro Pharma',90,7,2,0,0),(465,'Smart Flamingo',90,7,2,0,0),(466,'Smi Belgium',90,7,2,0,0),(467,'Smiths Medical Uk',90,7,2,0,0),(468,'Sonexo Laboratries',90,7,2,0,0),(469,'Specific Research Laboratories ',90,7,2,0,0),(470,'Standpharm Pakistan (Pvt) Ltd ',90,7,2,0,0),(471,'Star Laboratories (Pvt) Ltd ',90,7,2,0,0),(472,'Starlink Pharma',90,7,2,0,0),(473,'Stern Pharma ',90,7,2,0,0),(474,'Stiefel Laboratories Pakistan (Pvt) Ltd ',90,7,2,0,0),(475,'Sucral',90,7,2,2,1),(476,'Sulk Farmaceutici ',90,7,2,0,0),(477,'Surge Laboratories (Pvt) Ltd ',90,7,2,0,0),(478,'Surgitex',90,7,2,0,0),(479,'Swan China',90,7,2,0,0),(480,'Sycom Pharmaceuticals ',90,7,2,0,0),(481,'Tagma Pharma (Pvt) Ltd ',90,7,2,0,0),(482,'Taiyuan Pharmaceutical',90,7,2,0,0),(483,'Tansy Pharmaceuticals (Pvt) Ltd. ',90,7,2,0,0),(484,'Techni Ice',90,7,2,0,0),(485,'Technovision Pharmceuticals ',90,7,2,0,0),(486,'Teco Diagnostics-USA',90,7,2,0,0),(487,'Tegma Pharma',90,7,2,0,0),(488,'Top Fit',90,7,2,0,0),(489,'Toshib',90,7,2,0,0),(490,'Trans Asian Pharmaceuticals',90,7,2,0,0),(491,'Tread pharma',90,7,2,0,0),(492,'Treet Corporation Ltd.',90,7,2,2,1),(493,'Trigen pharmaceutical',90,7,2,0,0),(494,'Tru Bru',90,7,2,0,0),(495,'TUV Product Service',90,7,2,0,0),(496,'Unilever',90,7,2,0,0),(497,'Unimark Pharmaceuticals ',90,7,2,0,0),(498,'Unipharma (Pvt) Ltd. ',90,7,2,0,0),(499,'Uppal Pharma',90,7,2,0,0),(500,'Usawa Pharmaceuticals ',90,7,2,0,0),(501,'Varioline International (Pvt) Ltd ',90,7,2,0,0),(502,'Various',90,7,2,0,0),(503,'Venture Pharmaceuticals (Pvt) Ltd. ',90,7,2,0,0),(504,'Vertex Cosmetics',90,7,2,0,0),(505,'Wellmed',90,7,2,0,0),(506,'Woodward Pakistan (Pvt) Ltd ',90,7,2,0,0),(507,'Wright Medical',90,7,2,0,0),(508,'Wuhan Grand  Pharmaceutical Group Co,. Ltd. China',90,7,2,0,0),(509,'Wuhan Pharmaceuticals',90,7,2,0,0),(510,'Xenon Pharmaceuticals (Pvt) Ltd ',90,7,2,0,0),(511,'Yamasu Japan',90,7,2,0,0),(512,'You Win, Shanghai, China',90,7,2,0,0),(513,'Zephyr Pharmatec (Pvt) Ltd ',90,7,2,0,0),(514,'Zesion Pharmaceuticals (Pvt) Ltd ',90,7,2,0,0),(515,'Zhejiang ChiMin Pharmaceutical Co Ltd',90,7,2,0,0),(516,'Zhejiang Hisun Pharmaceutical Co. Ltd. China',90,7,2,0,0),(517,'Zimmer Inc',90,7,2,0,0),(518,'Z-Jans Pharmaceutical (Pvt) Ltd ',90,7,2,0,0),(519,'OBS Pharma',90,7,2,2,1),(521,'Herbo natural',90,7,2,2,1),(520,'Matrix pharma (Pvt) Ltd',90,7,2,2,1),(526,'Biocare Pharmaceutica',90,7,2,2,1),(523,'BSN Medical Pvt Ltd',90,7,2,2,1),(525,'Biocare Pharmaceutica',90,7,2,0,0),(522,'Titlis Pharma',90,7,2,2,1),(524,'AJ Pharma Mirza',90,7,2,2,1),(527,'3S',90,7,2,2,1),(528,'3M',90,7,2,2,1),(529,'Vega Pharmaceuticals (Pvt.) Ltd.',90,7,2,2,1),(531,'Zenith Pharma',90,7,2,2,1),(530,' Smart Flamingo',90,7,2,2,1);

--
-- Table structure for table `s_manufacturer_file_job_department_history`
--

CREATE TABLE `s_manufacturer_file_job_department_history` (
  `job_dept_id` int(11) NOT NULL AUTO_INCREMENT,
  `completed` tinyint(4) NOT NULL DEFAULT '0' COMMENT '0=open/pending|1=complete/closed',
  `remarks` text NOT NULL,
  `action_by` int(11) NOT NULL,
  `action_dept` int(11) NOT NULL,
  `action_on` timestamp NOT NULL DEFAULT CURRENT_TIMESTAMP,
  PRIMARY KEY (`job_dept_id`),
  KEY `action_by` (`action_by`),
  KEY `action_dept` (`action_dept`)
) ENGINE=InnoDB DEFAULT CHARSET=latin1;

--
-- Dumping data for table `s_manufacturer_file_job_department_history`
--


--
-- Table structure for table `s_manufacturer_file_job_file_check_history`
--

CREATE TABLE `s_manufacturer_file_job_file_check_history` (
  `job_check_id` int(11) NOT NULL AUTO_INCREMENT,
  `job_id` int(11) NOT NULL,
  `check_id` int(11) NOT NULL,
  `remarks` varchar(255) NOT NULL,
  `file_name` text NOT NULL,
  `added_by` int(11) NOT NULL,
  `added_on` timestamp NOT NULL DEFAULT CURRENT_TIMESTAMP,
  PRIMARY KEY (`job_check_id`),
  KEY `job_id` (`job_id`),
  KEY `check_id` (`check_id`)
) ENGINE=InnoDB DEFAULT CHARSET=latin1;

--
-- Dumping data for table `s_manufacturer_file_job_file_check_history`
--


--
-- Table structure for table `s_manufacturer_file_job_history`
--

CREATE TABLE `s_manufacturer_file_job_history` (
  `job_file_id` int(11) NOT NULL AUTO_INCREMENT,
  `job_id` int(11) NOT NULL,
  `action_remark` varchar(255) DEFAULT NULL,
  `action_by` int(11) NOT NULL,
  `action_dept` int(11) NOT NULL,
  `action_on` timestamp NOT NULL DEFAULT CURRENT_TIMESTAMP ON UPDATE CURRENT_TIMESTAMP,
  PRIMARY KEY (`job_file_id`),
  KEY `job_id` (`job_id`)
) ENGINE=InnoDB DEFAULT CHARSET=latin1;

--
-- Dumping data for table `s_manufacturer_file_job_history`
--


--
-- Table structure for table `s_manufacturer_file_job_statuses`
--

CREATE TABLE `s_manufacturer_file_job_statuses` (
  `status_id` int(11) NOT NULL AUTO_INCREMENT,
  `status_desc` varchar(255) NOT NULL,
  PRIMARY KEY (`status_id`),
  UNIQUE KEY `status_desc` (`status_desc`)
) ENGINE=InnoDB DEFAULT CHARSET=latin1;

--
-- Dumping data for table `s_manufacturer_file_job_statuses`
--


--
-- Table structure for table `s_manufacturer_file_jobs`
--

CREATE TABLE `s_manufacturer_file_jobs` (
  `job_id` int(11) NOT NULL AUTO_INCREMENT,
  `file_id` int(11) NOT NULL,
  `job_status` int(11) NOT NULL,
  `open_date` timestamp NOT NULL DEFAULT CURRENT_TIMESTAMP ON UPDATE CURRENT_TIMESTAMP,
  `close_date` timestamp NULL DEFAULT NULL,
  `last_modified` timestamp NULL DEFAULT NULL,
  PRIMARY KEY (`job_id`),
  KEY `file_id` (`file_id`),
  KEY `job_status` (`job_status`)
) ENGINE=InnoDB DEFAULT CHARSET=latin1;

--
-- Dumping data for table `s_manufacturer_file_jobs`
--


--
-- Table structure for table `s_manufacturer_files`
--

CREATE TABLE `s_manufacturer_files` (
  `file_id` int(11) NOT NULL AUTO_INCREMENT,
  `manufacturer_file_name` varchar(255) NOT NULL,
  `last_updated` timestamp NULL DEFAULT NULL,
  `file_defined_on` timestamp NOT NULL DEFAULT CURRENT_TIMESTAMP,
  `file_defined_by` int(11) NOT NULL,
  `file_edited_on` timestamp NULL DEFAULT NULL,
  `file_edited_by` int(11) DEFAULT NULL,
  PRIMARY KEY (`file_id`),
  UNIQUE KEY `manufacturer_file_name` (`manufacturer_file_name`)
) ENGINE=InnoDB DEFAULT CHARSET=latin1;

--
-- Dumping data for table `s_manufacturer_files`
--


--
-- Table structure for table `s_manufacturer_files_manufacturers`
--

CREATE TABLE `s_manufacturer_files_manufacturers` (
  `file_man_recid` int(11) NOT NULL AUTO_INCREMENT,
  `man_id` int(11) NOT NULL,
  `added_on` timestamp NOT NULL DEFAULT CURRENT_TIMESTAMP ON UPDATE CURRENT_TIMESTAMP,
  `added_by` int(11) NOT NULL,
  PRIMARY KEY (`file_man_recid`)
) ENGINE=InnoDB DEFAULT CHARSET=latin1;

--
-- Dumping data for table `s_manufacturer_files_manufacturers`
--


--
-- Table structure for table `s_manufacturer_task_detail`
--

CREATE TABLE `s_manufacturer_task_detail` (
  `task_detail_id` int(11) NOT NULL AUTO_INCREMENT,
  `man_task_recid` int(11) NOT NULL,
  `task_detail` longtext NOT NULL,
  `addby` int(11) DEFAULT NULL,
  `editby` int(11) DEFAULT NULL,
  `created_at` timestamp NOT NULL DEFAULT CURRENT_TIMESTAMP,
  `updated_at` timestamp NULL DEFAULT CURRENT_TIMESTAMP ON UPDATE CURRENT_TIMESTAMP,
  PRIMARY KEY (`task_detail_id`),
  KEY `man_task_recid` (`man_task_recid`),
  KEY `addby` (`addby`),
  KEY `editby` (`editby`)
) ENGINE=InnoDB DEFAULT CHARSET=latin1;

--
-- Dumping data for table `s_manufacturer_task_detail`
--


--
-- Table structure for table `s_manufacturer_task_master`
--

CREATE TABLE `s_manufacturer_task_master` (
  `recid` int(11) NOT NULL AUTO_INCREMENT,
  `manufacturer_id` int(11) NOT NULL,
  `file_id` int(11) NOT NULL,
  `task_id` int(11) NOT NULL,
  `addby` int(11) NOT NULL,
  `status` tinyint(11) NOT NULL DEFAULT '0',
  `status_change_date` varchar(250) DEFAULT NULL,
  `editby` int(11) DEFAULT NULL,
  `created_at` timestamp NOT NULL DEFAULT CURRENT_TIMESTAMP,
  `edited_at` timestamp NULL DEFAULT CURRENT_TIMESTAMP ON UPDATE CURRENT_TIMESTAMP,
  PRIMARY KEY (`recid`),
  KEY `manufacturer_id` (`manufacturer_id`),
  KEY `file_id` (`file_id`),
  KEY `task_id` (`task_id`)
) ENGINE=InnoDB AUTO_INCREMENT=34 DEFAULT CHARSET=latin1;

--
-- Dumping data for table `s_manufacturer_task_master`
--

INSERT INTO `s_manufacturer_task_master` VALUES (27,90,4,2,4,0,NULL,NULL,'2019-09-19 06:49:59','2019-09-19 06:49:59'),(28,90,4,3,4,0,NULL,NULL,'2019-09-19 06:50:21','2019-09-19 06:50:21'),(29,90,4,4,4,0,NULL,NULL,'2019-09-19 06:50:38','2019-09-19 06:50:38'),(30,90,1,9,4,0,NULL,4,'2019-09-23 05:47:54','2019-09-23 06:12:45'),(31,90,1,9,4,0,NULL,NULL,'2019-10-05 06:46:45','2019-10-05 06:46:45'),(32,90,1,9,4,0,NULL,NULL,'2019-10-05 07:00:46','2019-10-05 07:00:46'),(33,90,1,6,4,0,NULL,NULL,'2019-10-05 07:25:11','2019-10-05 07:25:11');

--
-- Table structure for table `s_reminders_dtl_tbl`
--

CREATE TABLE `s_reminders_dtl_tbl` (
  `sr_dtl_id` int(11) NOT NULL AUTO_INCREMENT,
  `sr_dtl_sr_id` int(11) NOT NULL,
  `sr_dtl_sc_id` int(11) NOT NULL,
  `sr_dtl_sm_id` int(11) NOT NULL,
  PRIMARY KEY (`sr_dtl_id`)
) ENGINE=MyISAM AUTO_INCREMENT=1410 DEFAULT CHARSET=latin1;

--
-- Dumping data for table `s_reminders_dtl_tbl`
--

INSERT INTO `s_reminders_dtl_tbl` VALUES (1,1,32,24),(2,2,15,12),(3,3,43,34),(4,3,44,34),(5,4,3,3),(6,5,111,87),(7,5,112,87),(8,6,4,4),(9,7,126,99),(10,8,126,99),(11,9,32,24),(12,10,62,48),(13,11,88,73),(14,12,116,90),(15,13,33,25),(16,14,90,76),(17,15,90,76),(18,16,66,53),(19,17,81,68),(20,18,86,71),(21,19,67,54),(22,20,121,95),(23,21,52,40),(24,21,53,40),(25,22,93,77),(26,22,92,77),(27,23,109,86),(28,23,110,86),(29,24,77,64),(30,25,9,8),(31,25,10,8),(32,26,2,2),(33,27,49,38),(34,27,50,38),(35,28,71,58),(36,29,48,37),(37,30,22,18),(38,30,23,18),(39,31,34,27),(40,32,63,49),(41,33,37,30),(42,33,38,30),(43,34,99,81),(44,34,100,81),(45,34,101,81),(46,34,102,81),(47,35,107,85),(48,35,108,85),(49,36,107,85),(50,36,108,85),(51,37,113,88),(52,38,106,84),(53,39,127,100),(54,40,60,47),(55,40,61,47),(56,41,117,91),(57,42,35,28),(58,43,68,55),(59,44,120,94),(60,45,75,62),(61,46,119,93),(62,47,73,60),(63,48,21,17),(64,49,45,35),(65,50,122,96),(66,50,123,96),(67,51,6,6),(68,52,125,98),(69,53,76,63),(70,54,89,75),(71,55,5,5),(72,56,124,97),(73,57,69,56),(74,58,80,67),(75,59,56,44),(76,59,57,44),(77,59,58,44),(78,60,51,39),(79,61,114,89),(80,61,115,89),(81,62,64,50),(82,63,70,57),(83,64,24,19),(84,65,13,11),(85,65,14,11),(86,66,13,11),(87,66,14,11),(88,67,7,7),(89,67,8,7),(90,68,97,79),(91,69,103,82),(92,69,104,82),(93,70,25,20),(94,71,84,70),(95,71,85,70),(96,72,118,92),(97,73,3,3),(98,74,5,5),(99,75,6,6),(100,76,7,7),(101,76,8,7),(102,77,9,8),(103,77,10,8),(104,78,22,18),(105,78,23,18),(106,79,25,20),(107,80,15,12),(108,81,33,25),(109,82,21,17),(110,83,24,19),(111,84,35,28),(112,85,37,30),(113,85,38,30),(114,86,43,34),(115,86,44,34),(116,87,45,35),(117,88,48,37),(118,89,51,39),(119,90,117,91),(120,91,40,32),(121,92,2,2),(122,93,98,80),(123,94,59,45),(124,95,94,78),(125,95,95,78),(126,95,96,78),(127,96,94,78),(128,96,95,78),(129,96,96,78),(130,97,118,92),(131,98,84,70),(132,98,85,70),(133,99,103,82),(134,99,104,82),(135,100,88,73),(136,101,116,90),(137,102,111,87),(138,102,112,87),(139,103,62,48),(140,104,66,53),(141,105,81,68),(142,106,86,71),(143,107,67,54),(144,108,121,95),(145,109,52,40),(146,109,53,40),(147,110,93,77),(148,110,92,77),(149,111,109,86),(150,111,110,86),(151,112,77,64),(152,113,71,58),(153,114,63,49),(154,115,99,81),(155,115,100,81),(156,115,101,81),(157,115,102,81),(158,116,113,88),(159,117,106,84),(160,118,127,100),(161,119,60,47),(162,119,61,47),(163,120,90,76),(164,121,133,41),(165,121,134,41),(166,122,105,83),(167,123,105,83),(168,124,39,31),(169,125,26,21),(170,125,27,21),(171,126,40,32),(172,127,97,79),(173,128,70,57),(174,129,64,50),(175,130,114,89),(176,130,115,89),(177,131,56,44),(178,131,57,44),(179,131,58,44),(180,132,80,67),(181,133,69,56),(182,134,124,97),(183,135,89,75),(184,136,76,63),(185,137,125,98),(186,138,122,96),(187,138,123,96),(188,139,73,60),(189,140,119,93),(190,141,75,62),(191,142,120,94),(192,143,68,55),(193,144,90,76),(194,145,133,41),(195,145,134,41),(196,146,173,117),(198,148,173,117),(199,149,184,134),(200,150,3,3),(201,151,4,4),(202,152,15,12),(203,152,135,12),(204,153,33,25),(205,154,32,24),(206,154,140,24),(207,155,72,59),(208,156,126,99),(209,157,1,1),(210,158,9,8),(211,158,10,8),(212,159,34,27),(213,159,141,27),(214,160,37,30),(215,160,38,30),(216,161,50,38),(217,162,66,53),(218,163,81,68),(219,164,86,71),(220,165,99,81),(221,165,100,81),(222,165,101,81),(223,165,102,81),(224,166,108,85),(225,167,113,88),(226,168,117,91),(227,168,138,91),(228,169,5,5),(229,170,21,17),(230,170,170,17),(231,171,24,19),(232,172,56,44),(233,172,57,44),(234,172,58,44),(235,173,69,56),(236,174,70,57),(237,175,75,62),(238,176,79,66),(239,177,103,82),(240,177,104,82),(241,178,118,92),(242,179,122,96),(243,179,123,96),(244,180,184,134),(245,181,1,1),(246,182,98,80),(247,183,46,36),(248,183,47,36),(249,183,169,36),(250,184,3,3),(251,185,4,4),(252,186,22,18),(253,186,23,18),(254,187,13,11),(255,187,14,11),(256,188,33,25),(257,189,19,15),(258,190,21,17),(259,190,170,17),(260,191,34,27),(261,191,141,27),(262,192,37,30),(263,192,38,30),(264,193,40,32),(265,194,41,33),(266,194,42,33),(267,195,46,36),(268,195,47,36),(269,195,169,36),(270,196,67,54),(271,196,136,54),(272,197,74,61),(273,198,75,62),(274,199,90,76),(275,200,110,86),(276,201,179,130),(277,202,4,4),(278,203,22,18),(279,203,23,18),(280,204,13,11),(281,204,14,11),(282,205,33,25),(283,206,21,17),(284,206,170,17),(285,207,37,30),(286,207,38,30),(287,208,40,32),(288,209,74,61),(289,210,75,62),(290,211,90,76),(291,212,6,6),(292,212,171,6),(293,212,172,6),(294,213,1,1),(295,214,2,2),(296,215,6,6),(297,215,171,6),(298,215,172,6),(299,216,108,85),(300,217,1,1),(301,218,2,2),(302,219,187,138),(303,220,108,85),(304,221,187,138),(305,222,84,70),(306,222,85,70),(307,223,5,5),(308,224,8,7),(309,225,9,8),(310,225,10,8),(311,226,15,12),(312,226,135,12),(313,227,24,19),(314,228,32,24),(315,228,140,24),(316,229,50,38),(317,230,56,44),(318,230,57,44),(319,230,58,44),(320,231,66,53),(321,232,69,56),(322,233,70,57),(323,234,81,68),(324,235,84,70),(325,235,85,70),(326,236,86,71),(327,237,99,81),(328,237,100,81),(329,237,101,81),(330,237,102,81),(331,238,103,82),(332,238,104,82),(333,239,113,88),(334,240,117,91),(335,240,138,91),(336,241,118,92),(337,242,122,96),(338,242,123,96),(339,243,173,117),(340,244,175,119),(341,245,5,5),(342,246,8,7),(343,247,9,8),(344,247,10,8),(345,248,15,12),(346,248,135,12),(347,249,24,19),(348,250,32,24),(349,250,140,24),(350,251,50,38),(351,252,56,44),(352,252,57,44),(353,252,58,44),(354,253,66,53),(355,254,69,56),(356,255,70,57),(357,256,81,68),(358,257,86,71),(359,258,99,81),(360,258,100,81),(361,258,101,81),(362,258,102,81),(363,259,103,82),(364,259,104,82),(365,260,113,88),(366,261,117,91),(367,261,138,91),(368,262,118,92),(369,263,122,96),(370,263,123,96),(371,264,173,117),(372,265,175,119),(373,266,43,34),(374,266,44,34),(375,267,59,45),(376,268,43,34),(377,268,44,34),(378,269,59,45),(379,270,93,77),(380,271,68,55),(381,272,124,97),(382,273,93,77),(383,274,68,55),(384,275,124,97),(385,276,3,3),(386,277,19,15),(387,278,34,27),(388,278,141,27),(389,279,41,33),(390,279,42,33),(391,280,51,39),(392,281,110,86),(393,282,184,134),(394,283,179,130),(395,284,64,50),(396,284,162,50),(397,284,163,50),(398,285,52,40),(399,285,53,40),(400,286,189,29),(401,287,28,22),(402,288,34,27),(403,288,141,27),(404,289,67,54),(405,289,136,54),(406,290,145,108),(407,291,186,136),(408,292,137,104),(409,292,158,104),(410,293,75,62),(411,294,26,21),(412,294,27,21),(413,295,34,27),(414,295,141,27),(415,296,189,29),(416,297,39,31),(417,298,51,39),(418,299,64,50),(419,299,162,50),(420,299,163,50),(421,300,79,66),(422,301,110,86),(423,302,126,99),(424,303,145,108),(425,304,186,136),(426,305,184,134),(427,306,137,104),(428,306,158,104),(429,307,179,130),(430,308,15,12),(431,308,135,12),(432,309,75,62),(433,310,94,78),(434,310,95,78),(435,310,96,78),(436,311,15,12),(437,311,135,12),(438,312,94,78),(439,312,95,78),(440,312,96,78),(441,313,94,78),(442,313,95,78),(443,313,96,78),(444,314,94,78),(445,314,95,78),(446,314,96,78),(447,315,94,78),(448,315,95,78),(449,315,96,78),(450,316,60,47),(451,316,61,47),(452,316,165,47),(453,317,60,47),(454,317,61,47),(455,317,165,47),(456,318,188,140),(457,319,188,140),(458,320,46,36),(459,320,47,36),(460,320,169,36),(461,321,147,110),(462,322,22,18),(463,322,23,18),(464,323,46,36),(465,323,47,36),(466,323,169,36),(467,324,147,110),(468,325,19,15),(469,326,52,40),(470,326,53,40),(471,327,166,46),(472,327,167,46),(473,328,72,59),(474,329,28,22),(475,330,25,20),(476,331,26,21),(477,331,27,21),(478,332,33,25),(479,333,199,519),(480,334,21,17),(481,334,170,17),(482,335,5,5),(483,336,6,6),(484,336,171,6),(485,336,172,6),(486,337,3,3),(487,338,21,17),(488,338,170,17),(489,339,107,85),(490,340,41,33),(491,340,42,33),(492,341,28,22),(493,342,25,20),(494,343,26,21),(495,343,27,21),(496,344,33,25),(497,345,199,519),(498,346,5,5),(499,347,6,6),(500,347,171,6),(501,347,172,6),(502,348,41,33),(503,348,42,33),(504,349,107,85),(505,350,46,36),(506,351,52,40),(507,351,53,40),(508,352,9,8),(509,352,10,8),(510,353,52,40),(511,353,53,40),(512,354,28,22),(513,355,203,141),(514,356,184,134),(515,356,207,134),(516,357,208,17),(517,358,25,20),(518,358,205,20),(519,358,206,20),(520,359,75,62),(521,359,209,62),(522,360,9,8),(523,360,10,8),(524,361,28,22),(525,362,203,141),(526,363,184,134),(527,363,207,134),(528,364,208,17),(529,365,25,20),(530,365,205,20),(531,365,206,20),(532,366,75,62),(533,366,209,62),(534,367,188,140),(535,368,161,51),(536,369,188,140),(537,370,78,65),(538,371,161,51),(539,372,78,65),(540,373,75,62),(541,373,209,62),(542,374,75,62),(543,374,209,62),(544,375,147,110),(545,376,190,18),(546,377,56,44),(547,377,57,44),(548,377,58,44),(549,378,37,30),(550,378,38,30),(551,378,194,30),(552,378,195,30),(553,379,147,110),(554,380,190,18),(555,381,56,44),(556,381,57,44),(557,381,58,44),(558,382,37,30),(559,382,38,30),(560,382,194,30),(561,382,195,30),(562,383,8,7),(563,383,196,7),(564,383,197,7),(565,384,15,12),(566,384,135,12),(567,385,19,15),(568,386,166,46),(569,386,167,46),(570,387,72,59),(571,388,179,130),(572,389,8,7),(573,389,196,7),(574,389,197,7),(575,390,15,12),(576,390,135,12),(577,391,19,15),(578,392,166,46),(579,392,167,46),(580,393,72,59),(581,394,179,130),(582,395,1,1),(583,395,198,1),(584,396,34,27),(585,396,141,27),(586,396,191,27),(587,397,175,119),(588,398,67,54),(589,398,136,54),(590,399,201,520),(591,400,1,1),(592,400,198,1),(593,401,6,6),(594,401,171,6),(595,401,172,6),(596,401,200,6),(597,401,210,6),(598,402,175,119),(599,403,67,54),(600,403,136,54),(601,404,201,520),(602,405,107,85),(603,406,189,29),(604,406,202,29),(605,407,6,6),(606,407,171,6),(607,407,172,6),(608,407,200,6),(609,407,210,6),(610,408,107,85),(611,409,46,36),(612,410,46,36),(613,411,218,521),(614,412,219,522),(615,413,76,63),(616,414,63,49),(617,414,164,49),(618,415,219,522),(619,416,63,49),(620,416,164,49),(621,417,64,50),(622,417,162,50),(623,417,163,50),(624,418,190,18),(625,419,9,8),(626,419,10,8),(627,420,64,50),(628,420,162,50),(629,420,163,50),(630,421,56,44),(631,421,57,44),(632,421,58,44),(633,422,15,12),(634,422,135,12),(635,423,15,12),(636,423,135,12),(637,424,2,2),(638,425,184,134),(639,425,207,134),(640,425,217,134),(641,426,199,519),(642,427,201,520),(643,428,220,523),(644,429,184,134),(645,429,207,134),(646,429,217,134),(647,430,199,519),(648,431,220,523),(649,432,79,66),(650,433,3,3),(651,434,76,63),(652,435,113,88),(653,436,79,66),(654,437,4,4),(655,438,46,36),(656,439,113,88),(657,440,4,4),(658,441,46,36),(659,442,218,521),(660,443,174,118),(661,444,218,521),(662,445,174,118),(663,446,190,18),(664,447,9,8),(665,447,10,8),(666,448,190,18),(667,449,9,8),(668,449,10,8),(669,450,56,44),(670,450,57,44),(671,450,58,44),(672,451,37,30),(673,451,38,30),(674,451,194,30),(675,451,195,30),(676,452,56,44),(677,452,57,44),(678,452,58,44),(679,453,72,59),(680,454,34,27),(681,454,141,27),(682,454,191,27),(683,455,72,59),(684,456,34,27),(685,456,141,27),(686,456,191,27),(687,457,2,2),(688,458,2,2),(689,459,189,29),(690,459,202,29),(691,460,184,134),(692,460,207,134),(693,460,217,134),(694,461,189,29),(695,461,202,29),(696,462,184,134),(697,462,207,134),(698,462,217,134),(699,463,220,523),(700,464,220,523),(701,465,222,158),(702,466,37,30),(703,466,38,30),(704,466,194,30),(705,466,195,30),(706,467,37,30),(707,467,38,30),(708,467,194,30),(709,467,195,30),(710,468,67,54),(711,468,136,54),(712,469,201,520),(713,470,67,54),(714,470,136,54),(715,471,201,520),(716,472,139,105),(717,473,130,103),(718,474,139,105),(719,475,130,103),(720,476,139,105),(721,477,185,135),(722,478,3,3),(723,479,157,116),(724,480,222,158),(725,481,153,114),(726,481,154,114),(727,482,72,59),(728,483,192,109),(729,483,193,109),(730,484,32,24),(731,484,140,24),(732,485,46,36),(733,486,86,71),(734,487,151,113),(735,487,152,113),(736,488,2,2),(737,489,34,27),(738,489,141,27),(739,489,191,27),(740,490,35,28),(741,491,129,102),(742,492,6,6),(743,492,171,6),(744,492,172,6),(745,492,200,6),(746,492,210,6),(747,493,199,519),(748,494,148,111),(749,495,181,132),(750,495,182,132),(751,496,80,67),(752,497,56,44),(753,497,57,44),(754,497,58,44),(755,498,155,115),(756,498,156,115),(757,499,114,89),(758,499,115,89),(759,500,149,112),(760,500,150,112),(761,501,24,19),(762,502,13,11),(763,502,14,11),(764,503,19,15),(765,504,97,79),(766,505,103,82),(767,505,104,82),(768,506,82,69),(769,506,83,69),(770,507,40,32),(771,508,113,88),(772,509,139,105),(773,510,139,105),(774,511,139,105),(775,512,229,524),(776,513,185,135),(777,514,3,3),(778,515,157,116),(779,516,222,158),(780,517,153,114),(781,517,154,114),(782,518,192,109),(783,518,193,109),(784,519,46,36),(785,520,86,71),(786,521,139,105),(787,522,151,113),(788,522,152,113),(789,523,2,2),(790,524,35,28),(791,525,129,102),(792,526,6,6),(793,526,171,6),(794,526,172,6),(795,526,200,6),(796,526,210,6),(797,527,199,519),(798,528,148,111),(799,529,181,132),(800,529,182,132),(801,530,80,67),(802,531,56,44),(803,531,57,44),(804,531,58,44),(805,532,155,115),(806,532,156,115),(807,533,114,89),(808,533,115,89),(809,534,149,112),(810,534,150,112),(811,535,97,79),(812,536,103,82),(813,536,104,82),(814,537,82,69),(815,537,83,69),(816,538,40,32),(817,539,230,106),(818,540,231,383),(819,541,233,433),(820,542,234,434),(821,543,235,475),(822,544,236,492),(823,545,232,397),(824,546,229,524),(825,547,230,106),(826,548,231,383),(827,549,233,433),(828,550,234,434),(829,551,235,475),(830,552,236,492),(831,553,232,397),(832,554,9,8),(833,555,237,18),(834,556,238,3),(835,557,239,526),(836,557,240,526),(837,558,9,8),(838,559,237,18),(839,560,238,3),(840,561,239,526),(841,561,240,526),(842,562,241,527),(843,563,242,528),(844,564,215,45),(845,564,216,45),(846,565,241,527),(847,566,242,528),(848,567,1,1),(849,567,198,1),(850,568,2,2),(851,569,9,8),(852,570,237,18),(853,571,5,5),(854,572,43,34),(855,572,44,34),(856,572,211,34),(857,573,141,27),(858,573,191,27),(859,574,215,45),(860,574,216,45),(861,575,1,1),(862,575,198,1),(863,576,2,2),(864,577,9,8),(865,578,237,18),(866,579,5,5),(867,580,43,34),(868,580,44,34),(869,580,211,34),(870,581,141,27),(871,581,191,27),(872,582,201,520),(873,583,201,520),(874,584,113,88),(875,585,72,59),(876,586,32,24),(877,586,140,24),(878,587,24,19),(879,588,13,11),(880,588,14,11),(881,589,19,15),(882,590,49,38),(883,590,50,38),(884,590,214,38),(885,591,97,79),(886,592,151,113),(887,592,152,113),(888,593,110,86),(889,594,8,7),(890,594,196,7),(891,594,197,7),(892,595,231,383),(893,596,49,38),(894,596,50,38),(895,596,214,38),(896,597,8,7),(897,597,196,7),(898,597,197,7),(899,598,231,383),(900,599,15,12),(901,599,135,12),(902,600,2,2),(903,601,2,2),(904,602,72,59),(905,603,32,24),(906,603,140,24),(907,604,14,11),(908,605,60,47),(909,605,61,47),(910,605,165,47),(911,606,24,19),(912,607,28,22),(913,608,28,22),(914,609,60,47),(915,609,61,47),(916,609,165,47),(917,610,97,79),(918,611,43,34),(919,611,44,34),(920,611,211,34),(921,612,32,24),(922,612,140,24),(923,613,14,11),(924,614,24,19),(925,615,97,79),(926,616,220,523),(927,617,46,36),(928,618,46,36),(929,619,33,25),(930,620,113,88),(931,621,2,2),(932,622,113,88),(933,623,2,2),(934,624,97,79),(935,625,97,79),(936,626,72,59),(937,627,151,113),(938,627,152,113),(939,628,110,86),(940,629,72,59),(941,630,231,383),(942,631,139,105),(943,632,188,140),(944,633,130,103),(945,634,139,105),(946,635,188,140),(947,636,130,103),(948,637,139,105),(949,638,4,4),(950,639,185,135),(951,640,88,73),(952,641,179,130),(953,642,175,119),(954,643,90,76),(955,644,157,116),(956,645,116,90),(957,646,222,158),(958,647,153,114),(959,647,154,114),(960,648,111,87),(961,648,112,87),(962,649,192,109),(963,649,193,109),(964,650,203,141),(965,651,26,21),(966,651,27,21),(967,652,62,48),(968,653,126,99),(969,654,66,53),(970,655,81,68),(971,656,86,71),(972,657,67,54),(973,657,136,54),(974,658,41,33),(975,658,42,33),(976,659,121,95),(977,660,52,40),(978,660,53,40),(979,661,93,77),(980,662,77,64),(981,662,159,64),(982,662,225,64),(983,663,218,521),(984,664,48,37),(985,664,212,37),(986,664,213,37),(987,665,63,49),(988,665,164,49),(989,666,37,30),(990,666,38,30),(991,666,194,30),(992,666,195,30),(993,667,99,81),(994,667,100,81),(995,667,101,81),(996,667,102,81),(997,668,107,85),(998,669,106,84),(999,670,117,91),(1000,670,138,91),(1001,671,35,28),(1002,672,68,55),(1003,673,120,94),(1004,674,75,62),(1005,674,209,62),(1006,675,73,60),(1007,676,119,93),(1008,677,21,17),(1009,677,208,17),(1010,678,45,35),(1011,679,147,110),(1012,680,129,102),(1013,681,6,6),(1014,681,171,6),(1015,681,172,6),(1016,681,200,6),(1017,681,210,6),(1018,682,189,29),(1019,682,202,29),(1020,683,199,519),(1021,684,125,98),(1022,685,148,111),(1023,686,89,75),(1024,687,181,132),(1025,687,182,132),(1026,688,124,97),(1027,689,80,67),(1028,690,51,39),(1029,691,137,104),(1030,691,158,104),(1031,692,155,115),(1032,692,156,115),(1033,693,114,89),(1034,693,115,89),(1035,694,145,108),(1036,694,221,108),(1037,695,173,117),(1038,696,64,50),(1039,696,162,50),(1040,696,163,50),(1041,697,149,112),(1042,697,150,112),(1043,698,74,61),(1044,699,70,57),(1045,700,79,66),(1046,701,103,82),(1047,701,104,82),(1048,702,25,20),(1049,702,205,20),(1050,702,206,20),(1051,703,84,70),(1052,703,85,70),(1053,704,161,51),(1054,705,118,92),(1055,705,228,92),(1056,706,82,69),(1057,706,83,69),(1058,707,184,134),(1059,707,207,134),(1060,707,217,134),(1061,708,219,522),(1062,709,105,83),(1063,710,174,118),(1064,711,186,136),(1065,712,223,31),(1066,712,224,31),(1067,713,94,78),(1068,713,95,78),(1069,713,96,78),(1070,714,40,32),(1071,715,98,80),(1072,716,69,56),(1073,717,127,100),(1074,718,187,138),(1075,719,166,46),(1076,719,167,46),(1077,720,229,524),(1078,721,230,106),(1079,722,233,433),(1080,723,234,434),(1081,724,235,475),(1082,725,236,492),(1083,726,232,397),(1084,727,238,3),(1085,728,239,526),(1086,728,240,526),(1087,729,241,527),(1088,730,242,528),(1089,731,215,45),(1090,731,216,45),(1091,732,1,1),(1092,732,198,1),(1093,733,9,8),(1094,734,237,18),(1095,735,5,5),(1096,736,201,520),(1097,737,19,15),(1098,738,245,529),(1099,739,139,105),(1100,740,139,105),(1101,741,139,105),(1102,742,185,135),(1103,743,88,73),(1104,744,179,130),(1105,745,175,119),(1106,746,90,76),(1107,747,157,116),(1108,748,116,90),(1109,749,222,158),(1110,750,153,114),(1111,750,154,114),(1112,751,111,87),(1113,751,112,87),(1114,752,192,109),(1115,752,193,109),(1116,753,203,141),(1117,754,26,21),(1118,754,27,21),(1119,755,62,48),(1120,756,126,99),(1121,757,220,523),(1122,758,66,53),(1123,759,81,68),(1124,760,86,71),(1125,761,139,105),(1126,762,41,33),(1127,762,42,33),(1128,763,121,95),(1129,764,52,40),(1130,764,53,40),(1131,765,93,77),(1132,766,218,521),(1133,767,48,37),(1134,767,212,37),(1135,767,213,37),(1136,768,63,49),(1137,768,164,49),(1138,769,250,30),(1139,770,99,81),(1140,770,100,81),(1141,770,101,81),(1142,770,102,81),(1143,771,107,85),(1144,772,106,84),(1145,773,117,91),(1146,773,138,91),(1147,774,35,28),(1148,775,68,55),(1149,776,120,94),(1150,777,75,62),(1151,777,209,62),(1152,778,73,60),(1153,779,119,93),(1154,780,21,17),(1155,780,208,17),(1156,781,45,35),(1157,782,147,110),(1158,783,129,102),(1159,784,6,6),(1160,784,171,6),(1161,784,172,6),(1162,784,200,6),(1163,784,210,6),(1164,785,189,29),(1165,785,202,29),(1166,786,199,519),(1167,787,125,98),(1168,788,148,111),(1169,789,89,75),(1170,790,181,132),(1171,790,182,132),(1172,791,80,67),(1173,792,51,39),(1174,793,137,104),(1175,793,158,104),(1176,794,155,115),(1177,794,156,115),(1178,795,114,89),(1179,795,115,89),(1180,796,249,117),(1181,797,64,50),(1182,797,162,50),(1183,797,163,50),(1184,798,149,112),(1185,798,150,112),(1186,799,74,61),(1187,800,79,66),(1188,801,103,82),(1189,801,104,82),(1190,802,25,20),(1191,802,205,20),(1192,802,206,20),(1193,803,84,70),(1194,803,85,70),(1195,804,161,51),(1196,805,118,92),(1197,805,228,92),(1198,806,82,69),(1199,806,83,69),(1200,807,184,134),(1201,807,207,134),(1202,807,217,134),(1203,808,219,522),(1204,809,105,83),(1205,810,186,136),(1206,811,94,78),(1207,811,95,78),(1208,811,96,78),(1209,812,40,32),(1210,813,98,80),(1211,814,69,56),(1212,815,127,100),(1213,816,187,138),(1214,817,166,46),(1215,817,167,46),(1216,818,229,524),(1217,819,230,106),(1218,820,233,433),(1219,821,234,434),(1220,822,235,475),(1221,823,236,492),(1222,824,232,397),(1223,825,238,3),(1224,826,239,526),(1225,826,240,526),(1226,827,241,527),(1227,828,242,528),(1228,829,1,1),(1229,829,198,1),(1230,830,9,8),(1231,831,237,18),(1232,832,5,5),(1233,833,43,34),(1234,833,44,34),(1235,833,211,34),(1236,834,201,520),(1237,835,245,529),(1238,836,33,25),(1239,837,94,78),(1240,837,95,78),(1241,837,96,78),(1242,838,33,25),(1243,839,94,78),(1244,839,95,78),(1245,839,96,78),(1246,840,94,78),(1247,840,95,78),(1248,840,96,78),(1249,841,94,78),(1250,841,95,78),(1251,841,96,78),(1252,842,94,78),(1253,842,95,78),(1254,842,96,78),(1255,843,76,63),(1256,844,191,27),(1257,845,248,531),(1258,846,191,27),(1259,847,248,531),(1260,848,15,12),(1261,848,253,12),(1262,849,71,58),(1263,849,160,58),(1264,849,226,58),(1265,850,56,44),(1266,850,57,44),(1267,850,58,44),(1268,851,78,65),(1269,852,122,96),(1270,852,123,96),(1271,853,15,12),(1272,853,253,12),(1273,854,71,58),(1274,854,160,58),(1275,854,226,58),(1276,855,78,65),(1277,856,4,4),(1278,857,124,97),(1279,858,216,45),(1280,859,77,64),(1281,859,159,64),(1282,859,225,64),(1283,860,122,96),(1284,860,123,96),(1285,861,145,108),(1286,861,221,108),(1287,862,223,31),(1288,862,224,31),(1289,863,97,79),(1290,864,4,4),(1291,865,124,97),(1292,866,216,45),(1293,867,250,30),(1294,868,6,6),(1295,868,171,6),(1296,868,200,6),(1297,868,210,6),(1298,869,118,92),(1299,869,228,92),(1300,870,187,138),(1301,871,166,46),(1302,871,167,46),(1303,872,1,1),(1304,872,252,1),(1305,873,9,8),(1306,874,77,64),(1307,874,159,64),(1308,874,225,64),(1309,875,145,108),(1310,875,221,108),(1311,876,247,530),(1312,877,223,31),(1313,877,224,31),(1314,878,250,30),(1315,879,118,92),(1316,879,228,92),(1317,880,187,138),(1318,881,166,46),(1319,881,167,46),(1320,882,1,1),(1321,882,252,1),(1322,883,9,8),(1323,884,117,91),(1324,884,138,91),(1325,885,72,59),(1326,886,222,158),(1327,887,117,91),(1328,887,138,91),(1329,888,222,158),(1330,889,231,383),(1331,890,191,27),(1332,891,191,27),(1333,892,179,130),(1334,893,134,41),(1335,893,168,41),(1336,894,8,7),(1337,895,24,19),(1338,896,168,41),(1339,897,8,7),(1340,898,56,44),(1341,898,57,44),(1342,898,58,44),(1343,899,201,520),(1344,900,67,54),(1345,901,70,57),(1346,902,19,15),(1347,903,185,135),(1348,904,77,64),(1349,904,159,64),(1350,904,225,64),(1351,905,97,79),(1352,906,6,6),(1353,906,171,6),(1354,906,200,6),(1355,906,210,6),(1356,907,9,8),(1357,908,247,530),(1358,909,72,59),(1359,910,185,135),(1360,911,97,79),(1361,912,247,530),(1362,913,72,59),(1363,914,231,383),(1364,915,231,383),(1365,916,231,383),(1366,917,179,130),(1367,918,24,19),(1368,919,179,130),(1369,920,24,19),(1370,921,250,30),(1371,922,56,44),(1372,922,57,44),(1373,922,58,44),(1374,923,201,520),(1375,924,70,57),(1376,925,19,15),(1377,926,168,41),(1378,927,67,54),(1379,928,151,113),(1380,928,152,113),(1381,929,110,86),(1382,930,250,30),(1383,931,168,41),(1384,932,67,54),(1385,933,151,113),(1386,933,152,113),(1387,934,110,86),(1388,935,174,118),(1389,936,174,118),(1390,937,77,64),(1391,937,159,64),(1392,937,225,64),(1393,938,6,6),(1394,938,171,6),(1395,938,200,6),(1396,938,210,6),(1397,939,9,8),(1398,940,77,64),(1399,940,159,64),(1400,940,225,64),(1401,941,6,6),(1402,941,171,6),(1403,941,200,6),(1404,941,210,6),(1405,942,9,8),(1406,943,247,530),(1407,944,246,36),(1408,945,247,530),(1409,946,246,36);

--
-- Table structure for table `s_reminders_tbl`
--

CREATE TABLE `s_reminders_tbl` (
  `sr_id` int(11) NOT NULL AUTO_INCREMENT,
  `sr_spr_id` int(11) NOT NULL,
  `sr_sm_id` int(11) NOT NULL,
  `sr_reminder_date` timestamp NOT NULL DEFAULT CURRENT_TIMESTAMP ON UPDATE CURRENT_TIMESTAMP,
  `sr_user` int(11) NOT NULL,
  PRIMARY KEY (`sr_id`)
) ENGINE=MyISAM AUTO_INCREMENT=947 DEFAULT CHARSET=latin1;

--
-- Dumping data for table `s_reminders_tbl`
--

INSERT INTO `s_reminders_tbl` VALUES (1,10,24,'2016-12-01 05:36:08',2),(2,12,12,'2016-12-08 06:59:17',3),(3,9,34,'2016-12-08 07:00:48',3),(4,2,3,'2016-12-08 07:01:10',3),(5,6,87,'2016-12-08 07:01:25',3),(6,1,4,'2016-12-08 07:01:38',3),(7,15,99,'2016-12-08 07:01:58',3),(8,15,99,'2016-12-08 07:02:02',3),(9,10,24,'2016-12-08 07:02:33',3),(10,14,48,'2016-12-08 07:02:57',3),(11,3,73,'2016-12-08 07:03:24',3),(12,5,90,'2016-12-08 07:03:57',3),(13,11,25,'2016-12-08 07:04:20',3),(14,4,76,'2016-12-08 07:04:38',3),(15,4,76,'2016-12-08 07:04:45',3),(16,17,53,'2016-12-08 07:05:04',3),(17,18,68,'2016-12-08 07:05:25',3),(18,19,71,'2016-12-08 07:05:40',3),(19,20,54,'2016-12-08 07:07:09',3),(20,22,95,'2016-12-08 07:07:46',3),(21,23,40,'2016-12-08 10:10:05',3),(22,24,77,'2016-12-08 10:10:38',3),(23,25,86,'2016-12-08 10:11:04',3),(24,26,64,'2016-12-08 10:11:24',3),(25,27,8,'2016-12-08 10:11:40',3),(26,29,2,'2016-12-08 10:18:20',3),(27,30,38,'2016-12-08 10:18:35',3),(28,31,58,'2016-12-08 10:18:46',3),(29,32,37,'2016-12-08 10:19:01',3),(30,33,18,'2016-12-08 10:19:14',3),(31,34,27,'2016-12-08 10:19:26',3),(32,35,49,'2016-12-08 10:19:38',3),(33,36,30,'2016-12-08 10:19:49',3),(34,37,81,'2016-12-08 10:20:00',3),(35,38,85,'2016-12-08 10:20:27',3),(36,38,85,'2016-12-08 10:20:31',3),(37,39,88,'2016-12-08 10:20:50',3),(38,40,84,'2016-12-08 10:21:02',3),(39,41,100,'2016-12-08 10:21:14',3),(40,42,47,'2016-12-08 10:21:27',3),(41,43,91,'2016-12-08 10:21:39',3),(42,44,28,'2016-12-08 10:21:52',3),(43,45,55,'2016-12-08 10:22:20',3),(44,46,94,'2016-12-08 10:22:33',3),(45,47,62,'2016-12-08 10:22:45',3),(46,48,93,'2016-12-08 10:24:20',3),(47,49,60,'2016-12-08 10:24:39',3),(48,50,17,'2016-12-08 10:35:44',3),(49,51,35,'2016-12-08 10:36:12',3),(50,52,96,'2016-12-08 10:36:30',3),(51,53,6,'2016-12-08 10:36:49',3),(52,54,98,'2016-12-08 10:37:01',3),(53,55,63,'2016-12-08 10:37:13',3),(54,56,75,'2016-12-08 10:37:26',3),(55,57,5,'2016-12-08 10:37:39',3),(56,58,97,'2016-12-08 10:37:51',3),(57,59,56,'2016-12-08 10:38:01',3),(58,60,67,'2016-12-08 10:38:15',3),(59,61,44,'2016-12-08 10:38:28',3),(60,62,39,'2016-12-08 10:38:38',3),(61,63,89,'2016-12-08 10:38:56',3),(62,64,50,'2016-12-08 10:39:10',3),(63,66,57,'2016-12-08 10:39:44',3),(64,67,19,'2016-12-08 10:52:07',3),(65,68,11,'2016-12-08 10:52:23',3),(66,68,11,'2016-12-08 10:52:28',3),(67,71,7,'2016-12-08 10:52:56',3),(68,72,79,'2016-12-08 10:53:16',3),(69,73,82,'2016-12-08 10:53:39',3),(70,74,20,'2016-12-08 10:53:58',3),(71,75,70,'2016-12-08 10:54:13',3),(72,76,92,'2016-12-08 10:54:28',3),(73,2,3,'2016-12-16 06:08:36',2),(74,57,5,'2016-12-20 12:17:39',2),(75,53,6,'2016-12-20 12:18:06',2),(76,71,7,'2016-12-20 12:18:22',2),(77,27,8,'2016-12-20 12:18:44',2),(78,33,18,'2016-12-20 12:18:55',2),(79,74,20,'2016-12-20 12:19:09',2),(80,12,12,'2016-12-20 12:20:02',2),(81,11,25,'2016-12-20 12:20:22',2),(82,50,17,'2016-12-20 12:20:59',2),(83,67,19,'2016-12-20 12:21:15',2),(84,44,28,'2016-12-21 06:01:17',2),(85,36,30,'2016-12-21 06:02:10',2),(86,9,34,'2016-12-21 06:02:52',2),(87,51,35,'2016-12-21 06:03:11',2),(88,32,37,'2016-12-21 06:03:31',2),(89,62,39,'2016-12-21 06:04:12',2),(90,43,91,'2016-12-29 06:24:16',2),(91,81,32,'2016-12-30 07:45:58',3),(92,29,2,'2017-01-03 11:16:43',3),(93,79,80,'2017-01-03 12:09:39',3),(94,80,45,'2017-01-03 12:10:02',3),(95,82,78,'2017-01-03 12:10:46',3),(96,82,78,'2017-01-03 12:10:49',3),(97,76,92,'2017-01-03 12:14:08',3),(98,75,70,'2017-01-03 12:22:05',3),(99,73,82,'2017-01-03 12:27:19',3),(100,3,73,'2017-01-03 12:44:18',3),(101,5,90,'2017-01-04 05:00:31',3),(102,6,87,'2017-01-04 05:00:52',3),(103,14,48,'2017-01-04 05:02:58',3),(104,17,53,'2017-01-04 05:05:29',3),(105,18,68,'2017-01-04 05:05:41',3),(106,19,71,'2017-01-04 05:05:55',3),(107,20,54,'2017-01-04 05:11:07',3),(108,22,95,'2017-01-04 05:11:20',3),(109,23,40,'2017-01-04 05:11:33',3),(110,24,77,'2017-01-04 05:11:49',3),(111,25,86,'2017-01-04 05:12:08',3),(112,26,64,'2017-01-04 05:13:04',3),(113,31,58,'2017-01-04 05:16:23',3),(114,35,49,'2017-01-04 05:16:55',3),(115,37,81,'2017-01-04 05:17:26',3),(116,39,88,'2017-01-04 05:23:40',3),(117,40,84,'2017-01-04 05:23:56',3),(118,41,100,'2017-01-04 05:24:44',3),(119,42,47,'2017-01-04 05:25:12',3),(120,89,76,'2017-01-04 05:27:14',3),(121,87,41,'2017-01-04 05:27:32',3),(122,86,83,'2017-01-04 05:27:42',3),(123,86,83,'2017-01-04 05:27:45',3),(124,85,31,'2017-01-04 05:27:58',3),(125,83,21,'2017-01-04 05:28:18',3),(126,81,32,'2017-01-04 05:28:45',3),(127,72,79,'2017-01-04 05:29:20',3),(128,66,57,'2017-01-04 05:30:14',3),(129,64,50,'2017-01-04 05:30:27',3),(130,63,89,'2017-01-04 05:30:47',3),(131,61,44,'2017-01-04 05:31:17',3),(132,60,67,'2017-01-04 05:32:12',3),(133,59,56,'2017-01-04 05:32:29',3),(134,58,97,'2017-01-04 05:32:46',3),(135,56,75,'2017-01-04 05:33:19',3),(136,55,63,'2017-01-04 05:33:29',3),(137,54,98,'2017-01-04 05:33:47',3),(138,52,96,'2017-01-04 05:34:13',3),(139,49,60,'2017-01-04 05:35:22',3),(140,48,93,'2017-01-04 05:35:38',3),(141,47,62,'2017-01-04 05:35:56',3),(142,46,94,'2017-01-04 05:36:15',3),(143,45,55,'2017-01-04 05:36:32',3),(144,89,76,'2017-01-04 05:37:23',3),(145,87,41,'2017-01-04 05:37:37',3),(146,92,117,'2017-01-30 05:53:46',3),(148,92,117,'2017-02-15 04:48:19',3),(149,104,134,'2017-02-22 16:01:04',0),(150,106,3,'2017-02-26 16:00:59',0),(151,107,4,'2017-02-26 16:00:59',0),(152,108,12,'2017-02-26 16:01:00',0),(153,109,25,'2017-02-26 16:01:00',0),(154,110,24,'2017-02-26 16:01:00',0),(155,111,59,'2017-02-26 16:01:00',0),(156,112,99,'2017-02-26 16:01:00',0),(157,113,1,'2017-02-28 16:01:04',0),(158,114,8,'2017-02-28 16:01:05',0),(159,115,27,'2017-02-28 16:01:05',0),(160,116,30,'2017-02-28 16:01:05',0),(161,118,38,'2017-02-28 16:01:05',0),(162,119,53,'2017-02-28 16:01:05',0),(163,120,68,'2017-02-28 16:01:06',0),(164,121,71,'2017-02-28 16:01:06',0),(165,122,81,'2017-02-28 16:01:06',0),(166,123,85,'2017-02-28 16:01:06',0),(167,125,88,'2017-02-28 16:01:06',0),(168,126,91,'2017-02-28 16:01:07',0),(169,127,5,'2017-03-01 16:01:01',0),(170,129,17,'2017-03-01 16:01:01',0),(171,130,19,'2017-03-01 16:01:01',0),(172,131,44,'2017-03-01 16:01:02',0),(173,132,56,'2017-03-01 16:01:02',0),(174,133,57,'2017-03-01 16:01:02',0),(175,135,62,'2017-03-01 16:01:02',0),(176,137,66,'2017-03-01 16:01:02',0),(177,138,82,'2017-03-01 16:01:02',0),(178,139,92,'2017-03-01 16:01:02',0),(179,140,96,'2017-03-01 16:01:03',0),(180,104,134,'2017-03-01 16:01:03',0),(181,113,1,'2017-04-13 07:46:57',2),(182,79,80,'2017-05-06 06:35:57',2),(183,154,36,'2017-06-22 16:01:23',0),(184,155,3,'2017-06-29 16:01:15',0),(185,156,4,'2017-06-29 16:01:15',0),(186,157,18,'2017-06-29 16:01:16',0),(187,158,11,'2017-06-29 16:01:16',0),(188,159,25,'2017-06-29 16:01:16',0),(189,160,15,'2017-06-29 16:01:16',0),(190,161,17,'2017-06-29 16:01:17',0),(191,162,27,'2017-06-29 16:01:17',0),(192,163,30,'2017-06-29 16:01:17',0),(193,164,32,'2017-06-29 16:01:17',0),(194,165,33,'2017-06-29 16:01:17',0),(195,154,36,'2017-06-29 16:01:18',0),(196,166,54,'2017-06-29 16:01:18',0),(197,167,61,'2017-06-29 16:01:18',0),(198,168,62,'2017-06-29 16:01:18',0),(199,169,76,'2017-06-29 16:01:19',0),(200,170,86,'2017-06-29 16:01:19',0),(201,171,130,'2017-06-29 16:01:19',0),(202,156,4,'2017-07-06 16:01:30',0),(203,157,18,'2017-07-06 16:01:31',0),(204,158,11,'2017-07-06 16:01:31',0),(205,159,25,'2017-07-06 16:01:31',0),(206,161,17,'2017-07-06 16:01:31',0),(207,163,30,'2017-07-06 16:01:32',0),(208,164,32,'2017-07-06 16:01:32',0),(209,167,61,'2017-07-06 16:01:32',0),(210,168,62,'2017-07-06 16:01:33',0),(211,169,76,'2017-07-06 16:01:33',0),(212,174,6,'2017-07-08 16:01:16',0),(213,175,1,'2017-07-11 16:01:18',0),(214,176,2,'2017-07-11 16:01:18',0),(215,174,6,'2017-07-15 16:01:17',0),(216,177,85,'2017-07-17 16:01:20',0),(217,175,1,'2017-07-18 16:01:28',0),(218,176,2,'2017-07-18 16:01:28',0),(219,178,138,'2017-07-23 16:01:17',0),(220,177,85,'2017-07-24 16:01:23',0),(221,178,138,'2017-07-30 16:01:18',0),(222,179,70,'2017-07-31 16:01:26',0),(223,180,5,'2017-08-07 16:01:49',0),(224,181,7,'2017-08-07 16:01:49',0),(225,182,8,'2017-08-07 16:01:49',0),(226,183,12,'2017-08-07 16:01:50',0),(227,184,19,'2017-08-07 16:01:50',0),(228,185,24,'2017-08-07 16:01:50',0),(229,186,38,'2017-08-07 16:01:51',0),(230,187,44,'2017-08-07 16:01:51',0),(231,188,53,'2017-08-07 16:01:52',0),(232,189,56,'2017-08-07 16:01:52',0),(233,190,57,'2017-08-07 16:01:52',0),(234,192,68,'2017-08-07 16:01:52',0),(235,179,70,'2017-08-07 16:01:52',0),(236,193,71,'2017-08-07 16:01:53',0),(237,194,81,'2017-08-07 16:01:53',0),(238,195,82,'2017-08-07 16:01:54',0),(239,196,88,'2017-08-07 16:01:54',0),(240,197,91,'2017-08-07 16:01:54',0),(241,198,92,'2017-08-07 16:01:54',0),(242,199,96,'2017-08-07 16:01:55',0),(243,200,117,'2017-08-07 16:01:55',0),(244,201,119,'2017-08-08 16:01:23',0),(245,180,5,'2017-08-14 16:01:26',0),(246,181,7,'2017-08-14 16:01:26',0),(247,182,8,'2017-08-14 16:01:26',0),(248,183,12,'2017-08-14 16:01:27',0),(249,184,19,'2017-08-14 16:01:27',0),(250,185,24,'2017-08-14 16:01:28',0),(251,186,38,'2017-08-14 16:01:28',0),(252,187,44,'2017-08-14 16:01:28',0),(253,188,53,'2017-08-14 16:01:29',0),(254,189,56,'2017-08-14 16:01:29',0),(255,190,57,'2017-08-14 16:01:29',0),(256,192,68,'2017-08-14 16:01:29',0),(257,193,71,'2017-08-14 16:01:30',0),(258,194,81,'2017-08-14 16:01:30',0),(259,195,82,'2017-08-14 16:01:31',0),(260,196,88,'2017-08-14 16:01:31',0),(261,197,91,'2017-08-14 16:01:31',0),(262,198,92,'2017-08-14 16:01:32',0),(263,199,96,'2017-08-14 16:01:32',0),(264,200,117,'2017-08-14 16:01:32',0),(265,201,119,'2017-08-15 16:01:22',0),(266,202,34,'2017-08-17 16:01:22',0),(267,203,45,'2017-08-17 16:01:23',0),(268,202,34,'2017-08-24 16:01:24',0),(269,203,45,'2017-08-24 16:01:25',0),(270,204,77,'2017-09-19 16:01:19',0),(271,205,55,'2017-09-24 16:01:22',0),(272,206,97,'2017-09-24 16:01:22',0),(273,204,77,'2017-09-26 16:01:18',0),(274,205,55,'2017-10-01 16:01:20',0),(275,206,97,'2017-10-01 16:01:20',0),(276,207,3,'2017-10-05 16:01:21',0),(277,208,15,'2017-10-05 16:01:22',0),(278,209,27,'2017-10-05 16:01:22',0),(279,210,33,'2017-10-05 16:01:22',0),(280,211,39,'2017-10-05 16:01:22',0),(281,212,86,'2017-10-05 16:01:23',0),(282,213,134,'2017-10-05 16:01:23',0),(283,214,130,'2017-10-05 16:01:23',0),(284,221,50,'2018-01-22 16:01:34',0),(285,23,40,'2018-01-26 10:54:56',6),(286,240,29,'2018-01-26 12:07:24',6),(287,236,22,'2018-02-02 16:01:27',0),(288,238,27,'2018-02-02 16:01:27',0),(289,258,54,'2018-02-02 16:01:28',0),(290,299,108,'2018-02-02 16:01:28',0),(291,301,136,'2018-02-02 16:01:28',0),(292,304,104,'2018-02-02 16:01:28',0),(293,307,62,'2018-02-08 16:01:27',0),(294,235,21,'2018-02-09 16:01:26',0),(295,238,27,'2018-02-09 16:01:27',0),(296,240,29,'2018-02-09 16:01:27',0),(297,242,31,'2018-02-09 16:01:27',0),(298,250,39,'2018-02-09 16:01:28',0),(299,256,50,'2018-02-09 16:01:28',0),(300,267,66,'2018-02-09 16:01:28',0),(301,284,86,'2018-02-09 16:01:29',0),(302,297,99,'2018-02-09 16:01:29',0),(303,299,108,'2018-02-09 16:01:29',0),(304,301,136,'2018-02-09 16:01:29',0),(305,303,134,'2018-02-09 16:01:30',0),(306,304,104,'2018-02-09 16:01:30',0),(307,305,130,'2018-02-09 16:01:30',0),(308,308,12,'2018-02-14 16:01:29',0),(309,307,62,'2018-02-15 16:01:30',0),(310,276,78,'2018-02-16 16:01:38',0),(311,308,12,'2018-02-21 16:01:44',0),(312,276,78,'2018-02-23 16:01:44',0),(313,276,78,'2018-03-02 16:01:42',0),(314,276,78,'2018-03-09 16:01:36',0),(315,276,78,'2018-03-16 16:01:41',0),(316,687,47,'2018-03-28 16:01:51',0),(317,687,47,'2018-04-04 16:01:42',0),(318,692,140,'2018-04-12 16:01:55',0),(319,692,140,'2018-04-14 16:01:44',0),(320,689,36,'2018-04-15 16:01:36',0),(321,690,110,'2018-04-16 16:01:41',0),(322,691,18,'2018-04-17 16:01:48',0),(323,689,36,'2018-04-22 16:01:39',0),(324,690,110,'2018-04-23 16:03:05',0),(325,697,15,'2018-05-06 16:01:59',0),(326,698,40,'2018-05-06 16:01:59',0),(327,699,46,'2018-05-06 16:01:59',0),(328,700,59,'2018-05-06 16:02:00',0),(329,704,22,'2018-05-09 06:03:00',6),(330,705,20,'2018-05-16 16:01:53',0),(331,706,21,'2018-05-16 16:01:53',0),(332,707,25,'2018-05-16 16:01:53',0),(333,708,519,'2018-05-16 16:01:54',0),(334,709,17,'2018-05-16 16:01:54',0),(335,710,5,'2018-05-16 16:01:54',0),(336,711,6,'2018-05-16 16:01:54',0),(337,224,3,'2018-05-17 05:24:22',6),(338,709,17,'2018-05-17 05:28:12',6),(339,714,85,'2018-05-17 05:46:39',6),(340,712,33,'2018-05-21 16:01:53',0),(341,704,22,'2018-05-22 16:01:53',0),(342,705,20,'2018-05-23 16:01:59',0),(343,706,21,'2018-05-23 16:01:59',0),(344,707,25,'2018-05-23 16:01:59',0),(345,708,519,'2018-05-23 16:01:59',0),(346,710,5,'2018-05-23 16:02:00',0),(347,711,6,'2018-05-23 16:02:00',0),(348,712,33,'2018-05-28 16:03:00',0),(349,714,85,'2018-05-28 16:03:00',0),(350,717,36,'2018-06-04 16:03:06',0),(351,718,40,'2018-06-04 16:03:07',0),(352,719,8,'2018-06-06 16:01:57',0),(353,718,40,'2018-06-11 16:01:50',0),(354,720,22,'2018-06-12 16:01:52',0),(355,721,141,'2018-06-12 16:01:52',0),(356,723,134,'2018-06-12 16:01:52',0),(357,724,17,'2018-06-12 16:01:52',0),(358,725,20,'2018-06-12 16:01:53',0),(359,726,62,'2018-06-12 16:01:53',0),(360,719,8,'2018-06-13 16:01:53',0),(361,720,22,'2018-06-19 16:01:58',0),(362,721,141,'2018-06-19 16:01:59',0),(363,723,134,'2018-06-19 16:01:59',0),(364,724,17,'2018-06-19 16:01:59',0),(365,725,20,'2018-06-19 16:02:00',0),(366,726,62,'2018-06-19 16:02:00',0),(367,729,140,'2018-07-01 16:01:37',0),(368,727,51,'2018-07-03 16:01:59',0),(369,729,140,'2018-07-03 16:01:59',0),(370,728,65,'2018-07-05 16:02:00',0),(371,727,51,'2018-07-10 16:02:47',0),(372,728,65,'2018-07-12 16:01:52',0),(373,730,62,'2018-07-23 16:02:15',0),(374,730,62,'2018-07-30 16:01:52',0),(375,731,110,'2018-07-30 16:01:53',0),(376,732,18,'2018-07-30 16:01:53',0),(377,733,44,'2018-07-30 16:01:53',0),(378,734,30,'2018-07-31 16:01:58',0),(379,731,110,'2018-08-06 16:01:54',0),(380,732,18,'2018-08-06 16:01:54',0),(381,733,44,'2018-08-06 16:01:55',0),(382,734,30,'2018-08-07 16:01:51',0),(383,735,7,'2018-08-13 16:02:10',0),(384,736,12,'2018-08-13 16:02:10',0),(385,738,15,'2018-08-13 16:02:10',0),(386,739,46,'2018-08-13 16:02:11',0),(387,740,59,'2018-08-13 16:02:11',0),(388,741,130,'2018-08-14 16:02:17',0),(389,735,7,'2018-08-20 16:02:04',0),(390,736,12,'2018-08-20 16:02:04',0),(391,738,15,'2018-08-20 16:02:05',0),(392,739,46,'2018-08-20 16:02:05',0),(393,740,59,'2018-08-20 16:02:05',0),(394,741,130,'2018-08-21 16:02:02',0),(395,742,1,'2018-08-22 16:02:01',0),(396,743,27,'2018-08-23 16:01:55',0),(397,744,119,'2018-08-24 16:02:10',0),(398,745,54,'2018-08-24 16:02:11',0),(399,746,520,'2018-08-28 16:02:02',0),(400,742,1,'2018-08-29 16:01:59',0),(401,747,6,'2018-08-29 16:02:00',0),(402,744,119,'2018-08-31 16:01:59',0),(403,745,54,'2018-08-31 16:02:00',0),(404,746,520,'2018-09-04 16:01:57',0),(405,748,85,'2018-09-04 16:01:57',0),(406,749,29,'2018-09-04 16:01:57',0),(407,747,6,'2018-09-05 16:01:59',0),(408,748,85,'2018-09-11 16:02:02',0),(409,751,36,'2018-09-13 16:02:01',0),(410,751,36,'2018-09-20 16:01:58',0),(411,753,521,'2018-10-04 16:02:14',0),(412,755,522,'2018-10-10 16:01:52',0),(413,737,63,'2018-10-15 16:03:11',0),(414,756,49,'2018-10-15 16:03:11',0),(415,755,522,'2018-10-17 16:01:54',0),(416,756,49,'2018-10-22 16:03:39',0),(417,758,50,'2018-10-26 16:02:17',0),(418,759,18,'2018-10-26 16:02:17',0),(419,760,8,'2018-10-26 16:02:17',0),(420,758,50,'2018-11-02 16:02:14',0),(421,761,44,'2018-11-05 16:02:04',0),(422,763,12,'2018-11-13 16:04:06',0),(423,763,12,'2018-11-20 16:04:04',0),(424,766,2,'2018-11-22 16:04:14',0),(425,768,134,'2018-12-08 16:04:18',0),(426,769,519,'2018-12-12 16:04:12',0),(427,770,520,'2018-12-12 16:04:12',0),(428,772,523,'2018-12-13 16:04:18',0),(429,768,134,'2018-12-15 16:04:16',0),(430,769,519,'2018-12-19 16:04:23',0),(431,772,523,'2018-12-20 16:04:14',0),(432,774,66,'2018-12-20 16:04:14',0),(433,224,3,'2018-12-21 10:56:58',8),(434,737,63,'2018-12-24 16:04:11',0),(435,775,88,'2018-12-25 16:05:09',0),(436,774,66,'2018-12-27 16:01:59',0),(437,776,4,'2018-12-28 16:02:13',0),(438,777,36,'2018-12-31 16:02:00',0),(439,775,88,'2019-01-01 16:01:50',0),(440,776,4,'2019-01-04 16:01:54',0),(441,777,36,'2019-01-07 16:02:00',0),(442,778,521,'2019-01-14 16:02:14',0),(443,779,118,'2019-01-15 16:03:10',0),(444,778,521,'2019-01-21 16:03:06',0),(445,779,118,'2019-01-22 16:02:08',0),(446,780,18,'2019-02-01 16:01:52',0),(447,781,8,'2019-02-01 16:01:52',0),(448,780,18,'2019-02-08 16:02:03',0),(449,781,8,'2019-02-08 16:02:04',0),(450,782,44,'2019-02-11 16:01:54',0),(451,783,30,'2019-02-12 16:01:56',0),(452,782,44,'2019-02-18 16:02:09',0),(453,785,59,'2019-02-21 16:03:10',0),(454,786,27,'2019-02-21 16:03:11',0),(455,785,59,'2019-02-28 16:03:21',0),(456,786,27,'2019-02-28 16:03:22',0),(457,787,2,'2019-02-28 16:03:23',0),(458,787,2,'2019-03-07 16:02:05',0),(459,790,29,'2019-03-20 16:04:19',0),(460,791,134,'2019-03-24 16:03:13',0),(461,790,29,'2019-03-27 16:03:15',0),(462,791,134,'2019-03-31 16:01:53',0),(463,792,523,'2019-04-03 16:03:13',0),(464,792,523,'2019-04-10 16:01:57',0),(465,795,158,'2019-05-16 16:01:56',0),(466,797,30,'2019-05-21 16:02:03',0),(467,797,30,'2019-05-28 16:02:13',0),(468,801,54,'2019-06-19 16:02:13',0),(469,802,520,'2019-06-19 16:02:16',0),(470,801,54,'2019-06-26 16:01:53',0),(471,802,520,'2019-06-26 16:01:54',0),(472,832,105,'2019-07-04 16:01:55',0),(473,852,103,'2019-07-04 16:01:55',0),(474,832,105,'2019-07-06 16:02:07',0),(475,852,103,'2019-07-06 16:02:10',0),(476,832,105,'2019-07-08 16:01:59',0),(477,806,135,'2019-07-09 16:01:58',0),(478,807,3,'2019-07-09 16:02:02',0),(479,812,116,'2019-07-09 16:02:05',0),(480,814,158,'2019-07-09 16:02:08',0),(481,815,114,'2019-07-09 16:02:15',0),(482,817,59,'2019-07-09 16:02:18',0),(483,818,109,'2019-07-09 16:02:25',0),(484,820,24,'2019-07-09 16:02:32',0),(485,828,36,'2019-07-09 16:02:35',0),(486,831,71,'2019-07-09 16:02:38',0),(487,839,113,'2019-07-09 16:02:45',0),(488,844,2,'2019-07-09 16:02:48',0),(489,853,27,'2019-07-09 16:02:58',0),(490,859,28,'2019-07-09 16:03:01',0),(491,869,102,'2019-07-09 16:03:05',0),(492,870,6,'2019-07-09 16:03:21',0),(493,872,519,'2019-07-09 16:03:25',0),(494,875,111,'2019-07-09 16:03:28',0),(495,877,132,'2019-07-09 16:03:35',0),(496,880,67,'2019-07-09 16:03:38',0),(497,881,44,'2019-07-09 16:03:48',0),(498,884,115,'2019-07-09 16:03:55',0),(499,885,89,'2019-07-09 16:04:01',0),(500,889,112,'2019-07-09 16:04:08',0),(501,892,19,'2019-07-09 16:04:11',0),(502,893,11,'2019-07-09 16:04:18',0),(503,895,15,'2019-07-09 16:04:21',0),(504,897,79,'2019-07-09 16:04:25',0),(505,899,82,'2019-07-09 16:04:31',0),(506,905,69,'2019-07-09 16:04:38',0),(507,913,32,'2019-07-09 16:04:41',0),(508,921,88,'2019-07-09 16:04:44',0),(509,832,105,'2019-07-10 16:01:54',0),(510,832,105,'2019-07-12 16:01:54',0),(511,832,105,'2019-07-14 16:02:00',0),(512,923,524,'2019-07-15 16:01:58',0),(513,806,135,'2019-07-16 16:01:59',0),(514,807,3,'2019-07-16 16:02:05',0),(515,812,116,'2019-07-16 16:02:12',0),(516,814,158,'2019-07-16 16:02:19',0),(517,815,114,'2019-07-16 16:02:28',0),(518,818,109,'2019-07-16 16:02:38',0),(519,828,36,'2019-07-16 16:02:45',0),(520,831,71,'2019-07-16 16:02:52',0),(521,832,105,'2019-07-16 16:02:58',0),(522,839,113,'2019-07-16 16:03:08',0),(523,844,2,'2019-07-16 16:03:15',0),(524,859,28,'2019-07-16 16:03:22',0),(525,869,102,'2019-07-16 16:03:28',0),(526,870,6,'2019-07-16 16:03:49',0),(527,872,519,'2019-07-16 16:03:56',0),(528,875,111,'2019-07-16 16:04:02',0),(529,877,132,'2019-07-16 16:04:12',0),(530,880,67,'2019-07-16 16:04:19',0),(531,881,44,'2019-07-16 16:04:33',0),(532,884,115,'2019-07-16 16:04:42',0),(533,885,89,'2019-07-16 16:04:52',0),(534,889,112,'2019-07-16 16:05:02',0),(535,897,79,'2019-07-16 16:05:09',0),(536,899,82,'2019-07-16 16:05:19',0),(537,905,69,'2019-07-16 16:05:29',0),(538,913,32,'2019-07-16 16:05:36',0),(539,924,106,'2019-07-17 16:01:54',0),(540,925,383,'2019-07-17 16:01:54',0),(541,926,433,'2019-07-17 16:01:54',0),(542,927,434,'2019-07-17 16:01:54',0),(543,928,475,'2019-07-17 16:01:54',0),(544,929,492,'2019-07-17 16:01:54',0),(545,930,397,'2019-07-17 16:01:54',0),(546,923,524,'2019-07-22 16:02:03',0),(547,924,106,'2019-07-24 16:01:56',0),(548,925,383,'2019-07-24 16:02:03',0),(549,926,433,'2019-07-24 16:02:09',0),(550,927,434,'2019-07-24 16:02:16',0),(551,928,475,'2019-07-24 16:02:23',0),(552,929,492,'2019-07-24 16:02:30',0),(553,930,397,'2019-07-24 16:02:36',0),(554,931,8,'2019-07-24 16:02:43',0),(555,932,18,'2019-07-24 16:02:46',0),(556,933,3,'2019-07-26 16:02:01',0),(557,936,526,'2019-07-30 16:01:53',0),(558,931,8,'2019-07-31 16:01:58',0),(559,932,18,'2019-07-31 16:02:04',0),(560,933,3,'2019-08-02 16:02:06',0),(561,936,526,'2019-08-06 16:01:58',0),(562,938,527,'2019-08-24 16:01:59',0),(563,940,528,'2019-08-24 16:01:59',0),(564,943,45,'2019-08-28 16:01:54',0),(565,938,527,'2019-08-31 16:01:55',0),(566,940,528,'2019-08-31 16:01:55',0),(567,944,1,'2019-08-31 16:01:56',0),(568,945,2,'2019-08-31 16:01:56',0),(569,946,8,'2019-08-31 16:01:56',0),(570,947,18,'2019-08-31 16:01:56',0),(571,948,5,'2019-08-31 16:01:56',0),(572,949,34,'2019-08-31 16:01:57',0),(573,950,27,'2019-08-31 16:01:57',0),(574,943,45,'2019-09-04 16:02:01',0),(575,944,1,'2019-09-07 16:01:56',0),(576,945,2,'2019-09-07 16:01:57',0),(577,946,8,'2019-09-07 16:01:57',0),(578,947,18,'2019-09-07 16:01:57',0),(579,948,5,'2019-09-07 16:01:58',0),(580,949,34,'2019-09-07 16:01:58',0),(581,950,27,'2019-09-07 16:01:59',0),(582,951,520,'2019-10-02 16:01:54',0),(583,951,520,'2019-10-09 16:02:00',0),(584,952,88,'2019-10-15 16:01:57',0),(585,953,59,'2019-10-17 16:03:42',0),(586,954,24,'2019-10-17 16:03:42',0),(587,955,19,'2019-10-17 16:03:43',0),(588,956,11,'2019-10-17 16:03:44',0),(589,957,15,'2019-10-17 16:03:44',0),(590,960,38,'2019-10-19 04:44:13',1),(591,958,79,'2019-10-22 16:04:20',0),(592,961,113,'2019-10-28 16:03:39',0),(593,962,86,'2019-10-28 16:03:40',0),(594,963,7,'2019-10-28 16:03:40',0),(595,964,383,'2019-10-31 16:10:08',0),(596,960,38,'2019-11-01 16:01:57',0),(597,963,7,'2019-11-04 16:01:57',0),(598,964,383,'2019-11-07 16:02:03',0),(599,822,12,'2020-01-14 07:32:51',1),(600,945,2,'2020-01-21 06:49:28',1),(601,945,2,'2020-01-21 06:49:32',1),(602,967,59,'2020-01-24 16:02:04',0),(603,968,24,'2020-01-24 16:02:04',0),(604,969,11,'2020-01-24 16:02:04',0),(605,919,47,'2020-01-25 12:13:41',1),(606,970,19,'2020-01-26 16:04:09',0),(607,849,22,'2020-01-29 06:42:04',1),(608,849,22,'2020-01-29 06:43:36',1),(609,919,47,'2020-01-29 07:05:37',1),(610,971,79,'2020-01-29 16:01:59',0),(611,949,34,'2020-01-30 06:06:00',1),(612,968,24,'2020-01-31 16:02:04',0),(613,969,11,'2020-01-31 16:02:04',0),(614,970,19,'2020-02-02 16:01:56',0),(615,971,79,'2020-02-05 16:01:58',0),(616,827,523,'2020-02-25 05:34:59',1),(617,828,36,'2020-03-10 08:32:50',1),(618,828,36,'2020-03-10 08:32:53',1),(619,977,25,'2020-04-26 16:06:11',0),(620,978,88,'2020-04-26 16:06:13',0),(621,979,2,'2020-04-29 16:06:33',0),(622,978,88,'2020-05-03 16:06:13',0),(623,979,2,'2020-05-06 16:06:29',0),(624,983,79,'2020-05-13 16:06:38',0),(625,983,79,'2020-05-20 16:07:06',0),(626,987,59,'2020-08-04 16:08:03',0),(627,988,113,'2020-08-04 16:08:07',0),(628,989,86,'2020-08-04 16:08:09',0),(629,987,59,'2020-08-11 16:08:17',0),(630,964,383,'2020-10-19 05:32:55',1),(631,1017,105,'2020-10-21 16:06:05',0),(632,1018,140,'2020-10-21 16:06:06',0),(633,1030,103,'2020-10-21 16:06:08',0),(634,1017,105,'2020-10-23 16:06:19',0),(635,1018,140,'2020-10-23 16:06:20',0),(636,1030,103,'2020-10-23 16:06:23',0),(637,1017,105,'2020-10-25 16:06:17',0),(638,996,4,'2020-10-26 16:06:21',0),(639,997,135,'2020-10-26 16:06:22',0),(640,998,73,'2020-10-26 16:06:23',0),(641,999,130,'2020-10-26 16:06:25',0),(642,1000,119,'2020-10-26 16:06:26',0),(643,1001,76,'2020-10-26 16:06:28',0),(644,1002,116,'2020-10-26 16:06:29',0),(645,1003,90,'2020-10-26 16:06:31',0),(646,1004,158,'2020-10-26 16:06:33',0),(647,1005,114,'2020-10-26 16:06:35',0),(648,1006,87,'2020-10-26 16:06:39',0),(649,1007,109,'2020-10-26 16:06:41',0),(650,1009,141,'2020-10-26 16:06:43',0),(651,1010,21,'2020-10-26 16:06:46',0),(652,1011,48,'2020-10-26 16:06:47',0),(653,1012,99,'2020-10-26 16:06:49',0),(654,1014,53,'2020-10-26 16:06:50',0),(655,1015,68,'2020-10-26 16:06:51',0),(656,1016,71,'2020-10-26 16:06:53',0),(657,1019,54,'2020-10-26 16:06:55',0),(658,1020,33,'2020-10-26 16:06:58',0),(659,1021,95,'2020-10-26 16:07:00',0),(660,1022,40,'2020-10-26 16:07:02',0),(661,1023,77,'2020-10-26 16:07:04',0),(662,1024,64,'2020-10-26 16:07:08',0),(663,1026,521,'2020-10-26 16:07:09',0),(664,1027,37,'2020-10-26 16:07:13',0),(665,1029,49,'2020-10-26 16:07:16',0),(666,1031,30,'2020-10-26 16:07:22',0),(667,1032,81,'2020-10-26 16:07:27',0),(668,1033,85,'2020-10-26 16:07:29',0),(669,1034,84,'2020-10-26 16:07:30',0),(670,1035,91,'2020-10-26 16:07:33',0),(671,1036,28,'2020-10-26 16:07:34',0),(672,1037,55,'2020-10-26 16:07:36',0),(673,1038,94,'2020-10-26 16:07:37',0),(674,1039,62,'2020-10-26 16:07:40',0),(675,1040,60,'2020-10-26 16:07:41',0),(676,1041,93,'2020-10-26 16:07:42',0),(677,1042,17,'2020-10-26 16:07:45',0),(678,1043,35,'2020-10-26 16:07:46',0),(679,1045,110,'2020-10-26 16:07:48',0),(680,1046,102,'2020-10-26 16:07:49',0),(681,1047,6,'2020-10-26 16:07:56',0),(682,1048,29,'2020-10-26 16:07:58',0),(683,1049,519,'2020-10-26 16:08:00',0),(684,1050,98,'2020-10-26 16:08:01',0),(685,1052,111,'2020-10-26 16:08:03',0),(686,1053,75,'2020-10-26 16:08:05',0),(687,1054,132,'2020-10-26 16:08:07',0),(688,1055,97,'2020-10-26 16:08:09',0),(689,1056,67,'2020-10-26 16:08:10',0),(690,1058,39,'2020-10-26 16:08:11',0),(691,1059,104,'2020-10-26 16:08:14',0),(692,1060,115,'2020-10-26 16:08:17',0),(693,1061,89,'2020-10-26 16:08:19',0),(694,1062,108,'2020-10-26 16:08:22',0),(695,1063,117,'2020-10-26 16:08:24',0),(696,1064,50,'2020-10-26 16:08:28',0),(697,1065,112,'2020-10-26 16:08:30',0),(698,1066,61,'2020-10-26 16:08:32',0),(699,1067,57,'2020-10-26 16:08:33',0),(700,1068,66,'2020-10-26 16:08:34',0),(701,1070,82,'2020-10-26 16:08:37',0),(702,1071,20,'2020-10-26 16:08:41',0),(703,1072,70,'2020-10-26 16:08:44',0),(704,1073,51,'2020-10-26 16:08:45',0),(705,1074,92,'2020-10-26 16:08:47',0),(706,1076,69,'2020-10-26 16:08:50',0),(707,1077,134,'2020-10-26 16:08:54',0),(708,1078,522,'2020-10-26 16:08:56',0),(709,1079,83,'2020-10-26 16:08:57',0),(710,1080,118,'2020-10-26 16:08:58',0),(711,1081,136,'2020-10-26 16:08:59',0),(712,1082,31,'2020-10-26 16:09:02',0),(713,1083,78,'2020-10-26 16:09:06',0),(714,1084,32,'2020-10-26 16:09:07',0),(715,1085,80,'2020-10-26 16:09:09',0),(716,1086,56,'2020-10-26 16:09:10',0),(717,1087,100,'2020-10-26 16:09:11',0),(718,1088,138,'2020-10-26 16:09:13',0),(719,1090,46,'2020-10-26 16:09:15',0),(720,1091,524,'2020-10-26 16:09:17',0),(721,1092,106,'2020-10-26 16:09:18',0),(722,1093,433,'2020-10-26 16:09:19',0),(723,1094,434,'2020-10-26 16:09:20',0),(724,1095,475,'2020-10-26 16:09:22',0),(725,1096,492,'2020-10-26 16:09:23',0),(726,1097,397,'2020-10-26 16:09:24',0),(727,1098,3,'2020-10-26 16:09:26',0),(728,1099,526,'2020-10-26 16:09:28',0),(729,1100,527,'2020-10-26 16:09:30',0),(730,1101,528,'2020-10-26 16:09:31',0),(731,1102,45,'2020-10-26 16:09:34',0),(732,1103,1,'2020-10-26 16:09:37',0),(733,1104,8,'2020-10-26 16:09:38',0),(734,1105,18,'2020-10-26 16:09:39',0),(735,1106,5,'2020-10-26 16:09:41',0),(736,1108,520,'2020-10-26 16:09:42',0),(737,1109,15,'2020-10-26 16:09:43',0),(738,1116,529,'2020-10-26 16:09:45',0),(739,1017,105,'2020-10-27 16:06:26',0),(740,1017,105,'2020-10-29 16:06:15',0),(741,1017,105,'2020-10-31 16:06:20',0),(742,997,135,'2020-11-02 16:06:17',0),(743,998,73,'2020-11-02 16:06:20',0),(744,999,130,'2020-11-02 16:06:23',0),(745,1000,119,'2020-11-02 16:06:25',0),(746,1001,76,'2020-11-02 16:06:28',0),(747,1002,116,'2020-11-02 16:06:31',0),(748,1003,90,'2020-11-02 16:06:34',0),(749,1004,158,'2020-11-02 16:06:37',0),(750,1005,114,'2020-11-02 16:06:41',0),(751,1006,87,'2020-11-02 16:06:45',0),(752,1007,109,'2020-11-02 16:06:49',0),(753,1009,141,'2020-11-02 16:06:52',0),(754,1010,21,'2020-11-02 16:06:56',0),(755,1011,48,'2020-11-02 16:06:59',0),(756,1012,99,'2020-11-02 16:07:01',0),(757,1013,523,'2020-11-02 16:07:04',0),(758,1014,53,'2020-11-02 16:07:06',0),(759,1015,68,'2020-11-02 16:07:09',0),(760,1016,71,'2020-11-02 16:07:12',0),(761,1017,105,'2020-11-02 16:07:14',0),(762,1020,33,'2020-11-02 16:07:18',0),(763,1021,95,'2020-11-02 16:07:21',0),(764,1022,40,'2020-11-02 16:07:25',0),(765,1023,77,'2020-11-02 16:07:28',0),(766,1026,521,'2020-11-02 16:07:30',0),(767,1027,37,'2020-11-02 16:07:36',0),(768,1029,49,'2020-11-02 16:07:39',0),(769,1031,30,'2020-11-02 16:07:42',0),(770,1032,81,'2020-11-02 16:07:49',0),(771,1033,85,'2020-11-02 16:07:51',0),(772,1034,84,'2020-11-02 16:07:54',0),(773,1035,91,'2020-11-02 16:07:58',0),(774,1036,28,'2020-11-02 16:08:00',0),(775,1037,55,'2020-11-02 16:08:03',0),(776,1038,94,'2020-11-02 16:08:05',0),(777,1039,62,'2020-11-02 16:08:09',0),(778,1040,60,'2020-11-02 16:08:12',0),(779,1041,93,'2020-11-02 16:08:15',0),(780,1042,17,'2020-11-02 16:08:19',0),(781,1043,35,'2020-11-02 16:08:21',0),(782,1045,110,'2020-11-02 16:08:24',0),(783,1046,102,'2020-11-02 16:08:27',0),(784,1047,6,'2020-11-02 16:08:35',0),(785,1048,29,'2020-11-02 16:08:39',0),(786,1049,519,'2020-11-02 16:08:41',0),(787,1050,98,'2020-11-02 16:08:44',0),(788,1052,111,'2020-11-02 16:08:47',0),(789,1053,75,'2020-11-02 16:08:49',0),(790,1054,132,'2020-11-02 16:08:53',0),(791,1056,67,'2020-11-02 16:08:56',0),(792,1058,39,'2020-11-02 16:08:59',0),(793,1059,104,'2020-11-02 16:09:02',0),(794,1060,115,'2020-11-02 16:09:06',0),(795,1061,89,'2020-11-02 16:09:11',0),(796,1063,117,'2020-11-02 16:09:13',0),(797,1064,50,'2020-11-02 16:09:19',0),(798,1065,112,'2020-11-02 16:09:22',0),(799,1066,61,'2020-11-02 16:09:25',0),(800,1068,66,'2020-11-02 16:09:28',0),(801,1070,82,'2020-11-02 16:09:31',0),(802,1071,20,'2020-11-02 16:09:37',0),(803,1072,70,'2020-11-02 16:09:41',0),(804,1073,51,'2020-11-02 16:09:44',0),(805,1074,92,'2020-11-02 16:09:48',0),(806,1076,69,'2020-11-02 16:09:52',0),(807,1077,134,'2020-11-02 16:09:57',0),(808,1078,522,'2020-11-02 16:09:59',0),(809,1079,83,'2020-11-02 16:10:02',0),(810,1081,136,'2020-11-02 16:10:04',0),(811,1083,78,'2020-11-02 16:10:10',0),(812,1084,32,'2020-11-02 16:10:11',0),(813,1085,80,'2020-11-02 16:10:14',0),(814,1086,56,'2020-11-02 16:10:16',0),(815,1087,100,'2020-11-02 16:10:19',0),(816,1088,138,'2020-11-02 16:10:21',0),(817,1090,46,'2020-11-02 16:10:25',0),(818,1091,524,'2020-11-02 16:10:28',0),(819,1092,106,'2020-11-02 16:10:30',0),(820,1093,433,'2020-11-02 16:10:33',0),(821,1094,434,'2020-11-02 16:10:35',0),(822,1095,475,'2020-11-02 16:10:38',0),(823,1096,492,'2020-11-02 16:10:40',0),(824,1097,397,'2020-11-02 16:10:43',0),(825,1098,3,'2020-11-02 16:10:46',0),(826,1099,526,'2020-11-02 16:10:49',0),(827,1100,527,'2020-11-02 16:10:52',0),(828,1101,528,'2020-11-02 16:10:55',0),(829,1103,1,'2020-11-02 16:10:59',0),(830,1104,8,'2020-11-02 16:11:01',0),(831,1105,18,'2020-11-02 16:11:03',0),(832,1106,5,'2020-11-02 16:11:06',0),(833,1107,34,'2020-11-02 16:11:11',0),(834,1108,520,'2020-11-02 16:11:14',0),(835,1116,529,'2020-11-02 16:11:16',0),(836,1120,25,'2020-11-03 16:06:15',0),(837,1083,78,'2020-11-09 16:06:18',0),(838,1120,25,'2020-11-10 16:06:20',0),(839,1083,78,'2020-11-16 16:06:21',0),(840,1083,78,'2020-11-23 16:06:31',0),(841,1083,78,'2020-11-30 16:06:38',0),(842,1083,78,'2020-12-07 16:06:31',0),(843,1051,63,'2020-12-28 16:06:29',0),(844,1126,27,'2020-12-30 16:06:31',0),(845,1127,531,'2020-12-30 16:06:33',0),(846,1126,27,'2021-01-06 16:06:28',0),(847,1127,531,'2021-01-06 16:06:30',0),(848,1138,12,'2021-01-25 16:06:45',0),(849,1153,58,'2021-01-25 16:06:49',0),(850,1180,44,'2021-01-25 16:06:54',0),(851,1190,65,'2021-01-25 16:06:55',0),(852,1229,96,'2021-01-27 16:06:41',0),(853,1138,12,'2021-02-01 16:06:54',0),(854,1153,58,'2021-02-01 16:07:00',0),(855,1190,65,'2021-02-01 16:07:03',0),(856,1230,4,'2021-02-01 16:07:06',0),(857,1232,97,'2021-02-01 16:07:07',0),(858,1234,45,'2021-02-01 16:07:08',0),(859,1235,64,'2021-02-02 16:06:31',0),(860,1229,96,'2021-02-03 16:10:14',0),(861,1239,108,'2021-02-03 16:10:18',0),(862,1240,31,'2021-02-07 16:07:21',0),(863,1241,79,'2021-02-07 16:07:22',0),(864,1230,4,'2021-02-08 16:06:31',0),(865,1232,97,'2021-02-08 16:06:33',0),(866,1234,45,'2021-02-08 16:06:36',0),(867,1242,30,'2021-02-08 16:06:39',0),(868,1243,6,'2021-02-08 16:06:45',0),(869,1244,92,'2021-02-08 16:06:48',0),(870,1245,138,'2021-02-08 16:06:49',0),(871,1246,46,'2021-02-08 16:06:52',0),(872,1247,1,'2021-02-08 16:06:55',0),(873,1248,8,'2021-02-08 16:06:56',0),(874,1235,64,'2021-02-09 16:06:30',0),(875,1239,108,'2021-02-10 16:06:27',0),(876,1251,530,'2021-02-12 16:06:31',0),(877,1240,31,'2021-02-14 16:06:28',0),(878,1242,30,'2021-02-15 16:06:27',0),(879,1244,92,'2021-02-15 16:06:31',0),(880,1245,138,'2021-02-15 16:06:34',0),(881,1246,46,'2021-02-15 16:06:38',0),(882,1247,1,'2021-02-15 16:06:43',0),(883,1248,8,'2021-02-15 16:06:45',0),(884,1252,91,'2021-02-15 16:06:49',0),(885,1253,59,'2021-02-16 16:06:38',0),(886,1254,158,'2021-02-18 16:06:45',0),(887,1252,91,'2021-02-22 16:06:42',0),(888,1254,158,'2021-02-25 16:06:39',0),(889,1257,383,'2021-04-04 16:06:32',0),(890,1258,27,'2021-04-14 16:06:24',0),(891,1258,27,'2021-04-21 16:06:15',0),(892,1260,130,'2021-04-26 16:06:27',0),(893,1323,41,'2021-04-26 16:06:31',0),(894,1350,7,'2021-04-26 16:06:33',0),(895,1352,19,'2021-04-26 16:06:34',0),(896,1323,41,'2021-05-03 16:06:52',0),(897,1350,7,'2021-05-03 16:06:55',0),(898,1360,44,'2021-05-04 16:06:43',0),(899,1361,520,'2021-05-04 16:06:45',0),(900,1362,54,'2021-05-04 16:06:46',0),(901,1363,57,'2021-05-04 16:06:48',0),(902,1364,15,'2021-05-04 16:06:49',0),(903,1376,135,'2021-06-16 11:29:05',0),(904,1377,64,'2021-06-16 11:29:10',0),(905,1378,79,'2021-06-16 11:29:11',0),(906,1379,6,'2021-06-16 11:29:17',0),(907,1380,8,'2021-06-16 11:29:19',0),(908,1381,530,'2021-06-16 11:29:20',0),(909,1383,59,'2021-06-16 11:29:21',0),(910,1376,135,'2021-06-23 16:07:53',0),(911,1378,79,'2021-06-23 16:07:56',0),(912,1381,530,'2021-06-23 16:07:59',0),(913,1383,59,'2021-06-23 16:08:01',0),(914,1387,383,'2021-07-11 16:07:48',0),(915,1387,383,'2021-07-18 16:07:47',0),(916,1387,383,'2021-07-25 16:07:23',0),(917,1484,130,'2021-08-02 16:08:10',0),(918,1485,19,'2021-08-02 16:08:11',0),(919,1484,130,'2021-08-09 16:07:50',0),(920,1485,19,'2021-08-09 16:07:54',0),(921,1496,30,'2021-08-09 16:07:57',0),(922,1489,44,'2021-08-10 16:08:06',0),(923,1490,520,'2021-08-10 16:08:09',0),(924,1491,57,'2021-08-10 16:08:12',0),(925,1492,15,'2021-08-10 16:08:14',0),(926,1501,41,'2021-08-10 16:08:17',0),(927,1502,54,'2021-08-10 16:08:19',0),(928,1503,113,'2021-08-13 16:07:57',0),(929,1504,86,'2021-08-13 16:07:59',0),(930,1496,30,'2021-08-16 16:08:21',0),(931,1501,41,'2021-08-17 16:07:55',0),(932,1502,54,'2021-08-17 16:07:59',0),(933,1503,113,'2021-08-20 16:08:07',0),(934,1504,86,'2021-08-20 16:08:10',0),(935,1505,118,'2021-09-10 16:08:11',0),(936,1505,118,'2021-09-17 16:08:05',0),(937,1511,64,'2021-09-22 16:08:14',0),(938,1512,6,'2021-09-22 16:08:21',0),(939,1513,8,'2021-09-22 16:08:22',0),(940,1511,64,'2021-09-29 16:08:12',0),(941,1512,6,'2021-09-29 16:08:20',0),(942,1513,8,'2021-09-29 16:08:23',0),(943,1514,530,'2021-09-29 16:08:25',0),(944,1515,36,'2021-09-29 16:08:27',0),(945,1514,530,'2021-10-06 16:08:39',0),(946,1515,36,'2021-10-06 16:08:42',0);

--
-- Table structure for table `s_requests_dtl_tbl`
--

CREATE TABLE `s_requests_dtl_tbl` (
  `spr_dtl_id` int(11) NOT NULL AUTO_INCREMENT,
  `spr_dtl_spr_id` int(11) NOT NULL,
  `spr_dtl_sc_id` int(11) NOT NULL,
  `spr_dtl_sm_id` int(11) NOT NULL,
  PRIMARY KEY (`spr_dtl_id`)
) ENGINE=MyISAM AUTO_INCREMENT=2367 DEFAULT CHARSET=latin1;

--
-- Dumping data for table `s_requests_dtl_tbl`
--

INSERT INTO `s_requests_dtl_tbl` VALUES (1,1,4,4),(2,2,3,3),(3,3,88,73),(4,4,90,76),(5,5,116,90),(6,6,111,87),(7,6,112,87),(8,7,72,59),(9,8,36,29),(10,9,43,34),(11,9,44,34),(12,10,32,24),(13,11,33,25),(14,12,15,12),(15,13,26,21),(16,13,27,21),(17,14,62,48),(18,15,126,99),(129,108,15,12),(21,17,66,53),(22,18,81,68),(23,19,86,71),(24,20,67,54),(25,21,41,33),(26,21,42,33),(27,22,121,95),(28,23,52,40),(29,23,53,40),(30,24,93,77),(31,24,92,77),(32,25,109,86),(33,25,110,86),(34,26,77,64),(35,27,9,8),(36,27,10,8),(37,28,1,1),(38,29,2,2),(39,30,49,38),(40,30,50,38),(41,31,71,58),(42,32,48,37),(43,33,22,18),(44,33,23,18),(45,34,34,27),(46,35,63,49),(47,36,37,30),(48,36,38,30),(49,37,99,81),(50,37,100,81),(51,37,101,81),(52,37,102,81),(53,38,107,85),(54,38,108,85),(55,39,113,88),(56,40,106,84),(57,41,127,100),(58,42,60,47),(59,42,61,47),(60,43,117,91),(61,44,35,28),(62,45,68,55),(63,46,120,94),(64,47,75,62),(65,48,119,93),(66,49,73,60),(67,50,21,17),(68,51,45,35),(69,52,122,96),(70,52,123,96),(71,53,6,6),(72,54,125,98),(73,55,76,63),(74,56,89,75),(75,57,5,5),(76,58,124,97),(77,59,69,56),(78,60,80,67),(79,61,56,44),(80,61,57,44),(81,61,58,44),(82,62,51,39),(83,63,114,89),(84,63,115,89),(85,64,64,50),(86,65,74,61),(87,66,70,57),(88,67,24,19),(89,68,13,11),(90,68,14,11),(91,69,79,66),(92,70,19,15),(93,71,7,7),(94,71,8,7),(95,72,97,79),(96,73,103,82),(97,73,104,82),(98,74,25,20),(99,75,84,70),(100,75,85,70),(101,76,118,92),(128,107,4,4),(127,106,3,3),(126,104,184,134),(105,78,19,15),(106,79,98,80),(107,80,59,45),(108,81,40,32),(109,82,94,78),(110,82,95,78),(111,82,96,78),(112,83,26,21),(113,83,27,21),(114,84,36,29),(115,85,39,31),(116,86,105,83),(117,87,133,41),(118,87,134,41),(119,88,13,11),(120,88,14,11),(121,89,90,76),(122,90,137,104),(123,91,145,108),(124,92,173,117),(130,108,135,12),(131,109,33,25),(132,110,32,24),(133,110,140,24),(134,111,72,59),(135,112,126,99),(136,113,1,1),(137,114,9,8),(138,114,10,8),(139,115,34,27),(140,115,141,27),(141,116,37,30),(142,116,38,30),(143,117,41,33),(144,117,42,33),(145,118,50,38),(146,119,66,53),(147,120,81,68),(148,121,86,71),(149,122,99,81),(150,122,100,81),(151,122,101,81),(152,122,102,81),(153,123,108,85),(154,124,110,86),(155,125,113,88),(156,126,117,91),(157,126,138,91),(158,127,5,5),(159,128,7,7),(160,128,8,7),(161,129,21,17),(162,129,170,17),(163,130,24,19),(164,131,56,44),(165,131,57,44),(166,131,58,44),(167,132,69,56),(168,133,70,57),(169,134,74,61),(170,135,75,62),(171,136,76,63),(172,137,79,66),(173,138,103,82),(174,138,104,82),(175,139,118,92),(176,140,122,96),(177,140,123,96),(178,141,8,7),(179,142,6,6),(180,142,171,6),(181,142,172,6),(182,143,166,46),(183,143,167,46),(184,144,186,136),(185,150,2,2),(186,152,175,119),(187,153,72,59),(188,154,46,36),(189,154,47,36),(190,154,169,36),(191,155,3,3),(192,156,4,4),(193,157,22,18),(194,157,23,18),(195,158,13,11),(196,158,14,11),(197,159,33,25),(198,160,19,15),(199,161,21,17),(200,161,170,17),(201,162,34,27),(202,162,141,27),(203,163,37,30),(204,163,38,30),(205,164,40,32),(206,165,41,33),(207,165,42,33),(208,166,67,54),(209,166,136,54),(210,167,74,61),(211,168,75,62),(212,169,90,76),(213,170,110,86),(214,171,179,130),(215,174,6,6),(216,174,171,6),(217,174,172,6),(218,175,1,1),(219,176,2,2),(220,177,108,85),(221,178,187,138),(222,179,84,70),(223,179,85,70),(224,180,5,5),(225,181,8,7),(226,182,9,8),(227,182,10,8),(228,183,15,12),(229,183,135,12),(230,184,24,19),(231,185,32,24),(232,185,140,24),(233,186,50,38),(234,187,56,44),(235,187,57,44),(236,187,58,44),(237,188,66,53),(238,189,69,56),(239,190,70,57),(240,191,76,63),(241,192,81,68),(242,193,86,71),(243,194,99,81),(244,194,100,81),(245,194,101,81),(246,194,102,81),(247,195,103,82),(248,195,104,82),(249,196,113,88),(250,197,117,91),(251,197,138,91),(252,198,118,92),(253,199,122,96),(254,199,123,96),(255,200,173,117),(256,201,175,119),(257,202,43,34),(258,202,44,34),(259,203,59,45),(260,204,93,77),(261,205,68,55),(262,206,124,97),(263,207,3,3),(264,208,19,15),(265,209,34,27),(266,209,141,27),(267,210,41,33),(268,210,42,33),(269,211,51,39),(270,212,110,86),(271,213,184,134),(272,214,179,130),(273,215,67,54),(274,215,136,54),(275,221,64,50),(276,221,162,50),(277,221,163,50),(278,222,28,22),(279,223,5,5),(280,224,3,3),(281,225,4,4),(282,226,5,5),(283,227,6,6),(284,227,171,6),(285,227,172,6),(286,228,8,7),(287,229,25,20),(288,230,13,11),(289,230,14,11),(290,231,33,25),(291,232,19,15),(292,233,21,17),(293,233,170,17),(294,234,24,19),(295,235,26,21),(296,235,27,21),(297,236,28,22),(298,237,32,24),(299,237,140,24),(300,238,34,27),(301,238,141,27),(302,239,35,28),(303,240,36,29),(304,241,37,30),(305,241,38,30),(306,242,39,31),(307,243,40,32),(308,244,41,33),(309,244,42,33),(310,245,43,34),(311,245,44,34),(312,246,166,46),(313,246,167,46),(314,247,59,45),(315,248,134,41),(316,248,168,41),(317,249,52,40),(318,249,53,40),(319,250,51,39),(320,251,50,38),(321,252,48,37),(322,253,45,35),(323,254,62,48),(324,255,63,49),(325,255,164,49),(326,256,64,50),(327,256,162,50),(328,256,163,50),(329,257,66,53),(330,258,67,54),(331,258,136,54),(332,259,68,55),(333,260,69,56),(334,261,70,57),(335,262,71,58),(336,262,160,58),(337,263,72,59),(338,264,73,60),(339,265,74,61),(340,266,77,64),(341,266,159,64),(342,267,79,66),(343,268,80,67),(344,269,81,68),(345,270,84,70),(346,270,85,70),(347,271,86,71),(348,272,88,73),(349,273,89,75),(350,274,90,76),(351,275,93,77),(352,276,94,78),(353,276,95,78),(354,276,96,78),(355,277,97,79),(356,278,98,80),(357,279,99,81),(358,279,100,81),(359,279,101,81),(360,279,102,81),(361,280,103,82),(362,280,104,82),(363,281,105,83),(364,282,106,84),(365,283,108,85),(366,284,110,86),(367,285,111,87),(368,285,112,87),(369,286,113,88),(370,287,114,89),(371,287,115,89),(372,288,116,90),(373,289,117,91),(374,289,138,91),(375,290,118,92),(376,291,119,93),(377,292,120,94),(378,293,121,95),(379,294,122,96),(380,294,123,96),(381,295,124,97),(382,296,125,98),(383,297,126,99),(384,298,127,100),(385,299,145,108),(386,300,173,117),(387,301,186,136),(388,302,175,119),(389,303,184,134),(390,304,137,104),(391,304,158,104),(392,305,179,130),(393,306,187,138),(394,307,75,62),(395,308,15,12),(396,308,135,12),(397,687,60,47),(398,687,61,47),(399,687,165,47),(400,688,76,63),(401,689,46,36),(402,689,47,36),(403,689,169,36),(404,690,147,110),(405,691,22,18),(406,691,23,18),(407,692,188,140),(408,693,9,8),(409,693,10,8),(410,694,56,44),(411,694,57,44),(412,694,58,44),(413,697,19,15),(414,698,52,40),(415,698,53,40),(416,699,166,46),(417,699,167,46),(418,700,72,59),(419,701,13,11),(420,701,14,11),(421,702,24,19),(422,704,28,22),(423,705,25,20),(424,706,26,21),(425,706,27,21),(426,707,33,25),(427,708,199,519),(428,709,21,17),(429,709,170,17),(430,710,5,5),(431,711,6,6),(432,711,171,6),(433,711,172,6),(434,712,41,33),(435,712,42,33),(436,713,67,54),(437,713,136,54),(438,714,108,85),(439,715,34,27),(440,715,141,27),(441,715,191,27),(442,717,46,36),(443,718,52,40),(444,718,53,40),(445,719,9,8),(446,719,10,8),(447,720,28,22),(448,721,203,141),(449,722,25,20),(450,722,205,20),(451,722,206,20),(452,723,184,134),(453,723,207,134),(454,724,21,17),(455,724,208,17),(456,725,25,20),(457,726,75,62),(458,726,209,62),(459,727,161,51),(460,728,78,65),(461,729,188,140),(462,730,75,62),(463,730,209,62),(464,731,147,110),(465,732,190,18),(466,733,56,44),(467,733,57,44),(468,733,58,44),(469,734,37,30),(470,734,38,30),(471,734,194,30),(472,734,195,30),(473,735,8,7),(474,735,196,7),(475,735,197,7),(476,736,15,12),(477,736,135,12),(478,737,76,63),(479,738,19,15),(480,739,166,46),(481,739,167,46),(482,740,72,59),(483,741,179,130),(484,742,1,1),(485,742,198,1),(486,743,34,27),(487,743,141,27),(488,743,191,27),(489,744,175,119),(490,745,67,54),(491,745,136,54),(492,746,201,520),(493,747,6,6),(494,747,171,6),(495,747,172,6),(496,747,200,6),(497,747,210,6),(498,748,107,85),(499,749,189,29),(500,749,202,29),(501,750,5,5),(502,751,46,36),(503,753,218,521),(504,755,219,522),(505,756,63,49),(506,756,164,49),(507,757,174,118),(508,758,64,50),(509,758,162,50),(510,758,163,50),(511,759,190,18),(512,760,9,8),(513,760,10,8),(514,761,56,44),(515,761,57,44),(516,761,58,44),(517,762,37,30),(518,762,38,30),(519,762,194,30),(520,762,195,30),(521,763,15,12),(522,763,135,12),(523,764,19,15),(524,765,72,59),(525,766,2,2),(526,767,34,27),(527,767,141,27),(528,767,191,27),(529,768,184,134),(530,768,207,134),(531,768,217,134),(532,769,199,519),(533,770,201,520),(534,772,220,523),(535,773,189,29),(536,773,202,29),(537,774,79,66),(538,775,113,88),(539,776,4,4),(540,777,46,36),(541,778,218,521),(542,779,174,118),(543,780,190,18),(544,781,9,8),(545,781,10,8),(546,782,56,44),(547,782,57,44),(548,782,58,44),(549,783,37,30),(550,783,38,30),(551,783,194,30),(552,783,195,30),(553,784,19,15),(554,785,72,59),(555,786,34,27),(556,786,141,27),(557,786,191,27),(558,787,2,2),(559,788,67,54),(560,788,136,54),(561,789,201,520),(562,790,189,29),(563,790,202,29),(564,791,184,134),(565,791,207,134),(566,791,217,134),(567,792,220,523),(568,793,113,88),(569,794,3,3),(570,795,222,158),(571,796,19,15),(572,797,37,30),(573,797,38,30),(574,797,194,30),(575,797,195,30),(576,798,56,44),(577,798,57,44),(578,798,58,44),(579,799,34,27),(580,799,141,27),(581,799,191,27),(582,800,72,59),(583,801,67,54),(584,801,136,54),(585,802,201,520),(586,803,6,6),(587,803,171,6),(588,803,172,6),(589,803,200,6),(590,803,210,6),(591,804,40,32),(592,805,185,135),(593,806,185,135),(594,807,3,3),(595,808,88,73),(596,809,179,130),(597,810,175,119),(598,811,90,76),(599,812,157,116),(600,813,116,90),(601,814,222,158),(602,815,153,114),(603,815,154,114),(604,816,111,87),(605,816,112,87),(606,817,72,59),(607,818,192,109),(608,818,193,109),(609,819,43,34),(610,819,44,34),(611,819,211,34),(612,820,32,24),(613,820,140,24),(614,821,33,25),(615,822,15,12),(616,822,135,12),(617,823,203,141),(618,824,26,21),(619,824,27,21),(620,825,62,48),(621,826,126,99),(622,827,220,523),(623,828,46,36),(624,829,66,53),(625,830,81,68),(626,831,86,71),(627,832,139,105),(628,833,188,140),(629,834,67,54),(630,834,136,54),(631,835,41,33),(632,835,42,33),(633,836,121,95),(634,837,52,40),(635,837,53,40),(636,838,93,77),(637,839,151,113),(638,839,152,113),(639,840,110,86),(640,841,77,64),(641,841,159,64),(642,841,225,64),(643,842,9,8),(644,842,10,8),(645,843,1,1),(646,843,198,1),(647,844,2,2),(648,845,50,38),(649,845,214,38),(650,846,71,58),(651,846,160,58),(652,846,226,58),(653,847,218,521),(654,848,48,37),(655,848,212,37),(656,848,213,37),(657,849,28,22),(658,850,190,18),(659,851,63,49),(660,851,164,49),(661,852,130,103),(662,853,34,27),(663,853,141,27),(664,853,191,27),(665,854,37,30),(666,854,38,30),(667,854,194,30),(668,854,195,30),(669,855,99,81),(670,855,100,81),(671,855,101,81),(672,855,102,81),(673,856,107,85),(674,857,106,84),(675,858,117,91),(676,858,138,91),(677,859,35,28),(678,860,68,55),(679,861,120,94),(680,862,75,62),(681,862,209,62),(682,863,73,60),(683,864,119,93),(684,865,21,17),(685,865,208,17),(686,866,45,35),(687,867,122,96),(688,867,123,96),(689,868,147,110),(690,869,129,102),(691,870,6,6),(692,870,171,6),(693,870,172,6),(694,870,200,6),(695,870,210,6),(696,871,189,29),(697,871,202,29),(698,872,199,519),(699,873,125,98),(700,874,76,63),(701,875,148,111),(702,876,89,75),(703,877,181,132),(704,877,182,132),(705,878,5,5),(706,879,124,97),(707,880,80,67),(708,881,56,44),(709,881,57,44),(710,881,58,44),(711,882,51,39),(712,883,137,104),(713,883,158,104),(714,884,155,115),(715,884,156,115),(716,885,114,89),(717,885,115,89),(718,886,145,108),(719,886,221,108),(720,887,173,117),(721,888,64,50),(722,888,162,50),(723,888,163,50),(724,889,149,112),(725,889,150,112),(726,890,74,61),(727,891,70,57),(728,892,24,19),(729,893,13,11),(730,893,14,11),(731,894,79,66),(732,895,19,15),(733,896,8,7),(734,896,196,7),(735,896,197,7),(736,897,97,79),(737,898,78,65),(738,899,103,82),(739,899,104,82),(740,900,25,20),(741,900,205,20),(742,900,206,20),(743,901,84,70),(744,901,85,70),(745,902,161,51),(746,903,118,92),(747,903,228,92),(748,904,134,41),(749,904,168,41),(750,905,82,69),(751,905,83,69),(752,906,184,134),(753,906,207,134),(754,906,217,134),(755,907,219,522),(756,908,105,83),(757,909,174,118),(758,910,186,136),(759,911,39,31),(760,911,223,31),(761,911,224,31),(762,912,94,78),(763,912,95,78),(764,912,96,78),(765,913,40,32),(766,914,59,45),(767,914,215,45),(768,914,216,45),(769,915,98,80),(770,916,69,56),(771,917,127,100),(772,918,187,138),(773,919,60,47),(774,919,61,47),(775,919,165,47),(776,920,166,46),(777,920,167,46),(778,921,113,88),(779,923,229,524),(780,924,230,106),(781,925,231,383),(782,926,233,433),(783,927,234,434),(784,928,235,475),(785,929,236,492),(786,930,232,397),(787,931,9,8),(788,932,237,18),(789,933,238,3),(790,936,239,526),(791,938,241,527),(792,940,242,528),(793,943,59,45),(794,943,215,45),(795,943,216,45),(796,944,1,1),(797,944,198,1),(798,945,2,2),(799,946,9,8),(800,947,237,18),(801,948,5,5),(802,949,43,34),(803,949,44,34),(804,949,211,34),(805,950,34,27),(806,950,141,27),(807,950,191,27),(808,951,201,520),(809,952,113,88),(810,953,72,59),(811,954,32,24),(812,954,140,24),(813,955,24,19),(814,956,13,11),(815,956,14,11),(816,957,19,15),(817,958,97,79),(818,959,50,38),(819,959,214,38),(820,960,49,38),(821,961,151,113),(822,961,152,113),(823,962,110,86),(824,963,8,7),(825,963,196,7),(826,963,197,7),(827,964,231,383),(828,965,141,27),(829,965,191,27),(830,966,113,88),(831,967,72,59),(832,968,32,24),(833,968,140,24),(834,969,13,11),(835,969,14,11),(836,970,24,19),(837,971,97,79),(838,972,151,113),(839,972,152,113),(840,973,110,86),(841,975,245,529),(842,976,141,27),(843,976,191,27),(844,977,33,25),(845,978,113,88),(846,979,2,2),(847,980,72,59),(848,981,151,113),(849,981,152,113),(850,982,110,86),(851,983,97,79),(852,984,246,36),(853,985,191,27),(854,986,33,25),(855,987,72,59),(856,988,151,113),(857,988,152,113),(858,989,110,86),(859,991,247,530),(860,992,246,36),(861,993,191,27),(863,996,4,4),(864,997,185,135),(865,998,88,73),(866,999,179,130),(867,1000,175,119),(868,1001,90,76),(869,1002,157,116),(870,1003,116,90),(871,1004,222,158),(872,1005,153,114),(873,1005,154,114),(874,1006,111,87),(875,1006,112,87),(876,1007,192,109),(877,1007,193,109),(878,1008,15,12),(879,1008,135,12),(880,1009,203,141),(881,1010,26,21),(882,1010,27,21),(883,1011,62,48),(884,1012,126,99),(885,1013,220,523),(886,1014,66,53),(887,1015,81,68),(888,1016,86,71),(889,1017,139,105),(890,1018,188,140),(891,1019,67,54),(892,1019,136,54),(893,1020,41,33),(894,1020,42,33),(895,1021,121,95),(896,1022,52,40),(897,1022,53,40),(898,1023,93,77),(899,1024,77,64),(900,1024,159,64),(901,1024,225,64),(902,1025,71,58),(903,1025,160,58),(904,1025,226,58),(905,1026,218,521),(906,1027,48,37),(907,1027,212,37),(908,1027,213,37),(909,1028,28,22),(910,1029,63,49),(911,1029,164,49),(912,1030,130,103),(913,1031,37,30),(914,1031,38,30),(915,1031,194,30),(916,1031,195,30),(917,1032,99,81),(918,1032,100,81),(919,1032,101,81),(920,1032,102,81),(921,1033,107,85),(922,1034,106,84),(923,1035,117,91),(924,1035,138,91),(925,1036,35,28),(926,1037,68,55),(927,1038,120,94),(928,1039,75,62),(929,1039,209,62),(930,1040,73,60),(931,1041,119,93),(932,1042,21,17),(933,1042,208,17),(934,1043,45,35),(935,1044,122,96),(936,1044,123,96),(937,1045,147,110),(938,1046,129,102),(939,1047,6,6),(940,1047,171,6),(941,1047,172,6),(942,1047,200,6),(943,1047,210,6),(944,1048,189,29),(945,1048,202,29),(946,1049,199,519),(947,1050,125,98),(948,1051,76,63),(949,1052,148,111),(950,1053,89,75),(951,1054,181,132),(952,1054,182,132),(953,1055,124,97),(954,1056,80,67),(955,1057,56,44),(956,1057,57,44),(957,1057,58,44),(958,1058,51,39),(959,1059,137,104),(960,1059,158,104),(961,1060,155,115),(962,1060,156,115),(963,1061,114,89),(964,1061,115,89),(965,1062,145,108),(966,1062,221,108),(967,1063,173,117),(968,1064,64,50),(969,1064,162,50),(970,1064,163,50),(971,1065,149,112),(972,1065,150,112),(973,1066,74,61),(974,1067,70,57),(975,1068,79,66),(976,1069,78,65),(977,1070,103,82),(978,1070,104,82),(979,1071,25,20),(980,1071,205,20),(981,1071,206,20),(982,1072,84,70),(983,1072,85,70),(984,1073,161,51),(985,1074,118,92),(986,1074,228,92),(987,1075,134,41),(988,1075,168,41),(989,1076,82,69),(990,1076,83,69),(991,1077,184,134),(992,1077,207,134),(993,1077,217,134),(994,1078,219,522),(995,1079,105,83),(996,1080,174,118),(997,1081,186,136),(998,1082,39,31),(999,1082,223,31),(1000,1082,224,31),(1001,1083,94,78),(1002,1083,95,78),(1003,1083,96,78),(1004,1084,40,32),(1005,1085,98,80),(1006,1086,69,56),(1007,1087,127,100),(1008,1088,187,138),(1009,1089,60,47),(1010,1089,61,47),(1011,1089,165,47),(1012,1090,166,46),(1013,1090,167,46),(1014,1091,229,524),(1015,1092,230,106),(1016,1093,233,433),(1017,1094,234,434),(1018,1095,235,475),(1019,1096,236,492),(1020,1097,232,397),(1021,1098,238,3),(1022,1099,239,526),(1023,1099,240,526),(1024,1100,241,527),(1025,1101,242,528),(1026,1102,215,45),(1027,1102,216,45),(1028,1103,1,1),(1029,1103,198,1),(1030,1104,9,8),(1031,1105,237,18),(1032,1106,5,5),(1033,1107,43,34),(1034,1107,44,34),(1035,1107,211,34),(1036,1108,201,520),(1037,1109,19,15),(1038,1110,49,38),(1039,1110,50,38),(1040,1110,214,38),(1041,1111,8,7),(1042,1111,196,7),(1043,1111,197,7),(1044,1112,231,383),(1045,1113,32,24),(1046,1113,140,24),(1047,1114,14,11),(1048,1115,24,19),(1049,1116,245,529),(1050,1117,113,88),(1051,1118,2,2),(1052,1119,97,79),(1053,1120,33,25),(1054,1121,151,113),(1055,1121,152,113),(1056,1122,110,86),(1057,1123,247,530),(1058,1124,72,59),(1059,1125,246,36),(1060,1126,191,27),(1061,1127,248,531),(1062,1128,185,135),(1063,1129,88,73),(1064,1130,179,130),(1065,1131,175,119),(1066,1132,90,76),(1067,1133,157,116),(1068,1134,116,90),(1069,1135,153,114),(1070,1135,154,114),(1071,1136,111,87),(1072,1136,112,87),(1073,1137,192,109),(1074,1137,193,109),(1075,1138,15,12),(1076,1138,135,12),(1077,1139,203,141),(1078,1140,26,21),(1079,1140,27,21),(1080,1141,62,48),(1081,1142,126,99),(1082,1143,220,523),(1083,1144,66,53),(1084,1145,81,68),(1085,1146,86,71),(1086,1147,139,105),(1087,1148,188,140),(1088,1149,41,33),(1089,1149,42,33),(1090,1150,121,95),(1091,1151,52,40),(1092,1151,53,40),(1093,1152,93,77),(1094,1153,71,58),(1095,1153,160,58),(1096,1153,226,58),(1097,1154,218,521),(1098,1155,48,37),(1099,1155,212,37),(1100,1155,213,37),(1101,1156,28,22),(1102,1157,63,49),(1103,1157,164,49),(1104,1158,130,103),(1105,1159,99,81),(1106,1159,100,81),(1107,1159,101,81),(1108,1159,102,81),(1109,1160,107,85),(1110,1161,106,84),(1111,1162,35,28),(1112,1163,68,55),(1113,1164,120,94),(1114,1165,75,62),(1115,1165,209,62),(1116,1166,73,60),(1117,1167,119,93),(1118,1168,21,17),(1119,1168,208,17),(1120,1169,45,35),(1121,1170,147,110),(1122,1171,129,102),(1123,1172,189,29),(1124,1172,202,29),(1125,1173,199,519),(1126,1174,125,98),(1127,1175,76,63),(1128,1176,148,111),(1129,1177,89,75),(1130,1178,181,132),(1131,1178,182,132),(1132,1179,80,67),(1133,1180,56,44),(1134,1180,57,44),(1135,1180,58,44),(1136,1181,51,39),(1137,1182,137,104),(1138,1182,158,104),(1139,1183,155,115),(1140,1183,156,115),(1141,1184,114,89),(1142,1184,115,89),(1143,1185,249,117),(1144,1186,64,50),(1145,1186,162,50),(1146,1186,163,50),(1147,1187,149,112),(1148,1187,150,112),(1149,1188,74,61),(1150,1189,79,66),(1151,1190,78,65),(1152,1191,103,82),(1153,1191,104,82),(1154,1192,25,20),(1155,1192,205,20),(1156,1192,206,20),(1157,1193,84,70),(1158,1193,85,70),(1159,1194,161,51),(1160,1195,134,41),(1161,1195,168,41),(1162,1196,82,69),(1163,1196,83,69),(1164,1197,184,134),(1165,1197,217,134),(1166,1198,219,522),(1167,1199,105,83),(1168,1200,186,136),(1169,1201,94,78),(1170,1201,95,78),(1171,1201,96,78),(1172,1202,40,32),(1173,1203,98,80),(1174,1204,69,56),(1175,1205,127,100),(1176,1206,60,47),(1177,1206,61,47),(1178,1206,165,47),(1179,1207,229,524),(1180,1208,230,106),(1181,1209,233,433),(1182,1210,234,434),(1183,1211,235,475),(1184,1212,236,492),(1185,1213,232,397),(1186,1214,238,3),(1187,1215,239,526),(1188,1215,240,526),(1189,1216,241,527),(1190,1217,242,528),(1191,1218,251,18),(1192,1219,5,5),(1193,1220,43,34),(1194,1220,44,34),(1195,1220,211,34),(1196,1221,201,520),(1197,1222,49,38),(1198,1222,50,38),(1199,1222,214,38),(1200,1223,8,7),(1201,1224,32,24),(1202,1224,140,24),(1203,1225,24,19),(1204,1226,245,529),(1205,1227,113,88),(1206,1228,2,2),(1207,1229,122,96),(1208,1229,123,96),(1209,1230,4,4),(1210,1231,67,54),(1211,1232,124,97),(1212,1233,70,57),(1213,1234,216,45),(1214,1235,77,64),(1215,1235,159,64),(1216,1235,225,64),(1217,1236,174,118),(1218,1237,19,15),(1219,1238,33,25),(1220,1239,145,108),(1221,1239,221,108),(1222,1240,223,31),(1223,1240,224,31),(1224,1241,97,79),(1225,1242,250,30),(1226,1243,6,6),(1227,1243,171,6),(1228,1243,200,6),(1229,1243,210,6),(1230,1244,118,92),(1231,1244,228,92),(1232,1245,187,138),(1233,1246,166,46),(1234,1246,167,46),(1235,1247,1,1),(1236,1247,252,1),(1237,1248,9,8),(1238,1249,151,113),(1239,1249,152,113),(1240,1250,110,86),(1241,1251,247,530),(1242,1252,117,91),(1243,1252,138,91),(1244,1253,72,59),(1245,1254,222,158),(1246,1255,246,36),(1247,1256,248,531),(1248,1257,231,383),(1249,1258,191,27),(1250,1259,88,73),(1251,1260,179,130),(1252,1261,175,119),(1253,1262,90,76),(1254,1263,157,116),(1255,1264,116,90),(1256,1265,153,114),(1257,1265,154,114),(1258,1266,111,87),(1259,1266,112,87),(1260,1267,192,109),(1261,1267,193,109),(1262,1268,15,12),(1263,1268,253,12),(1264,1269,203,141),(1265,1270,26,21),(1266,1270,27,21),(1267,1271,62,48),(1268,1272,126,99),(1269,1273,220,523),(1270,1274,66,53),(1271,1275,81,68),(1272,1276,86,71),(1273,1277,139,105),(1274,1278,188,140),(1275,1279,41,33),(1276,1279,42,33),(1277,1280,121,95),(1278,1281,52,40),(1279,1281,53,40),(1280,1282,93,77),(1281,1283,71,58),(1282,1283,160,58),(1283,1283,226,58),(1284,1284,218,521),(1285,1285,48,37),(1286,1285,212,37),(1287,1285,213,37),(1288,1286,63,49),(1289,1286,164,49),(1290,1287,130,103),(1291,1288,99,81),(1292,1288,100,81),(1293,1288,101,81),(1294,1288,102,81),(1295,1289,107,85),(1296,1290,106,84),(1297,1291,35,28),(1298,1292,68,55),(1299,1293,120,94),(1300,1294,75,62),(1301,1294,209,62),(1302,1295,73,60),(1303,1296,119,93),(1304,1297,21,17),(1305,1297,208,17),(1306,1298,45,35),(1307,1299,147,110),(1308,1300,129,102),(1309,1301,189,29),(1310,1301,202,29),(1311,1302,199,519),(1312,1303,125,98),(1313,1304,76,63),(1314,1305,148,111),(1315,1306,89,75),(1316,1307,181,132),(1317,1307,182,132),(1318,1308,80,67),(1319,1309,51,39),(1320,1310,137,104),(1321,1310,158,104),(1322,1311,155,115),(1323,1311,156,115),(1324,1312,114,89),(1325,1312,115,89),(1326,1313,249,117),(1327,1314,64,50),(1328,1314,162,50),(1329,1314,163,50),(1330,1315,149,112),(1331,1315,150,112),(1332,1316,74,61),(1333,1317,79,66),(1334,1318,78,65),(1335,1319,103,82),(1336,1319,104,82),(1337,1320,25,20),(1338,1320,205,20),(1339,1320,206,20),(1340,1321,84,70),(1341,1321,85,70),(1342,1322,161,51),(1343,1323,134,41),(1344,1323,168,41),(1345,1324,82,69),(1346,1324,83,69),(1347,1325,184,134),(1348,1325,217,134),(1349,1326,219,522),(1350,1327,105,83),(1351,1328,186,136),(1352,1329,94,78),(1353,1329,95,78),(1354,1329,96,78),(1355,1330,40,32),(1356,1331,98,80),(1357,1332,69,56),(1358,1333,127,100),(1359,1334,60,47),(1360,1334,61,47),(1361,1334,165,47),(1362,1335,229,524),(1363,1336,230,106),(1364,1337,233,433),(1365,1338,234,434),(1366,1339,235,475),(1367,1340,236,492),(1368,1341,232,397),(1369,1342,238,3),(1370,1343,239,526),(1371,1343,240,526),(1372,1344,241,527),(1373,1345,242,528),(1374,1346,251,18),(1375,1347,5,5),(1376,1348,43,34),(1377,1348,44,34),(1378,1348,211,34),(1379,1349,49,38),(1380,1349,50,38),(1381,1349,214,38),(1382,1350,8,7),(1383,1351,32,24),(1384,1351,140,24),(1385,1352,24,19),(1386,1353,245,529),(1387,1354,113,88),(1388,1355,2,2),(1389,1356,122,96),(1390,1356,123,96),(1391,1357,4,4),(1392,1358,124,97),(1393,1359,216,45),(1394,1360,56,44),(1395,1360,57,44),(1396,1360,58,44),(1397,1361,201,520),(1398,1362,67,54),(1399,1363,70,57),(1400,1364,19,15),(1401,1365,33,25),(1402,1366,145,108),(1403,1366,221,108),(1404,1367,174,118),(1405,1368,223,31),(1406,1368,224,31),(1407,1369,250,30),(1408,1370,118,92),(1409,1370,228,92),(1410,1371,187,138),(1411,1372,166,46),(1412,1372,167,46),(1413,1373,1,1),(1414,1373,252,1),(1415,1374,151,113),(1416,1374,152,113),(1417,1375,110,86),(1418,1376,185,135),(1419,1377,77,64),(1420,1377,159,64),(1421,1377,225,64),(1422,1378,97,79),(1423,1379,6,6),(1424,1379,171,6),(1425,1379,200,6),(1426,1379,210,6),(1427,1380,9,8),(1428,1381,247,530),(1429,1382,117,91),(1430,1382,138,91),(1431,1383,72,59),(1432,1384,222,158),(1433,1385,246,36),(1434,1386,248,531),(1435,1387,231,383),(1436,1388,191,27),(1437,1389,88,73),(1438,1390,175,119),(1439,1391,90,76),(1440,1392,157,116),(1441,1393,116,90),(1442,1394,153,114),(1443,1394,154,114),(1444,1395,111,87),(1445,1395,112,87),(1446,1396,192,109),(1447,1396,193,109),(1448,1397,15,12),(1449,1397,253,12),(1450,1398,203,141),(1451,1399,26,21),(1452,1399,27,21),(1453,1400,62,48),(1454,1401,126,99),(1455,1402,220,523),(1456,1403,66,53),(1457,1404,81,68),(1458,1405,86,71),(1459,1406,139,105),(1460,1407,188,140),(1461,1408,41,33),(1462,1408,42,33),(1463,1409,121,95),(1464,1410,52,40),(1465,1410,53,40),(1466,1411,93,77),(1467,1412,71,58),(1468,1412,160,58),(1469,1412,226,58),(1470,1413,218,521),(1471,1414,48,37),(1472,1414,212,37),(1473,1414,213,37),(1474,1415,63,49),(1475,1415,164,49),(1476,1416,130,103),(1477,1417,99,81),(1478,1417,100,81),(1479,1417,101,81),(1480,1417,102,81),(1481,1418,107,85),(1482,1419,106,84),(1483,1420,35,28),(1484,1421,68,55),(1485,1422,120,94),(1486,1423,75,62),(1487,1423,209,62),(1488,1424,73,60),(1489,1425,119,93),(1490,1426,21,17),(1491,1426,208,17),(1492,1427,45,35),(1493,1428,147,110),(1494,1429,129,102),(1495,1430,189,29),(1496,1430,202,29),(1497,1431,199,519),(1498,1432,125,98),(1499,1433,76,63),(1500,1434,148,111),(1501,1435,89,75),(1502,1436,181,132),(1503,1436,182,132),(1504,1437,80,67),(1505,1438,51,39),(1506,1439,137,104),(1507,1439,158,104),(1508,1440,155,115),(1509,1440,156,115),(1510,1441,114,89),(1511,1441,115,89),(1512,1442,249,117),(1513,1443,64,50),(1514,1443,162,50),(1515,1443,163,50),(1516,1444,149,112),(1517,1444,150,112),(1518,1445,74,61),(1519,1446,79,66),(1520,1447,78,65),(1521,1448,103,82),(1522,1448,104,82),(1523,1449,25,20),(1524,1449,205,20),(1525,1449,206,20),(1526,1450,84,70),(1527,1450,85,70),(1528,1451,161,51),(1529,1452,82,69),(1530,1452,83,69),(1531,1453,184,134),(1532,1453,217,134),(1533,1454,219,522),(1534,1455,105,83),(1535,1456,186,136),(1536,1457,94,78),(1537,1457,95,78),(1538,1457,96,78),(1539,1458,40,32),(1540,1459,98,80),(1541,1460,69,56),(1542,1461,127,100),(1543,1462,60,47),(1544,1462,61,47),(1545,1462,165,47),(1546,1463,229,524),(1547,1464,230,106),(1548,1465,233,433),(1549,1466,234,434),(1550,1467,235,475),(1551,1468,236,492),(1552,1469,232,397),(1553,1470,238,3),(1554,1471,239,526),(1555,1471,240,526),(1556,1472,241,527),(1557,1473,242,528),(1558,1474,251,18),(1559,1475,5,5),(1560,1476,43,34),(1561,1476,44,34),(1562,1476,211,34),(1563,1477,49,38),(1564,1477,50,38),(1565,1477,214,38),(1566,1478,8,7),(1567,1479,32,24),(1568,1479,140,24),(1569,1480,245,529),(1570,1481,113,88),(1571,1482,2,2),(1572,1483,122,96),(1573,1483,123,96),(1574,1484,179,130),(1575,1485,24,19),(1576,1486,4,4),(1577,1487,124,97),(1578,1488,216,45),(1579,1489,56,44),(1580,1489,57,44),(1581,1489,58,44),(1582,1490,201,520),(1583,1491,70,57),(1584,1492,19,15),(1585,1493,33,25),(1586,1494,145,108),(1587,1494,221,108),(1588,1495,223,31),(1589,1495,224,31),(1590,1496,250,30),(1591,1497,118,92),(1592,1497,228,92),(1593,1498,187,138),(1594,1499,166,46),(1595,1499,167,46),(1596,1500,1,1),(1597,1500,252,1),(1598,1501,168,41),(1599,1502,67,54),(1600,1503,151,113),(1601,1503,152,113),(1602,1504,110,86),(1603,1505,174,118),(1604,1506,185,135),(1605,1507,97,79),(1606,1508,117,91),(1607,1508,138,91),(1608,1509,72,59),(1609,1510,222,158),(1610,1511,77,64),(1611,1511,159,64),(1612,1511,225,64),(1613,1512,6,6),(1614,1512,171,6),(1615,1512,200,6),(1616,1512,210,6),(1617,1513,9,8),(1618,1514,247,530),(1619,1515,246,36),(1620,1516,248,531),(1621,1517,231,383),(1622,1518,191,27),(1623,1519,88,73),(1624,1520,175,119),(1625,1521,90,76),(1626,1522,157,116),(1627,1523,116,90),(1628,1524,153,114),(1629,1524,154,114),(1630,1525,111,87),(1631,1525,112,87),(1632,1526,192,109),(1633,1526,193,109),(1634,1527,15,12),(1635,1527,253,12),(1636,1528,203,141),(1637,1529,26,21),(1638,1529,27,21),(1639,1530,62,48),(1640,1531,126,99),(1641,1532,220,523),(1642,1533,66,53),(1643,1534,81,68),(1644,1535,86,71),(1645,1536,139,105),(1646,1537,188,140),(1647,1538,41,33),(1648,1538,42,33),(1649,1539,121,95),(1650,1540,52,40),(1651,1540,53,40),(1652,1541,93,77),(1653,1542,71,58),(1654,1542,160,58),(1655,1542,226,58),(1656,1543,218,521),(1657,1544,48,37),(1658,1544,212,37),(1659,1544,213,37),(1660,1545,63,49),(1661,1545,164,49),(1662,1546,130,103),(1663,1547,99,81),(1664,1547,100,81),(1665,1547,101,81),(1666,1547,102,81),(1667,1548,107,85),(1668,1549,106,84),(1669,1550,35,28),(1670,1551,68,55),(1671,1552,120,94),(1672,1553,75,62),(1673,1553,209,62),(1674,1554,73,60),(1675,1555,119,93),(1676,1556,21,17),(1677,1556,208,17),(1678,1557,45,35),(1679,1558,147,110),(1680,1559,129,102),(1681,1560,189,29),(1682,1560,202,29),(1683,1561,199,519),(1684,1562,125,98),(1685,1563,76,63),(1686,1564,148,111),(1687,1565,89,75),(1688,1566,181,132),(1689,1566,182,132),(1690,1567,80,67),(1691,1568,51,39),(1692,1569,137,104),(1693,1569,158,104),(1694,1570,155,115),(1695,1570,156,115),(1696,1571,114,89),(1697,1571,115,89),(1698,1572,249,117),(1699,1573,64,50),(1700,1573,162,50),(1701,1573,163,50),(1702,1574,149,112),(1703,1574,150,112),(1704,1575,74,61),(1705,1576,79,66),(1706,1577,78,65),(1707,1578,103,82),(1708,1578,104,82),(1709,1579,25,20),(1710,1579,205,20),(1711,1579,206,20),(1712,1580,84,70),(1713,1580,85,70),(1714,1581,161,51),(1715,1582,82,69),(1716,1582,83,69),(1717,1583,184,134),(1718,1583,217,134),(1719,1584,219,522),(1720,1585,105,83),(1721,1586,186,136),(1722,1587,94,78),(1723,1587,95,78),(1724,1587,96,78),(1725,1588,40,32),(1726,1589,98,80),(1727,1590,69,56),(1728,1591,127,100),(1729,1592,60,47),(1730,1592,61,47),(1731,1592,165,47),(1732,1593,229,524),(1733,1594,230,106),(1734,1595,233,433),(1735,1596,234,434),(1736,1597,235,475),(1737,1598,236,492),(1738,1599,232,397),(1739,1600,238,3),(1740,1601,239,526),(1741,1601,240,526),(1742,1602,241,527),(1743,1603,242,528),(1744,1604,251,18),(1745,1605,5,5),(1746,1606,43,34),(1747,1606,44,34),(1748,1606,211,34),(1749,1607,49,38),(1750,1607,50,38),(1751,1607,214,38),(1752,1608,8,7),(1753,1609,32,24),(1754,1609,140,24),(1755,1610,245,529),(1756,1611,113,88),(1757,1612,2,2),(1758,1613,122,96),(1759,1613,123,96),(1760,1614,179,130),(1761,1615,24,19),(1762,1616,4,4),(1763,1617,124,97),(1764,1618,216,45),(1765,1619,56,44),(1766,1619,57,44),(1767,1619,58,44),(1768,1620,201,520),(1769,1621,70,57),(1770,1622,19,15),(1771,1623,33,25),(1772,1624,145,108),(1773,1624,221,108),(1774,1625,223,31),(1775,1625,224,31),(1776,1626,250,30),(1777,1627,118,92),(1778,1627,228,92),(1779,1628,187,138),(1780,1629,166,46),(1781,1629,167,46),(1782,1630,1,1),(1783,1630,252,1),(1784,1631,168,41),(1785,1632,67,54),(1786,1633,151,113),(1787,1633,152,113),(1788,1634,110,86),(1789,1635,174,118),(1790,1636,185,135),(1791,1637,97,79),(1792,1638,117,91),(1793,1638,138,91),(1794,1639,72,59),(1795,1640,222,158),(1796,1641,77,64),(1797,1641,159,64),(1798,1641,225,64),(1799,1642,6,6),(1800,1642,171,6),(1801,1642,200,6),(1802,1642,210,6),(1803,1643,9,8),(1804,1644,247,530),(1805,1645,246,36),(1806,1646,248,531),(1807,1647,231,383),(1808,1648,191,27),(1809,1649,88,73),(1810,1650,175,119),(1811,1651,90,76),(1812,1652,157,116),(1813,1653,116,90),(1814,1654,153,114),(1815,1654,154,114),(1816,1655,111,87),(1817,1655,112,87),(1818,1656,192,109),(1819,1656,193,109),(1820,1657,15,12),(1821,1657,253,12),(1822,1658,203,141),(1823,1659,26,21),(1824,1659,27,21),(1825,1660,62,48),(1826,1661,126,99),(1827,1662,220,523),(1828,1663,66,53),(1829,1664,81,68),(1830,1665,86,71),(1831,1666,139,105),(1832,1667,188,140),(1833,1668,41,33),(1834,1668,42,33),(1835,1669,121,95),(1836,1670,52,40),(1837,1670,53,40),(1838,1671,93,77),(1839,1672,71,58),(1840,1672,160,58),(1841,1672,226,58),(1842,1673,218,521),(1843,1674,48,37),(1844,1674,212,37),(1845,1674,213,37),(1846,1675,63,49),(1847,1675,164,49),(1848,1676,130,103),(1849,1677,99,81),(1850,1677,100,81),(1851,1677,101,81),(1852,1677,102,81),(1853,1678,107,85),(1854,1679,106,84),(1855,1680,35,28),(1856,1681,68,55),(1857,1682,120,94),(1858,1683,75,62),(1859,1683,209,62),(1860,1684,73,60),(1861,1685,119,93),(1862,1686,21,17),(1863,1686,208,17),(1864,1687,45,35),(1865,1688,147,110),(1866,1689,129,102),(1867,1690,189,29),(1868,1690,202,29),(1869,1691,199,519),(1870,1692,125,98),(1871,1693,76,63),(1872,1694,148,111),(1873,1695,89,75),(1874,1696,181,132),(1875,1696,182,132),(1876,1697,80,67),(1877,1698,51,39),(1878,1699,137,104),(1879,1699,158,104),(1880,1700,155,115),(1881,1700,156,115),(1882,1701,114,89),(1883,1701,115,89),(1884,1702,249,117),(1885,1703,64,50),(1886,1703,162,50),(1887,1703,163,50),(1888,1704,149,112),(1889,1704,150,112),(1890,1705,74,61),(1891,1706,79,66),(1892,1707,78,65),(1893,1708,103,82),(1894,1708,104,82),(1895,1709,25,20),(1896,1709,205,20),(1897,1709,206,20),(1898,1710,84,70),(1899,1710,85,70),(1900,1711,161,51),(1901,1712,82,69),(1902,1712,83,69),(1903,1713,184,134),(1904,1713,217,134),(1905,1714,219,522),(1906,1715,105,83),(1907,1716,186,136),(1908,1717,94,78),(1909,1717,95,78),(1910,1717,96,78),(1911,1718,40,32),(1912,1719,98,80),(1913,1720,69,56),(1914,1721,127,100),(1915,1722,60,47),(1916,1722,61,47),(1917,1722,165,47),(1918,1723,229,524),(1919,1724,230,106),(1920,1725,233,433),(1921,1726,234,434),(1922,1727,235,475),(1923,1728,236,492),(1924,1729,232,397),(1925,1730,238,3),(1926,1731,239,526),(1927,1731,240,526),(1928,1732,241,527),(1929,1733,242,528),(1930,1734,251,18),(1931,1735,5,5),(1932,1736,43,34),(1933,1736,44,34),(1934,1736,211,34),(1935,1737,49,38),(1936,1737,50,38),(1937,1737,214,38),(1938,1738,8,7),(1939,1739,32,24),(1940,1739,140,24),(1941,1740,245,529),(1942,1741,113,88),(1943,1742,2,2),(1944,1743,122,96),(1945,1743,123,96),(1946,1744,179,130),(1947,1745,24,19),(1948,1746,4,4),(1949,1747,124,97),(1950,1748,216,45),(1951,1749,56,44),(1952,1749,57,44),(1953,1749,58,44),(1954,1750,201,520),(1955,1751,70,57),(1956,1752,19,15),(1957,1753,33,25),(1958,1754,145,108),(1959,1754,221,108),(1960,1755,223,31),(1961,1755,224,31),(1962,1756,250,30),(1963,1757,118,92),(1964,1757,228,92),(1965,1758,187,138),(1966,1759,166,46),(1967,1759,167,46),(1968,1760,1,1),(1969,1760,252,1),(1970,1761,168,41),(1971,1762,67,54),(1972,1763,151,113),(1973,1763,152,113),(1974,1764,110,86),(1975,1765,174,118),(1976,1766,185,135),(1977,1767,97,79),(1978,1768,117,91),(1979,1768,138,91),(1980,1769,72,59),(1981,1770,222,158),(1982,1771,77,64),(1983,1771,159,64),(1984,1771,225,64),(1985,1772,6,6),(1986,1772,171,6),(1987,1772,200,6),(1988,1772,210,6),(1989,1773,9,8),(1990,1774,247,530),(1991,1775,246,36),(1992,1776,248,531),(1993,1777,231,383),(1994,1778,191,27),(1995,1779,88,73),(1996,1780,175,119),(1997,1781,90,76),(1998,1782,157,116),(1999,1783,116,90),(2000,1784,153,114),(2001,1784,154,114),(2002,1785,111,87),(2003,1785,112,87),(2004,1786,192,109),(2005,1786,193,109),(2006,1787,15,12),(2007,1787,253,12),(2008,1788,203,141),(2009,1789,26,21),(2010,1789,27,21),(2011,1790,62,48),(2012,1791,126,99),(2013,1792,220,523),(2014,1793,66,53),(2015,1794,81,68),(2016,1795,86,71),(2017,1796,139,105),(2018,1797,188,140),(2019,1798,41,33),(2020,1798,42,33),(2021,1799,121,95),(2022,1800,52,40),(2023,1800,53,40),(2024,1801,93,77),(2025,1802,71,58),(2026,1802,160,58),(2027,1802,226,58),(2028,1803,218,521),(2029,1804,48,37),(2030,1804,212,37),(2031,1804,213,37),(2032,1805,63,49),(2033,1805,164,49),(2034,1806,130,103),(2035,1807,99,81),(2036,1807,100,81),(2037,1807,101,81),(2038,1807,102,81),(2039,1808,107,85),(2040,1809,106,84),(2041,1810,35,28),(2042,1811,68,55),(2043,1812,120,94),(2044,1813,75,62),(2045,1813,209,62),(2046,1814,73,60),(2047,1815,119,93),(2048,1816,21,17),(2049,1816,208,17),(2050,1817,45,35),(2051,1818,147,110),(2052,1819,129,102),(2053,1820,189,29),(2054,1820,202,29),(2055,1821,199,519),(2056,1822,125,98),(2057,1823,76,63),(2058,1824,148,111),(2059,1825,89,75),(2060,1826,181,132),(2061,1826,182,132),(2062,1827,80,67),(2063,1828,51,39),(2064,1829,137,104),(2065,1829,158,104),(2066,1830,155,115),(2067,1830,156,115),(2068,1831,114,89),(2069,1831,115,89),(2070,1832,249,117),(2071,1833,64,50),(2072,1833,162,50),(2073,1833,163,50),(2074,1834,149,112),(2075,1834,150,112),(2076,1835,74,61),(2077,1836,79,66),(2078,1837,78,65),(2079,1838,103,82),(2080,1838,104,82),(2081,1839,25,20),(2082,1839,205,20),(2083,1839,206,20),(2084,1840,84,70),(2085,1840,85,70),(2086,1841,161,51),(2087,1842,82,69),(2088,1842,83,69),(2089,1843,184,134),(2090,1843,217,134),(2091,1844,219,522),(2092,1845,105,83),(2093,1846,186,136),(2094,1847,94,78),(2095,1847,95,78),(2096,1847,96,78),(2097,1848,40,32),(2098,1849,98,80),(2099,1850,69,56),(2100,1851,127,100),(2101,1852,60,47),(2102,1852,61,47),(2103,1852,165,47),(2104,1853,229,524),(2105,1854,230,106),(2106,1855,233,433),(2107,1856,234,434),(2108,1857,235,475),(2109,1858,236,492),(2110,1859,232,397),(2111,1860,238,3),(2112,1861,239,526),(2113,1861,240,526),(2114,1862,241,527),(2115,1863,242,528),(2116,1864,251,18),(2117,1865,5,5),(2118,1866,43,34),(2119,1866,44,34),(2120,1866,211,34),(2121,1867,49,38),(2122,1867,50,38),(2123,1867,214,38),(2124,1868,8,7),(2125,1869,32,24),(2126,1869,140,24),(2127,1870,245,529),(2128,1871,113,88),(2129,1872,2,2),(2130,1873,122,96),(2131,1873,123,96),(2132,1874,179,130),(2133,1875,24,19),(2134,1876,4,4),(2135,1877,124,97),(2136,1878,216,45),(2137,1879,56,44),(2138,1879,57,44),(2139,1879,58,44),(2140,1880,201,520),(2141,1881,70,57),(2142,1882,19,15),(2143,1883,33,25),(2144,1884,145,108),(2145,1884,221,108),(2146,1885,223,31),(2147,1885,224,31),(2148,1886,250,30),(2149,1887,118,92),(2150,1887,228,92),(2151,1888,187,138),(2152,1889,166,46),(2153,1889,167,46),(2154,1890,1,1),(2155,1890,252,1),(2156,1891,168,41),(2157,1892,67,54),(2158,1893,151,113),(2159,1893,152,113),(2160,1894,110,86),(2161,1895,174,118),(2162,1896,185,135),(2163,1897,97,79),(2164,1898,117,91),(2165,1898,138,91),(2166,1899,72,59),(2167,1900,222,158),(2168,1901,77,64),(2169,1901,159,64),(2170,1901,225,64),(2171,1902,6,6),(2172,1902,171,6),(2173,1902,200,6),(2174,1902,210,6),(2175,1903,9,8),(2176,1904,247,530),(2177,1905,246,36),(2178,1906,248,531),(2179,1907,231,383),(2180,1908,191,27),(2181,1909,88,73),(2182,1910,175,119),(2183,1911,90,76),(2184,1912,157,116),(2185,1913,116,90),(2186,1914,153,114),(2187,1914,154,114),(2188,1915,111,87),(2189,1915,112,87),(2190,1916,192,109),(2191,1916,193,109),(2192,1917,15,12),(2193,1917,253,12),(2194,1918,203,141),(2195,1919,26,21),(2196,1919,27,21),(2197,1920,62,48),(2198,1921,126,99),(2199,1922,220,523),(2200,1923,66,53),(2201,1924,81,68),(2202,1925,86,71),(2203,1926,139,105),(2204,1927,188,140),(2205,1928,41,33),(2206,1928,42,33),(2207,1929,121,95),(2208,1930,52,40),(2209,1930,53,40),(2210,1931,93,77),(2211,1932,71,58),(2212,1932,160,58),(2213,1932,226,58),(2214,1933,218,521),(2215,1934,48,37),(2216,1934,212,37),(2217,1934,213,37),(2218,1935,63,49),(2219,1935,164,49),(2220,1936,130,103),(2221,1937,99,81),(2222,1937,100,81),(2223,1937,101,81),(2224,1937,102,81),(2225,1938,107,85),(2226,1939,106,84),(2227,1940,35,28),(2228,1941,68,55),(2229,1942,120,94),(2230,1943,75,62),(2231,1943,209,62),(2232,1944,73,60),(2233,1945,119,93),(2234,1946,21,17),(2235,1946,208,17),(2236,1947,45,35),(2237,1948,147,110),(2238,1949,129,102),(2239,1950,189,29),(2240,1950,202,29),(2241,1951,199,519),(2242,1952,125,98),(2243,1953,76,63),(2244,1954,148,111),(2245,1955,89,75),(2246,1956,181,132),(2247,1956,182,132),(2248,1957,80,67),(2249,1958,51,39),(2250,1959,137,104),(2251,1959,158,104),(2252,1960,155,115),(2253,1960,156,115),(2254,1961,114,89),(2255,1961,115,89),(2256,1962,249,117),(2257,1963,64,50),(2258,1963,162,50),(2259,1963,163,50),(2260,1964,149,112),(2261,1964,150,112),(2262,1965,74,61),(2263,1966,79,66),(2264,1967,78,65),(2265,1968,103,82),(2266,1968,104,82),(2267,1969,25,20),(2268,1969,205,20),(2269,1969,206,20),(2270,1970,84,70),(2271,1970,85,70),(2272,1971,161,51),(2273,1972,82,69),(2274,1972,83,69),(2275,1973,184,134),(2276,1973,217,134),(2277,1974,219,522),(2278,1975,105,83),(2279,1976,186,136),(2280,1977,94,78),(2281,1977,95,78),(2282,1977,96,78),(2283,1978,40,32),(2284,1979,98,80),(2285,1980,69,56),(2286,1981,127,100),(2287,1982,60,47),(2288,1982,61,47),(2289,1982,165,47),(2290,1983,229,524),(2291,1984,230,106),(2292,1985,233,433),(2293,1986,234,434),(2294,1987,235,475),(2295,1988,236,492),(2296,1989,232,397),(2297,1990,238,3),(2298,1991,239,526),(2299,1991,240,526),(2300,1992,241,527),(2301,1993,242,528),(2302,1994,251,18),(2303,1995,5,5),(2304,1996,43,34),(2305,1996,44,34),(2306,1996,211,34),(2307,1997,49,38),(2308,1997,50,38),(2309,1997,214,38),(2310,1998,8,7),(2311,1999,32,24),(2312,1999,140,24),(2313,2000,245,529),(2314,2001,113,88),(2315,2002,2,2),(2316,2003,122,96),(2317,2003,123,96),(2318,2004,179,130),(2319,2005,24,19),(2320,2006,4,4),(2321,2007,124,97),(2322,2008,216,45),(2323,2009,56,44),(2324,2009,57,44),(2325,2009,58,44),(2326,2010,201,520),(2327,2011,70,57),(2328,2012,19,15),(2329,2013,33,25),(2330,2014,145,108),(2331,2014,221,108),(2332,2015,223,31),(2333,2015,224,31),(2334,2016,250,30),(2335,2017,118,92),(2336,2017,228,92),(2337,2018,187,138),(2338,2019,166,46),(2339,2019,167,46),(2340,2020,1,1),(2341,2020,252,1),(2342,2021,168,41),(2343,2022,67,54),(2344,2023,151,113),(2345,2023,152,113),(2346,2024,110,86),(2347,2025,174,118),(2348,2026,185,135),(2349,2027,97,79),(2350,2028,117,91),(2351,2028,138,91),(2352,2029,72,59),(2353,2030,222,158),(2354,2031,77,64),(2355,2031,159,64),(2356,2031,225,64),(2357,2032,6,6),(2358,2032,171,6),(2359,2032,200,6),(2360,2032,210,6),(2361,2033,9,8),(2362,2034,247,530),(2363,2035,246,36),(2364,2036,248,531),(2365,2037,231,383),(2366,2038,191,27);

--
-- Table structure for table `s_requests_tbl`
--

CREATE TABLE `s_requests_tbl` (
  `spr_id` int(11) NOT NULL AUTO_INCREMENT,
  `spr_sm_id` int(11) NOT NULL,
  `spr_req_date` timestamp NOT NULL DEFAULT '0000-00-00 00:00:00',
  `spr_user` int(11) NOT NULL,
  `spr_user_received` int(11) NOT NULL DEFAULT '0',
  `spr_received_date` timestamp NOT NULL DEFAULT '0000-00-00 00:00:00',
  `spr_comment` varchar(255) NOT NULL DEFAULT '',
  PRIMARY KEY (`spr_id`)
) ENGINE=MyISAM AUTO_INCREMENT=2039 DEFAULT CHARSET=latin1;

--
-- Dumping data for table `s_requests_tbl`
--

INSERT INTO `s_requests_tbl` VALUES (1,4,'2016-11-20 19:00:00',0,3,'2016-12-08 10:35:04','Pending.'),(2,3,'2016-11-20 19:00:00',0,3,'2016-12-16 10:01:42','Updated.'),(3,73,'2016-11-20 19:00:00',0,0,'0000-00-00 00:00:00',''),(4,76,'2016-11-20 19:00:00',0,3,'2016-12-13 05:29:31','Pending.'),(5,90,'2016-11-20 19:00:00',0,0,'0000-00-00 00:00:00',''),(6,87,'2016-11-20 19:00:00',0,0,'0000-00-00 00:00:00',''),(7,59,'2016-11-20 19:00:00',0,2,'2016-11-23 07:34:44','Updated'),(8,29,'2016-11-20 19:00:00',0,2,'2016-11-23 07:35:17','Updated.'),(9,34,'2016-11-20 19:00:00',0,5,'2017-05-12 07:17:51',''),(10,24,'2016-11-20 19:00:00',0,3,'2017-01-14 09:48:42',''),(11,25,'2016-11-20 19:00:00',0,3,'2017-01-06 12:51:28','Updated.'),(12,12,'2016-11-20 19:00:00',0,3,'2017-02-01 12:06:10','Updated.'),(13,21,'2016-11-20 19:00:00',0,0,'0000-00-00 00:00:00',''),(14,48,'2016-11-20 19:00:00',0,2,'2017-03-17 19:00:00',''),(15,99,'2016-11-20 19:00:00',0,3,'2016-12-09 13:00:30',''),(17,53,'2016-11-23 07:38:28',2,3,'2017-01-09 12:14:54','Updated.'),(18,68,'2016-11-23 07:52:29',2,3,'2017-02-01 12:05:52','Updated.'),(19,71,'2016-11-23 07:53:00',2,3,'2017-01-19 10:36:50','Updated.'),(20,54,'2016-11-23 07:54:29',2,2,'2017-03-13 19:00:00',''),(21,33,'2016-11-23 07:54:53',2,2,'2016-11-23 12:30:55',''),(22,95,'2016-11-23 12:12:20',2,0,'0000-00-00 00:00:00',''),(23,40,'2016-11-23 12:13:11',2,0,'0000-00-00 00:00:00',''),(24,77,'2016-11-23 12:13:36',2,5,'2017-06-14 05:52:39',''),(25,86,'2016-11-23 12:13:50',2,3,'2017-02-01 12:05:29','Updated.'),(26,64,'2016-11-23 12:14:16',2,0,'0000-00-00 00:00:00',''),(27,8,'2016-11-23 12:14:44',2,3,'2017-01-28 12:02:49','Updated.'),(28,1,'2016-11-23 12:15:13',2,2,'2016-11-24 12:05:37','.'),(29,2,'2016-11-23 12:15:40',2,3,'2017-01-11 11:58:53','Updated.'),(30,38,'2016-11-23 12:16:27',2,3,'2016-12-08 10:35:25','Comparison Report sent.\r\nStock in hand pending.\r\nPrices changed.\r\nDiscontinued status pending. '),(31,58,'2016-11-23 12:16:58',2,0,'0000-00-00 00:00:00',''),(32,37,'2016-11-23 12:17:12',2,0,'0000-00-00 00:00:00',''),(33,18,'2016-11-23 12:18:40',2,2,'2017-03-14 19:00:00',''),(34,27,'2016-11-23 12:18:56',2,3,'2016-12-08 11:03:08','Discontinued status pending,\r\nPrices changed.\r\nNew Product standardization file sent. '),(35,49,'2016-11-23 12:19:22',2,0,'0000-00-00 00:00:00',''),(36,30,'2016-11-23 12:20:15',2,3,'2017-01-04 13:27:24','Comparison report sent.\r\nStandardization report sent.\r\nDiscontinued status pending.\r\nPrices Changed.'),(37,81,'2016-11-23 12:21:37',2,3,'2017-01-21 07:24:33',''),(38,85,'2016-11-23 12:36:28',2,1,'2016-12-28 19:00:00',''),(39,88,'2016-11-23 12:37:05',2,0,'0000-00-00 00:00:00','Updated.'),(40,84,'2016-11-23 12:37:24',2,0,'0000-00-00 00:00:00',''),(41,100,'2016-11-23 12:37:49',2,0,'0000-00-00 00:00:00',''),(42,47,'2016-11-23 12:38:10',2,6,'2017-12-20 19:00:00',''),(43,91,'2016-11-23 12:38:28',2,3,'2017-01-04 13:27:03','Received on 11-Jan-2017.\r\nUpdated.'),(44,28,'2016-11-23 12:38:49',2,0,'0000-00-00 00:00:00',''),(45,55,'2016-11-23 12:39:14',2,5,'2017-06-19 07:32:30',''),(46,94,'2016-11-23 12:39:34',2,0,'0000-00-00 00:00:00',''),(47,62,'2016-11-24 04:56:34',2,3,'2017-01-21 12:46:02','Updated.'),(48,93,'2016-11-24 04:59:53',2,0,'0000-00-00 00:00:00',''),(49,60,'2016-11-24 05:01:12',2,0,'0000-00-00 00:00:00',''),(50,17,'2016-11-24 05:01:46',2,3,'2017-01-06 05:54:50','Comparison Pending.'),(51,35,'2016-11-24 05:02:10',2,0,'0000-00-00 00:00:00',''),(52,96,'2016-11-24 06:05:42',2,2,'2017-01-20 05:35:34','Standardization.'),(53,6,'2016-11-24 06:06:09',2,3,'2017-03-02 06:26:32','No change has been made till date.\r\n'),(54,98,'2016-11-24 06:07:43',2,0,'0000-00-00 00:00:00',''),(55,63,'2016-11-24 06:08:00',2,3,'2017-01-06 11:39:00','Standardization report sent.\r\n'),(56,75,'2016-11-24 06:08:28',2,0,'0000-00-00 00:00:00',''),(57,5,'2016-11-24 06:14:20',2,3,'2017-01-11 11:59:09','In Process.'),(58,97,'2016-11-24 06:26:37',2,5,'2017-06-19 07:32:39',''),(59,56,'2016-11-24 06:27:04',2,3,'2017-01-23 12:42:11','Comparison Report Sent.\r\nPrice changed.\r\nStandardization file sent.\r\nuploading pending.\r\nDiscontinued Status pending.'),(60,67,'2016-11-24 06:27:37',2,0,'0000-00-00 00:00:00',''),(61,44,'2016-11-24 06:28:48',2,3,'2017-01-04 05:39:39','updated price list revived on : 13-Feb-2017.\r\nComparison report Sent.\r\nOut of Stock Products Prices Changed.\r\nStandardization file sent to Pharmacy Dept.\r\nDiscontinued status pending on Supply chain Team.'),(62,39,'2016-11-24 06:29:34',2,5,'2017-06-30 10:44:53',''),(63,89,'2016-11-24 06:29:52',2,0,'0000-00-00 00:00:00',''),(64,50,'2016-11-24 06:31:02',2,6,'2017-08-18 19:00:00',''),(65,61,'2016-11-24 06:31:22',2,3,'2016-12-08 10:39:31','Request for '),(66,57,'2016-11-24 06:32:52',2,3,'2017-01-11 08:12:36',''),(67,19,'2016-11-24 06:33:10',2,2,'2016-12-21 05:59:56',''),(68,11,'2016-11-24 06:33:31',2,3,'2017-01-03 11:26:57','Recently Updated.'),(69,66,'2016-11-24 06:34:00',2,2,'2016-11-24 12:06:22','Updated.'),(70,15,'2016-11-24 06:34:24',2,3,'2016-12-06 13:43:36','Updated.'),(71,7,'2016-11-24 06:34:49',2,2,'2016-12-22 06:32:32','Updated Updated.'),(72,79,'2016-11-24 06:35:09',2,0,'0000-00-00 00:00:00',''),(73,82,'2016-11-24 06:35:55',2,3,'2017-02-02 07:48:52','Comparison done..'),(74,20,'2016-11-24 06:36:17',2,0,'0000-00-00 00:00:00',''),(75,70,'2016-11-24 06:36:36',2,2,'2017-07-24 10:08:12',''),(76,92,'2016-11-24 06:38:45',2,1,'2017-01-19 09:39:31','Updated.'),(78,15,'2016-12-20 12:20:43',2,2,'2016-12-21 10:34:40','Recently Updated.'),(79,80,'2016-12-30 07:37:54',3,0,'0000-00-00 00:00:00',''),(80,45,'2016-12-30 07:38:09',3,5,'2017-05-12 07:18:48',''),(81,32,'2016-12-30 07:38:20',3,3,'2017-01-04 13:27:13','Updated.'),(82,78,'2016-12-30 07:46:22',3,0,'0000-00-00 00:00:00',''),(105,2,'2017-02-15 19:00:00',3,3,'2017-02-15 19:00:00',''),(83,21,'2017-01-03 11:29:20',3,0,'0000-00-00 00:00:00',''),(84,29,'2017-01-03 11:39:59',3,0,'0000-00-00 00:00:00',''),(85,31,'2017-01-03 12:12:22',3,0,'0000-00-00 00:00:00',''),(86,83,'2017-01-03 12:13:16',3,0,'0000-00-00 00:00:00',''),(87,41,'2017-01-03 12:19:44',3,0,'0000-00-00 00:00:00',''),(88,11,'2017-01-04 04:51:43',3,3,'2017-01-04 05:08:57','There is no change in our price list. (Abdul Waheed Rao)'),(89,76,'2017-01-04 05:00:14',3,3,'2017-01-04 05:56:32','Recently Updated.'),(90,104,'2017-01-04 07:39:34',3,0,'0000-00-00 00:00:00',''),(91,108,'2017-01-11 06:25:44',3,0,'0000-00-00 00:00:00',''),(92,117,'2017-01-14 09:48:29',3,5,'2017-05-02 11:55:34','Received '),(100,130,'2017-01-25 19:00:00',1,1,'2017-01-25 19:00:00','Updated.'),(104,134,'2017-02-15 04:49:11',3,5,'2017-06-30 10:55:00',''),(106,3,'2017-02-19 16:00:59',0,3,'2017-02-27 04:36:04',''),(107,4,'2017-02-19 16:00:59',0,3,'2017-02-27 04:36:19',''),(108,12,'2017-02-19 16:00:59',0,5,'2017-05-02 11:59:43',''),(109,25,'2017-02-19 16:00:59',0,3,'2017-02-27 04:45:02',''),(110,24,'2017-02-19 16:01:00',0,5,'2017-05-02 12:04:06',''),(111,59,'2017-02-19 16:01:00',0,3,'2017-02-27 12:51:58','Updated.'),(112,99,'2017-02-19 16:01:00',0,0,'0000-00-00 00:00:00',''),(113,1,'2017-02-21 16:00:59',0,5,'2017-05-02 12:05:14',''),(114,8,'2017-02-21 16:01:00',0,5,'2017-05-02 12:05:53',''),(115,27,'2017-02-21 16:01:00',0,3,'2017-03-01 05:38:33',''),(116,30,'2017-02-21 16:01:00',0,3,'2017-03-02 06:14:47',''),(117,33,'2017-02-21 16:01:01',0,3,'2017-02-23 04:46:13','Updated.'),(118,38,'2017-02-21 16:01:01',0,5,'2017-05-02 12:31:35',''),(119,53,'2017-02-21 16:01:01',0,5,'2017-05-02 12:30:07',''),(120,68,'2017-02-21 16:01:01',0,5,'2017-05-02 12:06:34',''),(121,71,'2017-02-21 16:01:02',0,5,'2017-05-02 12:33:14',''),(122,81,'2017-02-21 16:01:03',0,5,'2017-05-02 12:43:06',''),(123,85,'2017-02-21 16:01:03',0,1,'2017-04-10 19:00:00',''),(124,86,'2017-02-21 16:01:03',0,3,'2017-02-23 04:46:30','Updated.'),(125,88,'2017-02-21 16:01:03',0,5,'2017-05-02 12:42:23',''),(126,91,'2017-02-21 16:01:04',0,5,'2017-05-02 12:44:38',''),(127,5,'2017-02-22 16:00:59',0,5,'2017-05-02 12:46:04',''),(128,7,'2017-02-22 16:01:00',0,3,'2017-02-23 11:17:36',''),(129,17,'2017-02-22 16:01:00',0,3,'2017-03-02 04:57:31',''),(130,19,'2017-02-22 16:01:00',0,5,'2017-05-02 12:47:30',''),(131,44,'2017-02-22 16:01:01',0,5,'2017-05-02 12:49:52',''),(132,56,'2017-02-22 16:01:01',0,5,'2017-05-02 12:48:23',''),(133,57,'2017-02-22 16:01:01',0,5,'2017-05-02 12:49:19',''),(134,61,'2017-02-22 16:01:02',0,3,'2017-02-27 05:57:03',''),(135,62,'2017-02-22 16:01:02',0,3,'2017-03-02 06:17:42',''),(136,63,'2017-02-22 16:01:02',0,5,'2017-05-02 12:50:31',''),(137,66,'2017-02-22 16:01:02',0,0,'0000-00-00 00:00:00',''),(138,82,'2017-02-22 16:01:03',0,5,'2017-05-02 12:52:44',''),(139,92,'2017-02-22 16:01:03',0,5,'2017-05-02 12:53:18',''),(140,96,'2017-02-22 16:01:04',0,5,'2017-05-02 12:53:52',''),(141,7,'2017-02-23 11:21:22',3,5,'2017-05-02 12:54:34',''),(142,6,'2017-03-02 06:26:58',3,2,'2017-10-31 19:00:00',''),(143,46,'2017-03-08 09:56:38',2,6,'2018-01-15 12:46:24',''),(144,136,'2017-03-31 06:25:56',2,0,'0000-00-00 00:00:00',''),(152,119,'2017-04-24 10:53:50',4,5,'2017-05-03 04:25:59',''),(151,138,'2017-04-16 19:00:00',2,2,'2017-04-16 19:00:00',''),(150,2,'2017-04-13 07:46:08',2,5,'2017-05-03 04:32:17',''),(153,59,'2017-06-13 10:27:42',5,0,'0000-00-00 00:00:00',''),(154,36,'2017-06-15 05:24:20',5,6,'2018-01-07 19:00:00',''),(155,3,'2017-06-22 16:01:19',0,5,'2017-06-30 10:45:30',''),(156,4,'2017-06-22 16:01:19',0,0,'0000-00-00 00:00:00',''),(157,18,'2017-06-22 16:01:20',0,6,'2018-01-09 19:00:00',''),(158,11,'2017-06-22 16:01:20',0,0,'0000-00-00 00:00:00',''),(159,25,'2017-06-22 16:01:20',0,0,'0000-00-00 00:00:00',''),(160,15,'2017-06-22 16:01:20',0,5,'2017-06-30 10:45:54',''),(161,17,'2017-06-22 16:01:21',0,0,'0000-00-00 00:00:00',''),(162,27,'2017-06-22 16:01:21',0,5,'2017-06-30 10:46:05',''),(163,30,'2017-06-22 16:01:21',0,0,'0000-00-00 00:00:00',''),(164,32,'2017-06-22 16:01:21',0,0,'0000-00-00 00:00:00',''),(165,33,'2017-06-22 16:01:21',0,5,'2017-06-30 10:47:22',''),(166,54,'2017-06-22 16:01:22',0,5,'2017-07-05 05:24:18',''),(167,61,'2017-06-22 16:01:22',0,0,'0000-00-00 00:00:00',''),(168,62,'2017-06-22 16:01:22',0,6,'2017-11-02 19:00:00',''),(169,76,'2017-06-22 16:01:22',0,0,'0000-00-00 00:00:00',''),(170,86,'2017-06-22 16:01:22',0,5,'2017-06-30 10:46:17',''),(171,130,'2017-06-22 16:01:22',0,5,'2017-06-30 10:46:28',''),(172,6,'2017-01-09 19:00:00',2,2,'2017-01-10 19:00:00',''),(173,6,'2017-01-09 19:00:00',2,2,'2017-01-10 19:00:00',''),(174,6,'2017-07-01 06:34:40',2,0,'0000-00-00 00:00:00',''),(175,1,'2017-07-04 06:38:16',2,6,'2018-05-17 05:23:36',''),(176,2,'2017-07-04 06:39:08',2,8,'2018-08-16 19:00:00',''),(177,85,'2017-07-10 16:01:15',0,0,'0000-00-00 00:00:00',''),(178,138,'2017-07-16 16:01:17',0,0,'0000-00-00 00:00:00',''),(179,70,'2017-07-24 10:08:20',2,0,'0000-00-00 00:00:00',''),(180,5,'2017-07-31 16:01:21',0,0,'0000-00-00 00:00:00',''),(181,7,'2017-07-31 16:01:22',0,0,'0000-00-00 00:00:00',''),(182,8,'2017-07-31 16:01:22',0,6,'2018-01-17 19:00:00',''),(183,12,'2017-07-31 16:01:22',0,6,'2017-11-08 19:00:00',''),(184,19,'2017-07-31 16:01:22',0,0,'0000-00-00 00:00:00',''),(185,24,'2017-07-31 16:01:23',0,0,'0000-00-00 00:00:00',''),(186,38,'2017-07-31 16:01:23',0,0,'0000-00-00 00:00:00',''),(187,44,'2017-07-31 16:01:23',0,6,'2018-01-17 19:00:00',''),(188,53,'2017-07-31 16:01:23',0,0,'0000-00-00 00:00:00',''),(189,56,'2017-07-31 16:01:23',0,0,'0000-00-00 00:00:00',''),(190,57,'2017-07-31 16:01:23',0,0,'0000-00-00 00:00:00',''),(191,63,'2017-07-31 16:01:24',0,6,'2017-12-27 19:00:00',''),(192,68,'2017-07-31 16:01:24',0,0,'0000-00-00 00:00:00',''),(193,71,'2017-07-31 16:01:24',0,0,'0000-00-00 00:00:00',''),(194,81,'2017-07-31 16:01:24',0,0,'0000-00-00 00:00:00',''),(195,82,'2017-07-31 16:01:25',0,0,'0000-00-00 00:00:00',''),(196,88,'2017-07-31 16:01:25',0,0,'0000-00-00 00:00:00',''),(197,91,'2017-07-31 16:01:25',0,0,'0000-00-00 00:00:00',''),(198,92,'2017-07-31 16:01:25',0,0,'0000-00-00 00:00:00',''),(199,96,'2017-07-31 16:01:25',0,0,'0000-00-00 00:00:00',''),(200,117,'2017-07-31 16:01:25',0,0,'0000-00-00 00:00:00',''),(201,119,'2017-08-01 16:01:20',0,0,'0000-00-00 00:00:00',''),(202,34,'2017-08-10 16:01:23',0,0,'0000-00-00 00:00:00',''),(203,45,'2017-08-10 16:01:23',0,0,'0000-00-00 00:00:00',''),(204,77,'2017-09-12 16:01:18',0,0,'0000-00-00 00:00:00',''),(205,55,'2017-09-17 16:01:21',0,0,'0000-00-00 00:00:00',''),(206,97,'2017-09-17 16:01:21',0,0,'0000-00-00 00:00:00',''),(207,3,'2017-09-28 16:01:18',0,0,'0000-00-00 00:00:00',''),(208,15,'2017-09-28 16:01:18',0,0,'0000-00-00 00:00:00',''),(209,27,'2017-09-28 16:01:18',0,6,'2018-01-15 11:54:13',''),(210,33,'2017-09-28 16:01:19',0,0,'0000-00-00 00:00:00',''),(211,39,'2017-09-28 16:01:19',0,0,'0000-00-00 00:00:00',''),(212,86,'2017-09-28 16:01:19',0,0,'0000-00-00 00:00:00',''),(213,134,'2017-09-28 16:01:19',0,0,'0000-00-00 00:00:00',''),(214,130,'2017-09-28 16:01:19',0,0,'0000-00-00 00:00:00',''),(215,54,'2017-10-03 16:01:19',0,0,'0000-00-00 00:00:00',''),(216,22,'2017-10-23 19:00:00',6,6,'2017-10-24 19:00:00',''),(217,27,'2017-10-27 19:00:00',6,6,'2017-10-27 19:00:00',''),(218,139,'2017-11-26 19:00:00',6,6,'2017-11-27 19:00:00',''),(219,110,'2018-01-06 19:00:00',6,6,'2018-01-08 19:00:00',''),(220,140,'2018-01-06 19:00:00',6,6,'2018-01-09 19:00:00',''),(221,50,'2018-01-15 16:01:30',0,0,'0000-00-00 00:00:00',''),(222,22,'2018-01-23 16:01:28',0,0,'0000-00-00 00:00:00',''),(223,5,'2018-01-26 11:32:14',6,0,'0000-00-00 00:00:00',''),(224,3,'2018-01-26 11:33:16',6,8,'2019-01-05 04:56:58',''),(225,4,'2018-01-26 11:33:40',6,8,'2018-12-21 10:57:10',''),(226,5,'2018-01-26 11:33:56',6,6,'2018-05-09 06:15:42',''),(227,6,'2018-01-26 11:34:08',6,6,'2018-05-09 06:16:33',''),(228,7,'2018-01-26 11:34:32',6,6,'2018-05-08 06:23:27',''),(229,20,'2018-01-26 11:34:57',6,6,'2018-05-09 06:04:04',''),(230,11,'2018-01-26 11:35:31',6,6,'2018-02-01 07:25:38',''),(231,25,'2018-01-26 11:36:10',6,6,'2018-05-09 06:05:13',''),(232,15,'2018-01-26 11:36:23',6,6,'2018-01-29 12:24:37',''),(233,17,'2018-01-26 11:36:57',6,6,'2018-05-09 06:13:14',''),(234,19,'2018-01-26 11:37:21',6,6,'2018-02-01 07:23:49',''),(235,21,'2018-01-26 11:38:06',6,6,'2018-05-09 06:04:39',''),(236,22,'2018-01-26 11:38:14',6,6,'2018-02-06 04:28:12',''),(237,24,'2018-01-26 11:38:24',6,8,'2019-07-02 09:02:44',''),(238,27,'2018-01-26 11:38:33',6,6,'2018-04-24 04:42:32',''),(239,28,'2018-01-26 11:38:41',6,8,'2019-07-02 09:07:51',''),(240,29,'2018-01-26 11:38:53',6,6,'2018-05-30 10:09:59',''),(241,30,'2018-01-26 11:39:03',6,6,'2018-04-25 11:33:02',''),(242,31,'2018-01-26 11:39:11',6,0,'0000-00-00 00:00:00',''),(243,32,'2018-01-26 11:39:19',6,8,'2019-07-02 09:09:40',''),(244,33,'2018-01-26 11:39:25',6,6,'2018-02-09 06:46:42',''),(245,34,'2018-01-26 11:39:32',6,0,'0000-00-00 00:00:00',''),(246,46,'2018-01-26 11:40:18',6,6,'2018-01-29 12:26:02',''),(247,45,'2018-01-26 11:40:27',6,0,'0000-00-00 00:00:00',''),(248,41,'2018-01-26 11:40:52',6,0,'0000-00-00 00:00:00',''),(249,40,'2018-01-26 11:41:03',6,6,'2018-01-29 12:25:13',''),(250,39,'2018-01-26 11:41:10',6,0,'0000-00-00 00:00:00',''),(251,38,'2018-01-26 11:41:19',6,0,'0000-00-00 00:00:00',''),(252,37,'2018-01-26 11:41:27',6,0,'0000-00-00 00:00:00',''),(253,35,'2018-01-26 11:41:32',6,0,'0000-00-00 00:00:00',''),(254,48,'2018-01-26 16:01:26',0,0,'0000-00-00 00:00:00',''),(255,49,'2018-01-26 16:01:26',0,6,'2018-07-10 07:29:59',''),(256,50,'2018-01-26 16:01:27',0,8,'2018-10-19 06:52:26',''),(257,53,'2018-01-26 16:01:27',0,0,'0000-00-00 00:00:00',''),(258,54,'2018-01-26 16:01:27',0,6,'2018-02-09 06:46:10',''),(259,55,'2018-01-26 16:01:27',0,0,'0000-00-00 00:00:00',''),(260,56,'2018-01-26 16:01:27',0,0,'0000-00-00 00:00:00',''),(261,57,'2018-01-26 16:01:27',0,0,'0000-00-00 00:00:00',''),(262,58,'2018-01-26 16:01:28',0,0,'0000-00-00 00:00:00',''),(263,59,'2018-01-26 16:01:28',0,6,'2018-01-29 12:25:00',''),(264,60,'2018-01-26 16:01:28',0,0,'0000-00-00 00:00:00',''),(265,61,'2018-01-26 16:01:28',0,0,'0000-00-00 00:00:00',''),(266,64,'2018-01-26 16:01:28',0,0,'0000-00-00 00:00:00',''),(267,66,'2018-01-26 16:01:28',0,8,'2018-09-14 10:33:33',''),(268,67,'2018-01-26 16:01:29',0,8,'2019-07-02 11:56:39',''),(269,68,'2018-01-26 16:01:29',0,0,'0000-00-00 00:00:00',''),(270,70,'2018-01-26 16:01:29',0,0,'0000-00-00 00:00:00',''),(271,71,'2018-01-26 16:01:29',0,8,'2019-07-02 11:29:15',''),(272,73,'2018-01-26 16:01:29',0,0,'0000-00-00 00:00:00',''),(273,75,'2018-01-26 16:01:29',0,0,'0000-00-00 00:00:00',''),(274,76,'2018-01-26 16:01:29',0,0,'0000-00-00 00:00:00',''),(275,77,'2018-01-26 16:01:30',0,0,'0000-00-00 00:00:00',''),(276,78,'2018-01-26 16:01:30',0,0,'0000-00-00 00:00:00',''),(277,79,'2018-01-26 16:01:30',0,8,'2019-07-02 12:01:38',''),(278,80,'2018-01-26 16:01:30',0,0,'0000-00-00 00:00:00',''),(279,81,'2018-01-26 16:01:31',0,0,'0000-00-00 00:00:00',''),(280,82,'2018-01-26 16:01:31',0,8,'2019-07-02 11:11:19',''),(281,83,'2018-01-26 16:01:31',0,0,'0000-00-00 00:00:00',''),(282,84,'2018-01-26 16:01:31',0,0,'0000-00-00 00:00:00',''),(283,85,'2018-01-26 16:01:31',0,6,'2018-02-09 06:47:36',''),(284,86,'2018-01-26 16:01:32',0,0,'0000-00-00 00:00:00',''),(285,87,'2018-01-26 16:01:32',0,0,'0000-00-00 00:00:00',''),(286,88,'2018-01-26 16:01:32',0,8,'2018-12-18 06:57:58',''),(287,89,'2018-01-26 16:01:32',0,8,'2019-07-02 12:00:16',''),(288,90,'2018-01-26 16:01:32',0,0,'0000-00-00 00:00:00',''),(289,91,'2018-01-26 16:01:33',0,0,'0000-00-00 00:00:00',''),(290,92,'2018-01-26 16:01:33',0,0,'0000-00-00 00:00:00',''),(291,93,'2018-01-26 16:01:33',0,0,'0000-00-00 00:00:00',''),(292,94,'2018-01-26 16:01:33',0,0,'0000-00-00 00:00:00',''),(293,95,'2018-01-26 16:01:33',0,0,'0000-00-00 00:00:00',''),(294,96,'2018-01-26 16:01:33',0,0,'0000-00-00 00:00:00',''),(295,97,'2018-01-26 16:01:33',0,0,'0000-00-00 00:00:00',''),(296,98,'2018-01-26 16:01:34',0,0,'0000-00-00 00:00:00',''),(297,99,'2018-01-26 16:01:34',0,0,'0000-00-00 00:00:00',''),(298,100,'2018-01-26 16:01:34',0,0,'0000-00-00 00:00:00',''),(299,108,'2018-01-26 16:01:34',0,0,'0000-00-00 00:00:00',''),(300,117,'2018-01-26 16:01:34',0,0,'0000-00-00 00:00:00',''),(301,136,'2018-01-26 16:01:34',0,0,'0000-00-00 00:00:00',''),(302,119,'2018-01-26 16:01:34',0,6,'2018-05-19 05:13:28',''),(303,134,'2018-01-26 16:01:35',0,6,'2018-06-05 05:11:22',''),(304,104,'2018-01-26 16:01:35',0,0,'0000-00-00 00:00:00',''),(305,130,'2018-01-26 16:01:35',0,6,'2018-05-09 06:05:42',''),(306,138,'2018-01-26 16:01:35',0,0,'0000-00-00 00:00:00',''),(307,62,'2018-02-01 16:01:26',0,6,'2018-06-05 05:16:00',''),(308,12,'2018-02-07 16:01:27',0,6,'2018-05-08 06:24:01',''),(309,141,'2017-11-24 19:00:00',6,6,'2017-11-24 19:00:00',''),(310,142,'2018-03-19 19:00:00',6,6,'2015-05-19 19:00:00',''),(311,143,'2018-03-19 19:00:00',6,6,'2015-07-09 19:00:00',''),(312,144,'2018-03-19 19:00:00',6,6,'2015-11-16 19:00:00',''),(313,145,'2018-03-19 19:00:00',6,6,'2015-11-17 19:00:00',''),(314,146,'2018-03-19 19:00:00',6,6,'2015-05-19 19:00:00',''),(315,147,'2018-03-19 19:00:00',6,6,'2015-05-20 19:00:00',''),(316,148,'2018-03-19 19:00:00',6,6,'2015-06-28 19:00:00',''),(317,149,'2018-03-19 19:00:00',6,6,'2017-04-28 19:00:00',''),(318,150,'2018-03-19 19:00:00',6,6,'2017-04-29 19:00:00',''),(319,151,'2018-03-19 19:00:00',6,6,'2016-02-12 19:00:00',''),(320,152,'2018-03-19 19:00:00',6,6,'2017-08-28 19:00:00',''),(321,153,'2018-03-19 19:00:00',6,6,'2014-08-05 19:00:00',''),(322,154,'2018-03-19 19:00:00',6,6,'2014-09-24 19:00:00',''),(323,155,'2018-03-19 19:00:00',6,6,'2014-09-25 19:00:00',''),(324,156,'2018-03-19 19:00:00',6,6,'2014-09-26 19:00:00',''),(325,157,'2018-03-19 19:00:00',6,6,'2017-05-12 19:00:00',''),(326,158,'2018-03-19 19:00:00',6,6,'2015-09-29 19:00:00',''),(327,159,'2018-03-19 19:00:00',6,6,'2014-09-24 19:00:00',''),(328,160,'2018-03-19 19:00:00',6,6,'2016-04-04 19:00:00',''),(329,161,'2018-03-19 19:00:00',6,6,'2015-12-02 19:00:00',''),(330,162,'2018-03-19 19:00:00',6,6,'2017-01-11 19:00:00',''),(331,163,'2018-03-19 19:00:00',6,6,'2015-10-14 19:00:00',''),(332,164,'2018-03-19 19:00:00',6,6,'2015-10-15 19:00:00',''),(333,165,'2018-03-19 19:00:00',6,6,'2016-12-30 19:00:00',''),(334,166,'2018-03-19 19:00:00',6,6,'2016-12-31 19:00:00',''),(335,167,'2018-03-19 19:00:00',6,6,'2017-01-01 19:00:00',''),(336,168,'2018-03-19 19:00:00',6,6,'2017-01-02 19:00:00',''),(337,169,'2018-03-19 19:00:00',6,6,'2015-05-24 19:00:00',''),(338,170,'2018-03-19 19:00:00',6,6,'2015-05-25 19:00:00',''),(339,171,'2018-03-19 19:00:00',6,6,'2017-11-23 19:00:00',''),(340,172,'2018-03-19 19:00:00',6,6,'2016-08-17 19:00:00',''),(341,173,'2018-03-19 19:00:00',6,6,'2016-07-25 19:00:00',''),(342,174,'2018-03-19 19:00:00',6,6,'2015-09-21 19:00:00',''),(343,175,'2018-03-19 19:00:00',6,6,'2015-01-29 19:00:00',''),(344,176,'2018-03-19 19:00:00',6,6,'2015-01-30 19:00:00',''),(345,177,'2018-03-19 19:00:00',6,6,'2016-03-04 19:00:00',''),(346,178,'2018-03-19 19:00:00',6,6,'2017-03-19 19:00:00',''),(347,179,'2018-03-19 19:00:00',6,6,'2017-03-20 19:00:00',''),(348,180,'2018-03-19 19:00:00',6,6,'2017-03-21 19:00:00',''),(349,181,'2018-03-19 19:00:00',6,6,'2017-03-22 19:00:00',''),(350,182,'2018-03-19 19:00:00',6,6,'2017-03-23 19:00:00',''),(351,183,'2018-03-19 19:00:00',6,6,'2017-03-24 19:00:00',''),(352,184,'2018-03-19 19:00:00',6,6,'2017-03-25 19:00:00',''),(353,185,'2018-03-19 19:00:00',6,6,'2017-03-26 19:00:00',''),(354,186,'2018-03-19 19:00:00',6,6,'2017-03-27 19:00:00',''),(355,187,'2018-03-19 19:00:00',6,6,'2017-03-28 19:00:00',''),(356,188,'2018-03-19 19:00:00',6,6,'2017-03-29 19:00:00',''),(357,189,'2018-03-19 19:00:00',6,6,'2017-03-30 19:00:00',''),(358,190,'2018-03-19 19:00:00',6,6,'2017-03-31 19:00:00',''),(359,191,'2018-03-19 19:00:00',6,6,'2017-04-01 19:00:00',''),(360,192,'2018-03-19 19:00:00',6,6,'2017-04-02 19:00:00',''),(361,193,'2018-03-19 19:00:00',6,6,'2017-04-03 19:00:00',''),(362,194,'2018-03-19 19:00:00',6,6,'2017-04-04 19:00:00',''),(363,195,'2018-03-19 19:00:00',6,6,'2017-04-05 19:00:00',''),(364,196,'2018-03-19 19:00:00',6,6,'2017-04-06 19:00:00',''),(365,197,'2018-03-19 19:00:00',6,6,'2017-04-07 19:00:00',''),(366,198,'2018-03-19 19:00:00',6,6,'2017-04-08 19:00:00',''),(367,199,'2018-03-19 19:00:00',6,6,'2017-04-09 19:00:00',''),(368,200,'2018-03-19 19:00:00',6,6,'2016-07-01 19:00:00',''),(369,201,'2018-03-19 19:00:00',6,6,'2014-10-27 19:00:00',''),(370,202,'2018-03-19 19:00:00',6,6,'2015-06-24 19:00:00',''),(371,203,'2018-03-19 19:00:00',6,6,'2016-09-27 19:00:00',''),(372,204,'2018-03-19 19:00:00',6,6,'2017-10-30 19:00:00',''),(373,205,'2018-03-19 19:00:00',6,6,'2017-09-15 19:00:00',''),(374,206,'2018-03-19 19:00:00',6,6,'2017-09-16 19:00:00',''),(375,207,'2018-03-19 19:00:00',6,6,'2017-09-17 19:00:00',''),(376,208,'2018-03-19 19:00:00',6,6,'2017-09-18 19:00:00',''),(377,209,'2018-03-19 19:00:00',6,6,'2017-09-19 19:00:00',''),(378,210,'2018-03-19 19:00:00',6,6,'2017-09-20 19:00:00',''),(379,211,'2018-03-19 19:00:00',6,6,'2017-09-21 19:00:00',''),(380,212,'2018-03-19 19:00:00',6,6,'2017-09-22 19:00:00',''),(381,213,'2018-03-19 19:00:00',6,6,'2018-03-01 19:00:00',''),(382,214,'2018-03-19 19:00:00',6,6,'2018-03-02 19:00:00',''),(383,215,'2018-03-19 19:00:00',6,6,'2018-03-03 19:00:00',''),(384,216,'2018-03-19 19:00:00',6,6,'2017-06-13 19:00:00',''),(385,217,'2018-03-19 19:00:00',6,6,'2015-03-31 19:00:00',''),(386,218,'2018-03-19 19:00:00',6,6,'2014-11-12 19:00:00',''),(387,219,'2018-03-19 19:00:00',6,6,'2017-10-31 19:00:00',''),(388,220,'2018-03-19 19:00:00',6,6,'2015-12-02 19:00:00',''),(389,221,'2018-03-19 19:00:00',6,6,'2015-10-06 19:00:00',''),(390,222,'2018-03-19 19:00:00',6,6,'2015-01-08 19:00:00',''),(391,223,'2018-03-19 19:00:00',6,6,'2015-08-11 19:00:00',''),(392,224,'2018-03-19 19:00:00',6,6,'2015-12-02 19:00:00',''),(393,225,'2018-03-19 19:00:00',6,6,'2017-05-23 19:00:00',''),(394,226,'2018-03-19 19:00:00',6,6,'2015-12-02 19:00:00',''),(395,227,'2018-03-19 19:00:00',6,6,'2016-03-03 19:00:00',''),(396,228,'2018-03-19 19:00:00',6,6,'2015-01-08 19:00:00',''),(397,229,'2018-03-19 19:00:00',6,6,'2015-01-09 19:00:00',''),(398,230,'2018-03-19 19:00:00',6,6,'2015-01-10 19:00:00',''),(399,231,'2018-03-19 19:00:00',6,6,'2015-08-11 19:00:00',''),(400,232,'2018-03-19 19:00:00',6,6,'2015-08-12 19:00:00',''),(401,233,'2018-03-19 19:00:00',6,6,'2015-05-27 19:00:00',''),(402,234,'2018-03-19 19:00:00',6,6,'2017-03-06 19:00:00',''),(403,235,'2018-03-19 19:00:00',6,6,'2017-03-07 19:00:00',''),(404,236,'2018-03-19 19:00:00',6,6,'2017-03-08 19:00:00',''),(405,237,'2018-03-19 19:00:00',6,6,'2016-05-27 19:00:00',''),(406,238,'2018-03-19 19:00:00',6,6,'2016-05-27 19:00:00',''),(407,239,'2018-03-19 19:00:00',6,6,'2017-12-07 19:00:00',''),(408,240,'2018-03-19 19:00:00',6,6,'2017-12-08 19:00:00',''),(409,241,'2018-03-19 19:00:00',6,6,'2016-02-02 19:00:00',''),(410,242,'2018-03-19 19:00:00',6,6,'2016-05-24 19:00:00',''),(411,243,'2018-03-19 19:00:00',6,6,'2016-10-12 19:00:00',''),(412,244,'2018-03-19 19:00:00',6,6,'2016-02-22 19:00:00',''),(413,245,'2018-03-19 19:00:00',6,6,'2016-03-28 19:00:00',''),(414,246,'2018-03-19 19:00:00',6,6,'2017-01-30 19:00:00',''),(415,247,'2018-03-19 19:00:00',6,6,'2017-01-31 19:00:00',''),(416,248,'2018-03-19 19:00:00',6,6,'2017-02-01 19:00:00',''),(417,249,'2018-03-19 19:00:00',6,6,'2015-06-12 19:00:00',''),(418,250,'2018-03-19 19:00:00',6,6,'2015-03-08 19:00:00',''),(419,251,'2018-03-19 19:00:00',6,6,'2017-02-27 19:00:00',''),(420,252,'2018-03-19 19:00:00',6,6,'2015-10-05 19:00:00',''),(421,253,'2018-03-19 19:00:00',6,6,'2015-05-24 19:00:00',''),(422,254,'2018-03-19 19:00:00',6,6,'2013-02-26 19:00:00',''),(423,255,'2018-03-19 19:00:00',6,6,'2015-03-29 19:00:00',''),(424,256,'2018-03-19 19:00:00',6,6,'2014-11-05 19:00:00',''),(425,257,'2018-03-19 19:00:00',6,6,'2014-11-06 19:00:00',''),(426,258,'2018-03-19 19:00:00',6,6,'2014-11-07 19:00:00',''),(427,259,'2018-03-19 19:00:00',6,6,'2015-07-10 19:00:00',''),(428,260,'2018-03-19 19:00:00',6,6,'2015-07-11 19:00:00',''),(429,261,'2018-03-19 19:00:00',6,6,'2017-02-05 19:00:00',''),(430,262,'2018-03-19 19:00:00',6,6,'2016-03-30 19:00:00',''),(431,263,'2018-03-19 19:00:00',6,6,'2016-05-12 19:00:00',''),(432,264,'2018-03-19 19:00:00',6,6,'2016-02-28 19:00:00',''),(433,265,'2018-03-19 19:00:00',6,6,'2015-12-25 19:00:00',''),(434,266,'2018-03-19 19:00:00',6,6,'2015-12-26 19:00:00',''),(435,267,'2018-03-19 19:00:00',6,6,'2016-05-17 19:00:00',''),(436,268,'2018-03-19 19:00:00',6,6,'2016-05-03 19:00:00',''),(437,269,'2018-03-19 19:00:00',6,6,'2016-05-04 19:00:00',''),(438,270,'2018-03-19 19:00:00',6,6,'2015-10-01 19:00:00',''),(439,271,'2018-03-19 19:00:00',6,6,'2014-12-09 19:00:00',''),(440,272,'2018-03-19 19:00:00',6,6,'2016-10-02 19:00:00',''),(441,273,'2018-03-19 19:00:00',6,6,'2016-12-04 19:00:00',''),(442,274,'2018-03-19 19:00:00',6,6,'2016-12-05 19:00:00',''),(443,275,'2018-03-19 19:00:00',6,6,'2014-09-11 19:00:00',''),(444,276,'2018-03-19 19:00:00',6,6,'2014-09-12 19:00:00',''),(445,277,'2018-03-19 19:00:00',6,6,'2014-09-13 19:00:00',''),(446,278,'2018-03-19 19:00:00',6,6,'2014-09-14 19:00:00',''),(447,279,'2018-03-19 19:00:00',6,6,'2014-09-15 19:00:00',''),(448,280,'2018-03-19 19:00:00',6,6,'2014-08-14 19:00:00',''),(449,281,'2018-03-19 19:00:00',6,6,'2016-05-25 19:00:00',''),(450,282,'2018-03-19 19:00:00',6,6,'2016-05-26 19:00:00',''),(451,283,'2018-03-19 19:00:00',6,6,'2014-12-15 19:00:00',''),(452,284,'2018-03-19 19:00:00',6,6,'2017-03-31 19:00:00',''),(453,285,'2018-03-19 19:00:00',6,6,'2017-07-09 19:00:00',''),(454,286,'2018-03-19 19:00:00',6,6,'2017-07-10 19:00:00',''),(455,287,'2018-03-19 19:00:00',6,6,'2017-07-11 19:00:00',''),(456,288,'2018-03-19 19:00:00',6,6,'2017-07-12 19:00:00',''),(457,289,'2018-03-19 19:00:00',6,6,'2016-05-26 19:00:00',''),(458,290,'2018-03-19 19:00:00',6,6,'2016-05-27 19:00:00',''),(459,291,'2018-03-19 19:00:00',6,6,'2016-05-28 19:00:00',''),(460,292,'2018-03-19 19:00:00',6,6,'2016-05-29 19:00:00',''),(461,293,'2018-03-19 19:00:00',6,6,'2017-10-09 19:00:00',''),(462,294,'2018-03-19 19:00:00',6,6,'2017-10-10 19:00:00',''),(463,295,'2018-03-19 19:00:00',6,6,'2017-10-11 19:00:00',''),(464,296,'2018-03-19 19:00:00',6,6,'2015-10-25 19:00:00',''),(465,297,'2018-03-19 19:00:00',6,6,'2015-10-26 19:00:00',''),(466,298,'2018-03-19 19:00:00',6,6,'2015-10-27 19:00:00',''),(467,299,'2018-03-19 19:00:00',6,6,'2015-03-29 19:00:00',''),(468,300,'2018-03-19 19:00:00',6,6,'2015-04-01 19:00:00',''),(469,301,'2018-03-19 19:00:00',6,6,'2015-12-20 19:00:00',''),(470,302,'2018-03-19 19:00:00',6,6,'2015-10-01 19:00:00',''),(471,303,'2018-03-19 19:00:00',6,6,'2014-10-21 19:00:00',''),(472,304,'2018-03-19 19:00:00',6,6,'2014-12-15 19:00:00',''),(473,305,'2018-03-19 19:00:00',6,6,'2014-12-16 19:00:00',''),(474,306,'2018-03-19 19:00:00',6,6,'2014-12-17 19:00:00',''),(475,307,'2018-03-19 19:00:00',6,6,'2017-02-01 19:00:00',''),(476,308,'2018-03-19 19:00:00',6,6,'2017-02-01 19:00:00',''),(477,309,'2018-03-19 19:00:00',6,6,'2015-10-01 19:00:00',''),(478,310,'2018-03-19 19:00:00',6,6,'2017-07-18 19:00:00',''),(479,311,'2018-03-19 19:00:00',6,6,'2015-04-01 19:00:00',''),(480,312,'2018-03-19 19:00:00',6,6,'2015-04-23 19:00:00',''),(481,313,'2018-03-19 19:00:00',6,6,'2012-12-18 19:00:00',''),(482,314,'2018-03-19 19:00:00',6,6,'2016-09-27 19:00:00',''),(483,315,'2018-03-19 19:00:00',6,6,'2016-04-25 19:00:00',''),(484,316,'2018-03-19 19:00:00',6,6,'2016-06-09 19:00:00',''),(485,317,'2018-03-19 19:00:00',6,6,'2016-07-13 19:00:00',''),(486,318,'2018-03-19 19:00:00',6,6,'2016-08-05 19:00:00',''),(487,319,'2018-03-19 19:00:00',6,6,'2018-02-21 19:00:00',''),(488,320,'2018-03-19 19:00:00',6,6,'2018-02-22 19:00:00',''),(489,321,'2018-03-19 19:00:00',6,6,'2015-04-07 19:00:00',''),(490,322,'2018-03-19 19:00:00',6,6,'2015-04-08 19:00:00',''),(491,323,'2018-03-19 19:00:00',6,6,'2016-08-31 19:00:00',''),(492,324,'2018-03-19 19:00:00',6,6,'2016-09-01 19:00:00',''),(493,325,'2018-03-19 19:00:00',6,6,'2015-04-19 19:00:00',''),(494,326,'2018-03-19 19:00:00',6,6,'2015-04-20 19:00:00',''),(495,327,'2018-03-19 19:00:00',6,6,'2015-04-21 19:00:00',''),(496,328,'2018-03-19 19:00:00',6,6,'2014-10-27 19:00:00',''),(497,329,'2018-03-19 19:00:00',6,6,'2014-10-28 19:00:00',''),(498,330,'2018-03-19 19:00:00',6,6,'2017-12-20 19:00:00',''),(499,331,'2018-03-19 19:00:00',6,6,'2014-12-02 19:00:00',''),(500,332,'2018-03-19 19:00:00',6,6,'2016-02-11 19:00:00',''),(501,333,'2018-03-19 19:00:00',6,6,'2016-08-05 19:00:00',''),(502,334,'2018-03-19 19:00:00',6,6,'2017-01-30 19:00:00',''),(503,335,'2018-03-19 19:00:00',6,6,'2017-01-30 19:00:00',''),(504,336,'2018-03-19 19:00:00',6,6,'2017-04-05 19:00:00',''),(505,337,'2018-03-19 19:00:00',6,6,'2017-01-20 19:00:00',''),(506,338,'2018-03-19 19:00:00',6,6,'2015-04-20 19:00:00',''),(507,339,'2018-03-19 19:00:00',6,6,'2016-10-28 19:00:00',''),(508,340,'2018-03-19 19:00:00',6,6,'2012-11-12 19:00:00',''),(509,341,'2018-03-19 19:00:00',6,6,'2012-11-12 19:00:00',''),(510,342,'2018-03-19 19:00:00',6,6,'2015-12-13 19:00:00',''),(511,343,'2018-03-19 19:00:00',6,6,'2015-12-13 19:00:00',''),(512,344,'2018-03-19 19:00:00',6,6,'2013-05-08 19:00:00',''),(513,345,'2018-03-19 19:00:00',6,6,'2016-03-11 19:00:00',''),(514,346,'2018-03-19 19:00:00',6,6,'2016-03-11 19:00:00',''),(515,347,'2018-03-19 19:00:00',6,6,'2016-10-12 19:00:00',''),(516,348,'2018-03-19 19:00:00',6,6,'2016-01-27 19:00:00',''),(517,349,'2018-03-19 19:00:00',6,6,'2017-03-31 19:00:00',''),(518,350,'2018-03-19 19:00:00',6,6,'2016-07-13 19:00:00',''),(519,351,'2018-03-19 19:00:00',6,6,'2018-01-19 19:00:00',''),(520,352,'2018-03-19 19:00:00',6,6,'2017-09-15 19:00:00',''),(521,353,'2018-03-19 19:00:00',6,6,'2017-09-16 19:00:00',''),(522,354,'2018-03-19 19:00:00',6,6,'2017-09-17 19:00:00',''),(523,355,'2018-03-19 19:00:00',6,6,'2017-09-18 19:00:00',''),(524,356,'2018-03-19 19:00:00',6,6,'2017-09-19 19:00:00',''),(525,357,'2018-03-19 19:00:00',6,6,'2017-09-20 19:00:00',''),(526,358,'2018-03-19 19:00:00',6,6,'2015-10-01 19:00:00',''),(527,359,'2018-03-19 19:00:00',6,6,'2016-10-12 19:00:00',''),(528,360,'2018-03-19 19:00:00',6,6,'2016-10-13 19:00:00',''),(529,361,'2018-03-19 19:00:00',6,6,'2015-02-01 19:00:00',''),(530,362,'2018-03-19 19:00:00',6,6,'2015-02-02 19:00:00',''),(531,363,'2018-03-19 19:00:00',6,6,'2017-08-06 19:00:00',''),(532,364,'2018-03-19 19:00:00',6,6,'2017-01-11 19:00:00',''),(533,365,'2018-03-19 19:00:00',6,6,'2015-03-05 19:00:00',''),(534,366,'2018-03-19 19:00:00',6,6,'2015-02-17 19:00:00',''),(535,367,'2018-03-19 19:00:00',6,6,'2016-12-30 19:00:00',''),(536,368,'2018-03-19 19:00:00',6,6,'2016-02-15 19:00:00',''),(537,369,'2018-03-19 19:00:00',6,6,'2017-11-07 19:00:00',''),(538,370,'2018-03-19 19:00:00',6,6,'2014-09-25 19:00:00',''),(539,371,'2018-03-19 19:00:00',6,6,'2016-04-17 19:00:00',''),(540,372,'2018-03-19 19:00:00',6,6,'2016-04-18 19:00:00',''),(541,373,'2018-03-19 19:00:00',6,6,'2014-10-28 19:00:00',''),(542,374,'2018-03-19 19:00:00',6,6,'2014-09-26 19:00:00',''),(543,375,'2018-03-19 19:00:00',6,6,'2016-06-01 19:00:00',''),(544,376,'2018-03-19 19:00:00',6,6,'2018-01-23 19:00:00',''),(545,377,'2018-03-19 19:00:00',6,6,'2018-01-24 19:00:00',''),(546,378,'2018-03-19 19:00:00',6,6,'2016-03-09 19:00:00',''),(547,379,'2018-03-19 19:00:00',6,6,'2016-03-10 19:00:00',''),(548,380,'2018-03-19 19:00:00',6,6,'2016-03-11 19:00:00',''),(549,381,'2018-03-19 19:00:00',6,6,'2016-03-12 19:00:00',''),(550,382,'2018-03-19 19:00:00',6,6,'2016-04-10 19:00:00',''),(551,383,'2018-03-19 19:00:00',6,6,'2016-07-20 19:00:00',''),(552,384,'2018-03-19 19:00:00',6,6,'2016-07-20 19:00:00',''),(553,385,'2018-03-19 19:00:00',6,6,'2015-09-30 19:00:00',''),(554,386,'2018-03-19 19:00:00',6,6,'2016-03-02 19:00:00',''),(555,387,'2018-03-19 19:00:00',6,6,'2017-03-07 19:00:00',''),(556,388,'2018-03-19 19:00:00',6,6,'2015-03-31 19:00:00',''),(557,389,'2018-03-19 19:00:00',6,6,'2015-04-01 19:00:00',''),(558,390,'2018-03-19 19:00:00',6,6,'2017-01-11 19:00:00',''),(559,391,'2018-03-19 19:00:00',6,6,'2017-01-12 19:00:00',''),(560,392,'2018-03-19 19:00:00',6,6,'2015-05-03 19:00:00',''),(561,393,'2018-03-19 19:00:00',6,6,'2016-04-18 19:00:00',''),(562,394,'2018-03-19 19:00:00',6,6,'2016-04-18 19:00:00',''),(563,395,'2018-03-19 19:00:00',6,6,'2016-04-19 19:00:00',''),(564,396,'2018-03-19 19:00:00',6,6,'2016-04-20 19:00:00',''),(565,397,'2018-03-19 19:00:00',6,6,'2017-09-05 19:00:00',''),(566,398,'2018-03-19 19:00:00',6,6,'2017-08-16 19:00:00',''),(567,399,'2018-03-19 19:00:00',6,6,'2017-08-17 19:00:00',''),(568,400,'2018-03-19 19:00:00',6,6,'2017-08-18 19:00:00',''),(569,401,'2018-03-19 19:00:00',6,6,'2016-03-27 19:00:00',''),(570,402,'2018-03-19 19:00:00',6,6,'2015-04-08 19:00:00',''),(571,403,'2018-03-19 19:00:00',6,6,'2015-04-09 19:00:00',''),(572,404,'2018-03-19 19:00:00',6,6,'2015-04-10 19:00:00',''),(573,405,'2018-03-19 19:00:00',6,6,'2016-03-14 19:00:00',''),(574,406,'2018-03-19 19:00:00',6,6,'2016-03-15 19:00:00',''),(575,407,'2018-03-19 19:00:00',6,6,'2016-03-16 19:00:00',''),(576,408,'2018-03-19 19:00:00',6,6,'2017-11-01 19:00:00',''),(577,409,'2018-03-19 19:00:00',6,6,'2015-04-22 19:00:00',''),(578,410,'2018-03-19 19:00:00',6,6,'2015-10-01 19:00:00',''),(579,411,'2018-03-19 19:00:00',6,6,'2014-09-24 19:00:00',''),(580,412,'2018-03-19 19:00:00',6,6,'2016-07-18 19:00:00',''),(581,413,'2018-03-19 19:00:00',6,6,'2014-11-13 19:00:00',''),(582,414,'2018-03-19 19:00:00',6,6,'2014-11-14 19:00:00',''),(583,415,'2018-03-19 19:00:00',6,6,'2014-11-15 19:00:00',''),(584,416,'2018-03-19 19:00:00',6,6,'2014-11-16 19:00:00',''),(585,417,'2018-03-19 19:00:00',6,6,'2014-11-17 19:00:00',''),(586,418,'2018-03-19 19:00:00',6,6,'2014-11-18 19:00:00',''),(587,419,'2018-03-19 19:00:00',6,6,'2017-01-27 19:00:00',''),(588,420,'2018-03-19 19:00:00',6,6,'2016-02-03 19:00:00',''),(589,421,'2018-03-19 19:00:00',6,6,'2016-08-02 19:00:00',''),(590,422,'2018-03-19 19:00:00',6,6,'2016-08-03 19:00:00',''),(591,423,'2018-03-19 19:00:00',6,6,'2016-08-04 19:00:00',''),(592,424,'2018-03-19 19:00:00',6,6,'2015-10-01 19:00:00',''),(593,425,'2018-03-19 19:00:00',6,6,'2015-10-02 19:00:00',''),(594,426,'2018-03-19 19:00:00',6,6,'2014-09-24 19:00:00',''),(595,427,'2018-03-19 19:00:00',6,6,'2016-05-26 19:00:00',''),(596,428,'2018-03-19 19:00:00',6,6,'2016-05-27 19:00:00',''),(597,429,'2018-03-19 19:00:00',6,6,'2014-08-27 19:00:00',''),(598,430,'2018-03-19 19:00:00',6,6,'2014-08-28 19:00:00',''),(599,431,'2018-03-19 19:00:00',6,6,'2015-05-27 19:00:00',''),(600,432,'2018-03-19 19:00:00',6,6,'2015-05-28 19:00:00',''),(601,433,'2018-03-19 19:00:00',6,6,'2016-02-17 19:00:00',''),(602,434,'2018-03-19 19:00:00',6,6,'2016-03-01 19:00:00',''),(603,435,'2018-03-19 19:00:00',6,6,'2016-03-02 19:00:00',''),(604,436,'2018-03-19 19:00:00',6,6,'2016-03-03 19:00:00',''),(605,437,'2018-03-19 19:00:00',6,6,'2017-08-23 19:00:00',''),(606,438,'2018-03-19 19:00:00',6,6,'2017-08-24 19:00:00',''),(607,439,'2018-03-19 19:00:00',6,6,'2017-08-25 19:00:00',''),(608,440,'2018-03-19 19:00:00',6,6,'2017-11-27 19:00:00',''),(609,441,'2018-03-19 19:00:00',6,6,'2017-08-20 19:00:00',''),(610,442,'2018-03-19 19:00:00',6,6,'2015-05-20 19:00:00',''),(611,443,'2018-03-19 19:00:00',6,6,'2018-01-12 19:00:00',''),(612,444,'2018-03-19 19:00:00',6,6,'2018-03-20 19:00:00',''),(613,445,'2018-03-19 19:00:00',6,6,'2018-03-21 19:00:00',''),(614,446,'2018-03-19 19:00:00',6,6,'2017-10-30 19:00:00',''),(615,447,'2018-03-19 19:00:00',6,6,'2017-11-01 19:00:00',''),(616,448,'2018-03-19 19:00:00',6,6,'2015-08-02 19:00:00',''),(617,449,'2018-03-19 19:00:00',6,6,'2015-08-03 19:00:00',''),(618,450,'2018-03-19 19:00:00',6,6,'2018-02-23 19:00:00',''),(619,451,'2018-03-19 19:00:00',6,6,'2018-02-24 19:00:00',''),(620,452,'2018-03-19 19:00:00',6,6,'2018-02-25 19:00:00',''),(621,453,'2018-03-19 19:00:00',6,6,'2015-11-15 19:00:00',''),(622,454,'2018-03-19 19:00:00',6,6,'2015-11-16 19:00:00',''),(623,455,'2018-03-19 19:00:00',6,6,'2015-11-17 19:00:00',''),(624,456,'2018-03-19 19:00:00',6,6,'2015-11-18 19:00:00',''),(625,457,'2018-03-19 19:00:00',6,6,'2014-09-02 19:00:00',''),(626,458,'2018-03-19 19:00:00',6,6,'2014-09-03 19:00:00',''),(627,459,'2018-03-19 19:00:00',6,6,'2015-10-01 19:00:00',''),(628,460,'2018-03-19 19:00:00',6,6,'2015-10-02 19:00:00',''),(629,461,'2018-03-19 19:00:00',6,6,'2015-10-03 19:00:00',''),(630,462,'2018-03-19 19:00:00',6,6,'2016-04-25 19:00:00',''),(631,463,'2018-03-19 19:00:00',6,6,'2017-11-05 19:00:00',''),(632,464,'2018-03-19 19:00:00',6,6,'2017-11-06 19:00:00',''),(633,465,'2018-03-19 19:00:00',6,6,'2017-06-11 19:00:00',''),(634,466,'2018-03-19 19:00:00',6,6,'2014-10-27 19:00:00',''),(635,467,'2018-03-19 19:00:00',6,6,'2015-05-13 19:00:00',''),(636,468,'2018-03-19 19:00:00',6,6,'2016-03-27 19:00:00',''),(637,469,'2018-03-19 19:00:00',6,6,'2016-03-28 19:00:00',''),(638,470,'2018-03-19 19:00:00',6,6,'2012-11-01 19:00:00',''),(639,471,'2018-03-19 19:00:00',6,6,'2012-11-02 19:00:00',''),(640,472,'2018-03-19 19:00:00',6,6,'2015-04-26 19:00:00',''),(641,473,'2018-03-19 19:00:00',6,6,'2015-04-27 19:00:00',''),(642,474,'2018-03-19 19:00:00',6,6,'2015-04-28 19:00:00',''),(643,475,'2018-03-19 19:00:00',6,6,'2018-01-28 19:00:00',''),(644,476,'2018-03-19 19:00:00',6,6,'2018-01-29 19:00:00',''),(645,477,'2018-03-19 19:00:00',6,6,'2014-11-13 19:00:00',''),(646,478,'2018-03-19 19:00:00',6,6,'2016-09-27 19:00:00',''),(647,479,'2018-03-19 19:00:00',6,6,'2015-05-20 19:00:00',''),(648,480,'2018-03-19 19:00:00',6,6,'2015-05-21 19:00:00',''),(649,481,'2018-03-19 19:00:00',6,6,'2012-12-07 19:00:00',''),(650,482,'2018-03-19 19:00:00',6,6,'2016-09-27 19:00:00',''),(651,483,'2018-03-19 19:00:00',6,6,'2016-09-28 19:00:00',''),(652,484,'2018-03-19 19:00:00',6,6,'2014-05-08 19:00:00',''),(653,485,'2018-03-19 19:00:00',6,6,'2014-05-08 19:00:00',''),(654,486,'2018-03-19 19:00:00',6,6,'2015-05-12 19:00:00',''),(655,487,'2018-03-19 19:00:00',6,6,'2016-02-01 19:00:00',''),(656,488,'2018-03-19 19:00:00',6,6,'2017-02-26 19:00:00',''),(657,489,'2018-03-19 19:00:00',6,6,'2016-11-29 19:00:00',''),(658,490,'2018-03-19 19:00:00',6,6,'2014-08-26 19:00:00',''),(659,491,'2018-03-19 19:00:00',6,6,'2015-09-11 19:00:00',''),(660,492,'2018-03-19 19:00:00',6,6,'2017-07-11 19:00:00',''),(661,493,'2018-03-19 19:00:00',6,6,'2015-05-17 19:00:00',''),(662,494,'2018-03-19 19:00:00',6,6,'2016-02-14 19:00:00',''),(663,495,'2018-03-19 19:00:00',6,6,'2018-03-01 19:00:00',''),(664,496,'2018-03-19 19:00:00',6,6,'2014-10-15 19:00:00',''),(665,497,'2018-03-19 19:00:00',6,6,'2014-10-16 19:00:00',''),(666,498,'2018-03-19 19:00:00',6,6,'2014-10-17 19:00:00',''),(667,499,'2018-03-19 19:00:00',6,6,'2017-10-06 19:00:00',''),(668,500,'2018-03-19 19:00:00',6,6,'2017-10-07 19:00:00',''),(669,501,'2018-03-19 19:00:00',6,6,'2017-10-08 19:00:00',''),(670,502,'2018-03-19 19:00:00',6,6,'2017-10-09 19:00:00',''),(671,503,'2018-03-19 19:00:00',6,6,'2017-10-10 19:00:00',''),(672,504,'2018-03-19 19:00:00',6,6,'2015-04-07 19:00:00',''),(673,505,'2018-03-19 19:00:00',6,6,'2016-07-15 19:00:00',''),(674,506,'2018-03-19 19:00:00',6,6,'2014-01-24 19:00:00',''),(675,507,'2018-03-19 19:00:00',6,6,'2015-03-24 19:00:00',''),(676,508,'2018-03-19 19:00:00',6,6,'2014-09-22 19:00:00',''),(677,509,'2018-03-19 19:00:00',6,6,'2014-09-23 19:00:00',''),(678,510,'2018-03-19 19:00:00',6,6,'2015-08-07 19:00:00',''),(679,511,'2018-03-19 19:00:00',6,6,'2015-04-01 19:00:00',''),(680,512,'2018-03-19 19:00:00',6,6,'2015-12-14 19:00:00',''),(681,513,'2018-03-19 19:00:00',6,6,'2015-12-15 19:00:00',''),(682,514,'2018-03-19 19:00:00',6,6,'2015-12-16 19:00:00',''),(683,515,'2018-03-19 19:00:00',6,6,'2015-12-17 19:00:00',''),(684,516,'2018-03-19 19:00:00',6,6,'2015-12-18 19:00:00',''),(685,517,'2018-03-19 19:00:00',6,6,'2015-04-14 19:00:00',''),(686,518,'2018-03-19 19:00:00',6,6,'2015-04-15 19:00:00',''),(687,47,'2018-03-21 16:01:56',0,0,'0000-00-00 00:00:00',''),(688,63,'2018-03-28 16:01:50',0,6,'2018-05-08 06:27:08',''),(689,36,'2018-04-08 16:01:38',0,6,'2018-04-24 04:42:04',''),(690,110,'2018-04-09 16:02:49',0,6,'2018-04-24 04:42:16',''),(691,18,'2018-04-10 16:01:54',0,6,'2018-04-24 04:43:04',''),(692,140,'2018-04-10 16:01:54',0,6,'2018-04-24 04:43:00',''),(693,8,'2018-04-18 16:01:45',0,6,'2018-11-30 19:00:00',''),(694,44,'2018-04-18 16:01:46',0,6,'2018-04-24 04:42:51',''),(695,8,'2017-11-28 19:00:00',6,6,'2018-01-17 19:00:00',''),(696,8,'2017-11-29 19:00:00',6,6,'2018-01-11 19:00:00',''),(697,15,'2018-04-29 16:01:38',0,6,'2018-05-08 06:24:37',''),(698,40,'2018-04-29 16:01:39',0,6,'2018-05-08 06:26:07',''),(699,46,'2018-04-29 16:01:39',0,6,'2018-05-08 06:26:36',''),(700,59,'2018-04-29 16:01:39',0,6,'2018-05-08 06:27:31',''),(701,11,'2018-05-02 16:01:50',0,0,'0000-00-00 00:00:00',''),(702,19,'2018-05-02 16:01:50',0,0,'0000-00-00 00:00:00',''),(703,519,'2018-02-06 19:00:00',6,6,'2018-05-07 19:00:00',''),(704,22,'2018-05-08 16:02:03',0,6,'2018-06-05 05:06:13',''),(705,20,'2018-05-09 06:04:18',6,6,'2018-06-05 05:09:34',''),(706,21,'2018-05-09 06:04:45',6,0,'0000-00-00 00:00:00',''),(707,25,'2018-05-09 06:05:29',6,0,'0000-00-00 00:00:00',''),(708,519,'2018-05-09 06:12:25',6,8,'2018-09-06 04:27:46',''),(709,17,'2018-05-09 06:13:19',6,6,'2018-06-05 05:13:19',''),(710,5,'2018-05-09 06:15:51',6,0,'0000-00-00 00:00:00',''),(711,6,'2018-05-09 06:16:38',6,6,'2018-05-24 06:47:41',''),(712,33,'2018-05-14 16:02:11',0,0,'0000-00-00 00:00:00',''),(713,54,'2018-05-14 16:02:11',0,6,'2018-05-19 05:13:09',''),(714,85,'2018-05-14 16:02:11',0,8,'2018-08-28 12:07:53',''),(715,27,'2018-05-17 05:24:50',6,6,'2018-05-18 04:48:02',''),(716,520,'2018-01-30 19:00:00',6,6,'2018-05-22 19:00:00',''),(717,36,'2018-05-28 06:10:43',6,6,'2018-06-08 05:06:39',''),(718,40,'2018-05-28 06:13:25',6,0,'0000-00-00 00:00:00',''),(719,8,'2018-05-30 09:05:43',6,8,'2018-10-19 07:24:52',''),(720,22,'2018-06-05 05:06:18',6,0,'0000-00-00 00:00:00',''),(721,141,'2018-06-05 05:08:39',6,0,'0000-00-00 00:00:00',''),(722,20,'2018-06-05 05:09:39',6,6,'2018-06-05 05:14:28',''),(723,134,'2018-06-05 05:11:29',6,8,'2018-12-01 05:52:01',''),(724,17,'2018-06-05 05:13:27',6,0,'0000-00-00 00:00:00',''),(725,20,'2018-06-05 05:14:33',6,0,'0000-00-00 00:00:00',''),(726,62,'2018-06-05 05:16:07',6,6,'2018-07-16 07:16:01',''),(727,51,'2018-06-26 06:29:51',6,0,'0000-00-00 00:00:00',''),(728,65,'2018-06-28 10:05:42',6,0,'0000-00-00 00:00:00',''),(729,140,'2018-06-29 12:07:27',6,0,'0000-00-00 00:00:00',''),(730,62,'2018-07-16 07:16:08',6,0,'0000-00-00 00:00:00',''),(731,110,'2018-07-23 16:02:14',0,0,'0000-00-00 00:00:00',''),(732,18,'2018-07-23 16:02:14',0,8,'2018-10-19 07:23:22',''),(733,44,'2018-07-23 16:02:14',0,8,'2018-07-30 19:00:00',''),(734,30,'2018-07-24 16:02:03',0,8,'2018-08-07 19:00:00',''),(735,7,'2018-08-06 16:01:52',0,0,'0000-00-00 00:00:00',''),(736,12,'2018-08-06 16:01:53',0,8,'2018-08-07 19:00:00',''),(737,63,'2018-08-06 16:01:53',0,0,'0000-00-00 00:00:00',''),(738,15,'2018-08-06 16:01:53',0,8,'2018-08-07 19:00:00',''),(739,46,'2018-08-06 16:01:54',0,0,'0000-00-00 00:00:00',''),(740,59,'2018-08-06 16:01:54',0,8,'2018-08-13 19:00:00',''),(741,130,'2018-08-07 16:01:50',0,0,'0000-00-00 00:00:00',''),(742,1,'2018-08-15 16:01:57',0,0,'0000-00-00 00:00:00',''),(743,27,'2018-08-16 16:01:49',0,8,'2018-08-16 19:00:00',''),(744,119,'2018-08-17 16:02:03',0,0,'0000-00-00 00:00:00',''),(745,54,'2018-08-17 16:02:04',0,8,'2018-12-13 06:13:53',''),(746,520,'2018-08-21 16:02:02',0,8,'2018-09-06 04:28:50',''),(747,6,'2018-08-22 16:02:01',0,8,'2019-07-02 09:01:36',''),(748,85,'2018-08-28 12:08:48',8,0,'0000-00-00 00:00:00',''),(749,29,'2018-08-28 16:02:01',0,8,'2018-09-11 10:16:30',''),(750,5,'2018-09-03 10:48:47',8,0,'0000-00-00 00:00:00',''),(751,36,'2018-09-06 16:02:00',0,8,'2018-09-25 07:46:44',''),(752,521,'2017-08-07 19:00:00',8,8,'2018-01-23 19:00:00',''),(753,521,'2018-09-27 06:18:43',8,8,'2018-10-09 10:27:28',''),(754,522,'2018-02-05 19:00:00',8,8,'2018-02-06 19:00:00',''),(755,522,'2018-10-03 07:09:10',8,0,'0000-00-00 00:00:00',''),(756,49,'2018-10-08 16:02:09',0,0,'0000-00-00 00:00:00',''),(757,118,'2018-10-10 06:57:47',8,8,'2018-10-10 10:22:34',''),(758,50,'2018-10-19 06:52:39',8,0,'0000-00-00 00:00:00',''),(759,18,'2018-10-19 07:23:33',8,8,'2018-10-27 04:03:53',''),(760,8,'2018-10-19 07:24:58',8,8,'2018-10-27 04:03:25',''),(761,44,'2018-10-29 16:02:01',0,8,'2018-11-06 11:50:50',''),(762,30,'2018-11-06 16:02:10',0,8,'2018-11-07 07:13:35',''),(763,12,'2018-11-06 16:02:10',0,0,'0000-00-00 00:00:00',''),(764,15,'2018-11-06 16:02:11',0,8,'2018-11-12 11:21:00',''),(765,59,'2018-11-12 16:04:05',0,8,'2018-11-16 04:17:39',''),(766,2,'2018-11-15 16:04:03',0,8,'2018-11-23 04:44:18',''),(767,27,'2018-11-15 16:04:03',0,8,'2018-11-16 04:06:05',''),(768,134,'2018-12-01 05:52:08',8,8,'2018-12-17 04:31:49',''),(769,519,'2018-12-05 16:04:17',0,8,'2019-04-03 05:03:41',''),(770,520,'2018-12-05 16:04:17',0,8,'2018-12-13 06:14:05',''),(771,523,'2017-12-30 19:00:00',8,8,'2018-01-05 19:00:00',''),(772,523,'2018-12-06 05:28:13',8,8,'2018-12-27 05:57:00',''),(773,29,'2018-12-10 16:04:15',0,8,'2018-12-13 06:14:52',''),(774,66,'2018-12-13 16:04:17',0,0,'0000-00-00 00:00:00',''),(775,88,'2018-12-18 06:58:03',8,8,'2019-01-02 06:22:01',''),(776,4,'2018-12-21 10:57:16',8,0,'0000-00-00 00:00:00',''),(777,36,'2018-12-24 16:04:11',0,8,'2019-07-02 11:27:15',''),(778,521,'2019-01-07 16:02:00',0,0,'0000-00-00 00:00:00',''),(779,118,'2019-01-08 16:03:15',0,0,'0000-00-00 00:00:00',''),(780,18,'2019-01-25 16:02:14',0,0,'0000-00-00 00:00:00',''),(781,8,'2019-01-25 16:02:15',0,0,'0000-00-00 00:00:00',''),(782,44,'2019-02-04 16:01:50',0,8,'2019-02-19 05:42:55',''),(783,30,'2019-02-05 16:01:49',0,8,'2019-02-13 04:18:24',''),(784,15,'2019-02-10 16:01:46',0,8,'2019-02-11 09:25:35',''),(785,59,'2019-02-14 16:03:07',0,8,'2019-03-01 05:12:17',''),(786,27,'2019-02-14 16:03:08',0,8,'2019-03-01 04:30:31',''),(787,2,'2019-02-21 16:03:10',0,8,'2019-07-02 11:35:08',''),(788,54,'2019-03-13 16:04:08',0,8,'2019-03-14 04:48:51',''),(789,520,'2019-03-13 16:04:09',0,8,'2019-03-14 04:50:24',''),(790,29,'2019-03-13 16:04:09',0,0,'0000-00-00 00:00:00',''),(791,134,'2019-03-17 16:01:54',0,0,'0000-00-00 00:00:00',''),(792,523,'2019-03-27 16:03:14',0,0,'0000-00-00 00:00:00',''),(793,88,'2019-04-02 16:02:04',0,8,'2019-04-03 07:54:36',''),(794,3,'2019-04-05 16:01:56',0,8,'2019-04-08 05:38:54',''),(795,158,'2019-05-09 06:30:02',8,8,'2019-05-20 04:37:33',''),(796,15,'2019-05-12 16:01:59',0,8,'2019-05-13 04:51:11',''),(797,30,'2019-05-14 16:02:05',0,0,'0000-00-00 00:00:00',''),(798,44,'2019-05-20 16:01:59',0,8,'2019-05-22 11:30:59',''),(799,27,'2019-05-24 06:37:47',8,8,'2019-05-24 10:06:11',''),(800,59,'2019-05-30 16:02:07',0,8,'2019-05-31 04:38:19',''),(801,54,'2019-06-12 16:02:01',0,0,'0000-00-00 00:00:00',''),(802,520,'2019-06-12 16:02:01',0,8,'2019-06-27 12:25:49',''),(803,6,'2019-07-02 09:01:49',8,0,'0000-00-00 00:00:00',''),(804,32,'2019-07-02 09:09:46',8,0,'0000-00-00 00:00:00',''),(805,135,'2019-07-02 11:10:02',8,8,'2019-07-02 11:10:48',''),(806,135,'2019-07-02 11:17:40',8,0,'0000-00-00 00:00:00',''),(807,3,'2019-07-02 11:17:56',8,8,'2019-07-19 05:29:35',''),(808,73,'2019-07-02 11:20:12',8,0,'0000-00-00 00:00:00',''),(809,130,'2019-07-02 11:20:28',8,0,'0000-00-00 00:00:00',''),(810,119,'2019-07-02 11:21:02',8,0,'0000-00-00 00:00:00',''),(811,76,'2019-07-02 11:21:10',8,0,'0000-00-00 00:00:00',''),(812,116,'2019-07-02 11:21:19',8,0,'0000-00-00 00:00:00',''),(813,90,'2019-07-02 11:21:25',8,0,'0000-00-00 00:00:00',''),(814,158,'2019-07-02 11:21:58',8,0,'0000-00-00 00:00:00',''),(815,114,'2019-07-02 11:22:28',8,0,'0000-00-00 00:00:00',''),(816,87,'2019-07-02 11:22:37',8,0,'0000-00-00 00:00:00',''),(817,59,'2019-07-02 11:23:35',8,8,'2019-07-12 04:59:13',''),(818,109,'2019-07-02 11:23:47',8,0,'0000-00-00 00:00:00',''),(819,34,'2019-07-02 11:24:32',8,8,'2019-08-24 05:53:03',''),(820,24,'2019-07-02 11:24:49',8,8,'2019-07-12 04:58:59',''),(821,25,'2019-07-02 11:24:56',8,1,'2020-01-20 09:32:31',''),(822,12,'2019-07-02 11:25:31',8,0,'0000-00-00 00:00:00',''),(823,141,'2019-07-02 11:26:13',8,0,'0000-00-00 00:00:00',''),(824,21,'2019-07-02 11:26:23',8,0,'0000-00-00 00:00:00',''),(825,48,'2019-07-02 11:26:34',8,0,'0000-00-00 00:00:00',''),(826,99,'2019-07-02 11:26:40',8,0,'0000-00-00 00:00:00',''),(827,523,'2019-07-02 11:26:45',8,0,'0000-00-00 00:00:00',''),(828,36,'2019-07-02 11:27:40',8,1,'2020-03-16 05:18:42',''),(829,53,'2019-07-02 11:27:53',8,0,'0000-00-00 00:00:00',''),(830,68,'2019-07-02 11:28:05',8,0,'0000-00-00 00:00:00',''),(831,71,'2019-07-02 11:29:23',8,0,'0000-00-00 00:00:00',''),(832,105,'2019-07-02 11:29:30',8,0,'0000-00-00 00:00:00',''),(833,140,'2019-07-02 11:29:54',8,0,'0000-00-00 00:00:00',''),(834,54,'2019-07-02 11:30:25',8,0,'0000-00-00 00:00:00',''),(835,33,'2019-07-02 11:30:33',8,0,'0000-00-00 00:00:00',''),(836,95,'2019-07-02 11:32:51',8,0,'0000-00-00 00:00:00',''),(837,40,'2019-07-02 11:33:03',8,0,'0000-00-00 00:00:00',''),(838,77,'2019-07-02 11:33:16',8,0,'0000-00-00 00:00:00',''),(839,113,'2019-07-02 11:34:13',8,8,'2019-07-23 06:17:57',''),(840,86,'2019-07-02 11:34:22',8,8,'2019-07-23 06:18:00',''),(841,64,'2019-07-02 11:34:32',8,0,'0000-00-00 00:00:00',''),(842,8,'2019-07-02 11:34:43',8,8,'2019-07-17 09:49:52',''),(843,1,'2019-07-02 11:35:01',8,8,'2019-08-24 05:42:06',''),(844,2,'2019-07-02 11:35:16',8,8,'2019-08-24 05:42:15',''),(845,38,'2019-07-02 11:35:30',8,0,'0000-00-00 00:00:00',''),(846,58,'2019-07-02 11:36:07',8,0,'0000-00-00 00:00:00',''),(847,521,'2019-07-02 11:36:17',8,0,'0000-00-00 00:00:00',''),(848,37,'2019-07-02 11:36:28',8,0,'0000-00-00 00:00:00',''),(849,22,'2019-07-02 11:36:38',8,0,'0000-00-00 00:00:00',''),(850,18,'2019-07-02 11:36:46',8,8,'2019-07-17 09:51:38',''),(851,49,'2019-07-02 11:39:47',8,0,'0000-00-00 00:00:00',''),(852,103,'2019-07-02 11:40:57',8,0,'0000-00-00 00:00:00',''),(853,27,'2019-07-02 11:41:12',8,8,'2019-07-10 12:51:46',''),(854,30,'2019-07-02 11:41:46',8,0,'0000-00-00 00:00:00',''),(855,81,'2019-07-02 11:42:00',8,0,'0000-00-00 00:00:00',''),(856,85,'2019-07-02 11:42:12',8,0,'0000-00-00 00:00:00',''),(857,84,'2019-07-02 11:43:16',8,0,'0000-00-00 00:00:00',''),(858,91,'2019-07-02 11:43:58',8,0,'0000-00-00 00:00:00',''),(859,28,'2019-07-02 11:44:10',8,0,'0000-00-00 00:00:00',''),(860,55,'2019-07-02 11:44:27',8,0,'0000-00-00 00:00:00',''),(861,94,'2019-07-02 11:44:43',8,0,'0000-00-00 00:00:00',''),(862,62,'2019-07-02 11:44:58',8,0,'0000-00-00 00:00:00',''),(863,60,'2019-07-02 11:45:17',8,0,'0000-00-00 00:00:00',''),(864,93,'2019-07-02 11:45:27',8,0,'0000-00-00 00:00:00',''),(865,17,'2019-07-02 11:46:44',8,0,'0000-00-00 00:00:00',''),(866,35,'2019-07-02 11:47:20',8,0,'0000-00-00 00:00:00',''),(867,96,'2019-07-02 11:47:46',8,0,'0000-00-00 00:00:00',''),(868,110,'2019-07-02 11:48:08',8,0,'0000-00-00 00:00:00',''),(869,102,'2019-07-02 11:48:21',8,0,'0000-00-00 00:00:00',''),(870,6,'2019-07-02 11:49:00',8,0,'0000-00-00 00:00:00',''),(871,29,'2019-07-02 11:49:39',8,0,'0000-00-00 00:00:00',''),(872,519,'2019-07-02 11:49:48',8,0,'0000-00-00 00:00:00',''),(873,98,'2019-07-02 11:50:19',8,0,'0000-00-00 00:00:00',''),(874,63,'2019-07-02 11:50:39',8,0,'0000-00-00 00:00:00',''),(875,111,'2019-07-02 11:50:51',8,0,'0000-00-00 00:00:00',''),(876,75,'2019-07-02 11:51:02',8,0,'0000-00-00 00:00:00',''),(877,132,'2019-07-02 11:54:26',8,0,'0000-00-00 00:00:00',''),(878,5,'2019-07-02 11:54:35',8,8,'2019-08-24 05:52:47',''),(879,97,'2019-07-02 11:56:31',8,0,'0000-00-00 00:00:00',''),(880,67,'2019-07-02 11:56:44',8,0,'0000-00-00 00:00:00',''),(881,44,'2019-07-02 11:56:56',8,0,'0000-00-00 00:00:00',''),(882,39,'2019-07-02 11:57:06',8,0,'0000-00-00 00:00:00',''),(883,104,'2019-07-02 11:58:40',8,0,'0000-00-00 00:00:00',''),(884,115,'2019-07-02 12:00:03',8,0,'0000-00-00 00:00:00',''),(885,89,'2019-07-02 12:00:23',8,0,'0000-00-00 00:00:00',''),(886,108,'2019-07-02 12:00:31',8,0,'0000-00-00 00:00:00',''),(887,117,'2019-07-02 12:00:39',8,0,'0000-00-00 00:00:00',''),(888,50,'2019-07-02 12:00:47',8,0,'0000-00-00 00:00:00',''),(889,112,'2019-07-02 12:00:54',8,0,'0000-00-00 00:00:00',''),(890,61,'2019-07-02 12:00:59',8,0,'0000-00-00 00:00:00',''),(891,57,'2019-07-02 12:01:05',8,0,'0000-00-00 00:00:00',''),(892,19,'2019-07-02 12:01:13',8,8,'2019-07-12 05:00:53',''),(893,11,'2019-07-02 12:01:19',8,8,'2019-07-12 05:00:45',''),(894,66,'2019-07-02 12:01:25',8,0,'0000-00-00 00:00:00',''),(895,15,'2019-07-02 12:01:30',8,8,'2019-07-12 05:01:31',''),(896,7,'2019-07-02 12:01:38',8,8,'2019-07-23 06:19:12',''),(897,79,'2019-07-02 12:01:46',8,8,'2019-07-17 11:32:12',''),(898,65,'2019-07-02 12:02:02',8,0,'0000-00-00 00:00:00',''),(899,82,'2019-07-02 12:02:08',8,0,'0000-00-00 00:00:00',''),(900,20,'2019-07-02 12:02:15',8,0,'0000-00-00 00:00:00',''),(901,70,'2019-07-02 12:02:23',8,0,'0000-00-00 00:00:00',''),(902,51,'2019-07-02 12:02:29',8,0,'0000-00-00 00:00:00',''),(903,92,'2019-07-02 12:05:00',8,0,'0000-00-00 00:00:00',''),(904,41,'2019-07-02 12:05:08',8,0,'0000-00-00 00:00:00',''),(905,69,'2019-07-02 12:05:18',8,0,'0000-00-00 00:00:00',''),(906,134,'2019-07-02 12:05:27',8,0,'0000-00-00 00:00:00',''),(907,522,'2019-07-02 12:05:34',8,0,'0000-00-00 00:00:00',''),(908,83,'2019-07-02 12:05:41',8,0,'0000-00-00 00:00:00',''),(909,118,'2019-07-02 12:05:46',8,0,'0000-00-00 00:00:00',''),(910,136,'2019-07-02 12:05:53',8,0,'0000-00-00 00:00:00',''),(911,31,'2019-07-02 12:06:01',8,0,'0000-00-00 00:00:00',''),(912,78,'2019-07-02 12:06:09',8,0,'0000-00-00 00:00:00',''),(913,32,'2019-07-02 12:06:15',8,0,'0000-00-00 00:00:00',''),(914,45,'2019-07-02 12:06:23',8,8,'2019-08-21 04:59:55',''),(915,80,'2019-07-02 12:06:28',8,0,'0000-00-00 00:00:00',''),(916,56,'2019-07-02 16:01:53',0,0,'0000-00-00 00:00:00',''),(917,100,'2019-07-02 16:01:53',0,0,'0000-00-00 00:00:00',''),(918,138,'2019-07-02 16:01:54',0,0,'0000-00-00 00:00:00',''),(919,47,'2019-07-02 16:01:57',0,0,'0000-00-00 00:00:00',''),(920,46,'2019-07-02 16:01:59',0,0,'0000-00-00 00:00:00',''),(921,88,'2019-07-02 16:02:00',0,8,'2019-07-10 07:38:07',''),(922,524,'2017-03-22 19:00:00',8,8,'2017-05-22 19:00:00',''),(923,524,'2019-07-08 05:17:14',8,0,'0000-00-00 00:00:00',''),(924,106,'2019-07-10 06:27:18',8,0,'0000-00-00 00:00:00',''),(925,383,'2019-07-10 07:34:38',8,8,'2019-07-26 05:20:28',''),(926,433,'2019-07-10 08:39:20',8,0,'0000-00-00 00:00:00',''),(927,434,'2019-07-10 08:41:17',8,0,'0000-00-00 00:00:00',''),(928,475,'2019-07-10 08:53:55',8,0,'0000-00-00 00:00:00',''),(929,492,'2019-07-10 08:57:26',8,0,'0000-00-00 00:00:00',''),(930,397,'2019-07-10 16:01:54',0,0,'0000-00-00 00:00:00',''),(931,8,'2019-07-17 09:50:01',8,8,'2019-08-24 05:51:43',''),(932,18,'2019-07-17 09:52:21',8,8,'2019-08-24 05:52:16',''),(933,3,'2019-07-19 05:29:47',8,0,'0000-00-00 00:00:00',''),(934,525,'2017-12-30 19:00:00',8,8,'2018-11-30 19:00:00',''),(935,526,'2017-01-30 19:00:00',8,8,'2018-03-26 19:00:00',''),(936,526,'2019-07-23 08:36:09',8,0,'0000-00-00 00:00:00',''),(937,527,'2015-12-09 19:00:00',8,8,'2016-05-09 19:00:00',''),(938,527,'2019-08-17 09:32:46',8,0,'0000-00-00 00:00:00',''),(939,528,'2014-12-04 19:00:00',8,8,'2015-06-06 19:00:00',''),(940,528,'2019-08-17 09:33:33',8,0,'0000-00-00 00:00:00',''),(941,0,'2015-11-30 19:00:00',8,8,'2016-06-05 19:00:00',''),(942,0,'2015-06-05 19:00:00',8,8,'2017-07-06 19:00:00',''),(943,45,'2019-08-21 05:00:12',8,0,'0000-00-00 00:00:00',''),(944,1,'2019-08-24 05:42:13',8,0,'0000-00-00 00:00:00',''),(945,2,'2019-08-24 05:42:20',8,1,'2020-01-23 12:49:44',''),(946,8,'2019-08-24 05:51:49',8,0,'0000-00-00 00:00:00',''),(947,18,'2019-08-24 05:52:21',8,0,'0000-00-00 00:00:00',''),(948,5,'2019-08-24 05:52:51',8,0,'0000-00-00 00:00:00',''),(949,34,'2019-08-24 05:53:07',8,0,'0000-00-00 00:00:00',''),(950,27,'2019-08-24 06:37:02',8,8,'2019-09-12 04:49:39',''),(951,520,'2019-09-25 16:02:01',0,0,'0000-00-00 00:00:00',''),(952,88,'2019-10-08 16:02:02',0,1,'2019-10-19 04:36:48',''),(953,59,'2019-10-10 16:02:05',0,1,'2019-10-19 04:37:00',''),(954,24,'2019-10-10 16:02:05',0,1,'2019-10-19 04:37:26',''),(955,19,'2019-10-10 16:02:06',0,1,'2019-10-21 04:45:30',''),(956,11,'2019-10-10 16:02:06',0,1,'2019-10-19 12:11:34',''),(957,15,'2019-10-10 16:02:06',0,0,'0000-00-00 00:00:00',''),(958,79,'2019-10-15 16:01:57',0,1,'2019-10-24 09:30:11',''),(959,38,'2019-10-18 11:25:02',1,0,'0000-00-00 00:00:00',''),(960,38,'2019-10-18 11:27:30',1,0,'0000-00-00 00:00:00',''),(961,113,'2019-10-21 16:02:04',0,1,'2019-10-29 04:28:45',''),(962,86,'2019-10-21 16:02:04',0,1,'2019-10-29 04:28:49',''),(963,7,'2019-10-21 16:02:05',0,0,'0000-00-00 00:00:00',''),(964,383,'2019-10-24 16:06:27',0,0,'0000-00-00 00:00:00',''),(965,27,'2019-12-11 16:01:59',0,1,'2019-12-16 12:31:07',''),(966,88,'2020-01-17 16:02:04',0,1,'2020-01-20 05:30:51',''),(967,59,'2020-01-17 16:02:04',0,1,'2020-01-27 05:04:45',''),(968,24,'2020-01-17 16:02:04',0,0,'0000-00-00 00:00:00',''),(969,11,'2020-01-17 16:02:05',0,0,'0000-00-00 00:00:00',''),(970,19,'2020-01-19 16:02:03',0,0,'0000-00-00 00:00:00',''),(971,79,'2020-01-22 16:02:01',0,1,'2020-02-06 05:26:51',''),(972,113,'2020-01-27 16:03:59',0,1,'2020-01-29 11:51:40',''),(973,86,'2020-01-27 16:03:59',0,1,'2020-01-29 11:51:37',''),(974,529,'2017-06-01 19:00:00',1,1,'2018-12-05 19:00:00',''),(975,529,'2020-02-22 05:56:07',1,0,'0000-00-00 00:00:00',''),(976,27,'2020-03-15 16:02:12',0,1,'2020-03-17 06:50:39',''),(977,25,'2020-04-19 16:06:28',0,1,'2020-04-29 05:37:28',''),(978,88,'2020-04-19 16:06:30',0,0,'0000-00-00 00:00:00',''),(979,2,'2020-04-22 16:06:46',0,0,'0000-00-00 00:00:00',''),(980,59,'2020-04-26 16:06:09',0,1,'2020-04-29 05:37:43',''),(981,113,'2020-04-28 16:06:49',0,1,'2020-04-29 05:38:24',''),(982,86,'2020-04-28 16:06:51',0,1,'2020-04-29 05:38:20',''),(983,79,'2020-05-06 16:06:27',0,0,'0000-00-00 00:00:00',''),(984,36,'2020-06-14 16:08:01',0,1,'2020-06-15 08:05:55',''),(985,27,'2020-06-15 16:08:09',0,1,'2020-06-16 04:50:07',''),(986,25,'2020-07-28 16:08:18',0,1,'2020-07-29 04:44:54',''),(987,59,'2020-07-28 16:08:20',0,1,'2020-08-12 04:25:36',''),(988,113,'2020-07-28 16:08:23',0,1,'2020-08-05 07:10:38',''),(989,86,'2020-07-28 16:08:25',0,1,'2020-08-05 07:10:44',''),(990,530,'2020-08-05 19:00:00',1,1,'2020-08-05 19:00:00',''),(991,530,'2020-08-06 06:09:26',1,1,'2020-08-06 07:01:07',''),(992,36,'2020-09-22 16:10:25',0,1,'2020-09-23 05:43:39',''),(993,27,'2020-09-22 16:10:26',0,1,'2020-09-24 06:08:44',''),(994,531,'2020-07-23 19:00:00',1,1,'2020-09-23 19:00:00',''),(996,4,'2020-10-19 07:07:06',0,1,'2020-10-27 05:54:17',''),(997,135,'2020-10-19 07:07:07',0,0,'0000-00-00 00:00:00',''),(998,73,'2020-10-19 07:07:09',0,0,'0000-00-00 00:00:00',''),(999,130,'2020-10-19 07:07:10',0,0,'0000-00-00 00:00:00',''),(1000,119,'2020-10-19 07:07:12',0,0,'0000-00-00 00:00:00',''),(1001,76,'2020-10-19 07:07:13',0,0,'0000-00-00 00:00:00',''),(1002,116,'2020-10-19 07:07:15',0,0,'0000-00-00 00:00:00',''),(1003,90,'2020-10-19 07:07:16',0,0,'0000-00-00 00:00:00',''),(1004,158,'2020-10-19 07:07:17',0,1,'2020-11-13 06:09:17',''),(1005,114,'2020-10-19 07:07:20',0,0,'0000-00-00 00:00:00',''),(1006,87,'2020-10-19 07:07:23',0,0,'0000-00-00 00:00:00',''),(1007,109,'2020-10-19 07:07:26',0,0,'0000-00-00 00:00:00',''),(1008,12,'2020-10-19 07:07:29',0,1,'2020-10-19 07:31:26',''),(1009,141,'2020-10-19 07:07:30',0,0,'0000-00-00 00:00:00',''),(1010,21,'2020-10-19 07:07:33',0,0,'0000-00-00 00:00:00',''),(1011,48,'2020-10-19 07:07:34',0,0,'0000-00-00 00:00:00',''),(1012,99,'2020-10-19 07:07:36',0,0,'0000-00-00 00:00:00',''),(1013,523,'2020-10-19 07:07:37',0,0,'0000-00-00 00:00:00',''),(1014,53,'2020-10-19 07:07:38',0,0,'0000-00-00 00:00:00',''),(1015,68,'2020-10-19 07:07:40',0,0,'0000-00-00 00:00:00',''),(1016,71,'2020-10-19 07:07:41',0,0,'0000-00-00 00:00:00',''),(1017,105,'2020-10-19 07:07:43',0,0,'0000-00-00 00:00:00',''),(1018,140,'2020-10-19 07:07:44',0,0,'0000-00-00 00:00:00',''),(1019,54,'2020-10-19 07:07:47',0,1,'2020-10-27 06:04:09',''),(1020,33,'2020-10-19 07:07:50',0,0,'0000-00-00 00:00:00',''),(1021,95,'2020-10-19 07:07:51',0,0,'0000-00-00 00:00:00',''),(1022,40,'2020-10-19 07:07:54',0,0,'0000-00-00 00:00:00',''),(1023,77,'2020-10-19 07:07:55',0,0,'0000-00-00 00:00:00',''),(1024,64,'2020-10-19 07:07:59',0,1,'2020-10-28 04:54:27',''),(1025,58,'2020-10-19 07:08:03',0,1,'2020-10-20 08:40:15',''),(1026,521,'2020-10-19 07:08:05',0,0,'0000-00-00 00:00:00',''),(1027,37,'2020-10-19 07:08:09',0,0,'0000-00-00 00:00:00',''),(1028,22,'2020-10-19 07:08:10',0,0,'0000-00-00 00:00:00',''),(1029,49,'2020-10-19 07:08:13',0,0,'0000-00-00 00:00:00',''),(1030,103,'2020-10-19 07:08:14',0,0,'0000-00-00 00:00:00',''),(1031,30,'2020-10-19 07:08:19',0,1,'2020-11-03 04:48:07',''),(1032,81,'2020-10-19 07:08:25',0,0,'0000-00-00 00:00:00',''),(1033,85,'2020-10-19 07:08:26',0,0,'0000-00-00 00:00:00',''),(1034,84,'2020-10-19 07:08:27',0,0,'0000-00-00 00:00:00',''),(1035,91,'2020-10-19 07:08:30',0,1,'2020-11-10 07:58:22',''),(1036,28,'2020-10-19 07:08:31',0,0,'0000-00-00 00:00:00',''),(1037,55,'2020-10-19 07:08:33',0,0,'0000-00-00 00:00:00',''),(1038,94,'2020-10-19 07:08:34',0,0,'0000-00-00 00:00:00',''),(1039,62,'2020-10-19 07:08:37',0,0,'0000-00-00 00:00:00',''),(1040,60,'2020-10-19 07:08:38',0,0,'0000-00-00 00:00:00',''),(1041,93,'2020-10-19 07:08:40',0,0,'0000-00-00 00:00:00',''),(1042,17,'2020-10-19 07:08:42',0,0,'0000-00-00 00:00:00',''),(1043,35,'2020-10-19 07:08:44',0,0,'0000-00-00 00:00:00',''),(1044,96,'2020-10-19 07:08:46',0,1,'2020-10-22 07:27:04',''),(1045,110,'2020-10-19 07:08:48',0,0,'0000-00-00 00:00:00',''),(1046,102,'2020-10-19 07:08:49',0,0,'0000-00-00 00:00:00',''),(1047,6,'2020-10-19 07:08:56',0,1,'2020-11-03 04:42:41',''),(1048,29,'2020-10-19 07:08:58',0,0,'0000-00-00 00:00:00',''),(1049,519,'2020-10-19 07:09:00',0,0,'0000-00-00 00:00:00',''),(1050,98,'2020-10-19 07:09:01',0,0,'0000-00-00 00:00:00',''),(1051,63,'2020-10-19 07:09:03',0,0,'0000-00-00 00:00:00',''),(1052,111,'2020-10-19 07:09:04',0,0,'0000-00-00 00:00:00',''),(1053,75,'2020-10-19 07:09:05',0,0,'0000-00-00 00:00:00',''),(1054,132,'2020-10-19 07:09:08',0,0,'0000-00-00 00:00:00',''),(1055,97,'2020-10-19 07:09:09',0,1,'2020-10-27 06:02:57',''),(1056,67,'2020-10-19 07:09:10',0,0,'0000-00-00 00:00:00',''),(1057,44,'2020-10-19 07:09:15',0,1,'2020-10-20 05:07:24',''),(1058,39,'2020-10-19 07:09:16',0,0,'0000-00-00 00:00:00',''),(1059,104,'2020-10-19 07:09:19',0,0,'0000-00-00 00:00:00',''),(1060,115,'2020-10-19 07:09:21',0,0,'0000-00-00 00:00:00',''),(1061,89,'2020-10-19 07:09:24',0,0,'0000-00-00 00:00:00',''),(1062,108,'2020-10-19 07:09:27',0,1,'2020-10-29 07:56:50',''),(1063,117,'2020-10-19 07:09:28',0,0,'0000-00-00 00:00:00',''),(1064,50,'2020-10-19 07:09:32',0,0,'0000-00-00 00:00:00',''),(1065,112,'2020-10-19 07:09:35',0,0,'0000-00-00 00:00:00',''),(1066,61,'2020-10-19 07:09:36',0,0,'0000-00-00 00:00:00',''),(1067,57,'2020-10-19 07:09:38',0,1,'2020-10-27 05:58:53',''),(1068,66,'2020-10-19 07:09:39',0,0,'0000-00-00 00:00:00',''),(1069,65,'2020-10-19 07:09:40',0,1,'2020-10-19 08:34:24',''),(1070,82,'2020-10-19 07:09:43',0,0,'0000-00-00 00:00:00',''),(1071,20,'2020-10-19 07:09:47',0,0,'0000-00-00 00:00:00',''),(1072,70,'2020-10-19 07:09:50',0,0,'0000-00-00 00:00:00',''),(1073,51,'2020-10-19 07:09:51',0,0,'0000-00-00 00:00:00',''),(1074,92,'2020-10-19 07:09:54',0,1,'2020-11-03 05:58:36',''),(1075,41,'2020-10-19 07:09:56',0,1,'2020-10-19 09:30:31',''),(1076,69,'2020-10-19 07:09:59',0,0,'0000-00-00 00:00:00',''),(1077,134,'2020-10-19 07:10:03',0,0,'0000-00-00 00:00:00',''),(1078,522,'2020-10-19 07:10:04',0,0,'0000-00-00 00:00:00',''),(1079,83,'2020-10-19 07:10:05',0,0,'0000-00-00 00:00:00',''),(1080,118,'2020-10-19 07:10:07',0,1,'2020-10-28 06:16:19',''),(1081,136,'2020-10-19 07:10:08',0,0,'0000-00-00 00:00:00',''),(1082,31,'2020-10-19 07:10:12',0,1,'2020-11-02 08:56:43',''),(1083,78,'2020-10-19 07:10:16',0,0,'0000-00-00 00:00:00',''),(1084,32,'2020-10-19 07:10:18',0,0,'0000-00-00 00:00:00',''),(1085,80,'2020-10-19 07:10:19',0,0,'0000-00-00 00:00:00',''),(1086,56,'2020-10-19 07:10:20',0,0,'0000-00-00 00:00:00',''),(1087,100,'2020-10-19 07:10:21',0,0,'0000-00-00 00:00:00',''),(1088,138,'2020-10-19 07:10:23',0,1,'2020-11-03 07:07:34',''),(1089,47,'2020-10-19 07:10:27',0,0,'0000-00-00 00:00:00',''),(1090,46,'2020-10-19 07:10:29',0,1,'2020-11-03 07:01:59',''),(1091,524,'2020-10-19 07:10:31',0,0,'0000-00-00 00:00:00',''),(1092,106,'2020-10-19 07:10:32',0,0,'0000-00-00 00:00:00',''),(1093,433,'2020-10-19 07:10:33',0,0,'0000-00-00 00:00:00',''),(1094,434,'2020-10-19 07:10:35',0,0,'0000-00-00 00:00:00',''),(1095,475,'2020-10-19 07:10:36',0,0,'0000-00-00 00:00:00',''),(1096,492,'2020-10-19 07:10:38',0,0,'0000-00-00 00:00:00',''),(1097,397,'2020-10-19 07:10:39',0,0,'0000-00-00 00:00:00',''),(1098,3,'2020-10-19 07:10:40',0,0,'0000-00-00 00:00:00',''),(1099,526,'2020-10-19 07:10:43',0,0,'0000-00-00 00:00:00',''),(1100,527,'2020-10-19 07:10:44',0,0,'0000-00-00 00:00:00',''),(1101,528,'2020-10-19 07:10:46',0,0,'0000-00-00 00:00:00',''),(1102,45,'2020-10-19 07:10:48',0,1,'2020-10-27 06:01:54',''),(1103,1,'2020-10-19 07:10:51',0,1,'2020-11-03 06:12:37',''),(1104,8,'2020-10-19 07:10:52',0,1,'2020-11-03 04:44:08',''),(1105,18,'2020-10-19 07:10:53',0,0,'0000-00-00 00:00:00',''),(1106,5,'2020-10-19 07:10:55',0,0,'0000-00-00 00:00:00',''),(1107,34,'2020-10-19 07:10:58',0,0,'0000-00-00 00:00:00',''),(1108,520,'2020-10-19 07:11:00',0,0,'0000-00-00 00:00:00',''),(1109,15,'2020-10-19 07:11:01',0,1,'2020-10-28 04:54:10',''),(1110,38,'2020-10-19 07:11:05',0,0,'0000-00-00 00:00:00',''),(1111,7,'2020-10-19 07:11:09',0,1,'2020-10-20 05:08:08',''),(1112,383,'2020-10-19 07:11:11',0,1,'2020-12-28 08:57:41',''),(1113,24,'2020-10-19 07:11:13',0,0,'0000-00-00 00:00:00',''),(1114,11,'2020-10-19 07:11:15',0,1,'2020-10-19 07:30:34',''),(1115,19,'2020-10-19 07:11:16',0,1,'2020-10-20 05:07:39',''),(1116,529,'2020-10-19 07:11:17',0,0,'0000-00-00 00:00:00',''),(1117,88,'2020-10-19 07:11:18',0,0,'0000-00-00 00:00:00',''),(1118,2,'2020-10-19 07:11:20',0,0,'0000-00-00 00:00:00',''),(1119,79,'2020-10-19 07:11:21',0,1,'2020-11-02 08:34:56',''),(1120,25,'2020-10-27 16:06:24',0,0,'0000-00-00 00:00:00',''),(1121,113,'2020-11-03 16:06:12',0,1,'2020-11-05 06:12:50',''),(1122,86,'2020-11-03 16:06:14',0,1,'2020-11-05 06:12:48',''),(1123,530,'2020-11-05 16:06:19',0,1,'2020-11-07 06:34:40',''),(1124,59,'2020-11-10 16:06:18',0,1,'2020-11-11 05:12:42',''),(1125,36,'2020-12-22 16:06:32',0,1,'2020-12-23 06:39:05',''),(1126,27,'2020-12-23 16:06:30',0,1,'2021-01-07 08:35:56',''),(1127,531,'2020-12-23 16:06:32',0,0,'0000-00-00 00:00:00',''),(1128,135,'2021-01-18 16:06:40',0,1,'2021-02-09 05:09:23',''),(1129,73,'2021-01-18 16:06:41',0,0,'0000-00-00 00:00:00',''),(1130,130,'2021-01-18 16:06:43',0,1,'2021-01-19 05:28:33',''),(1131,119,'2021-01-18 16:06:44',0,0,'0000-00-00 00:00:00',''),(1132,76,'2021-01-18 16:06:46',0,0,'0000-00-00 00:00:00',''),(1133,116,'2021-01-18 16:06:47',0,0,'0000-00-00 00:00:00',''),(1134,90,'2021-01-18 16:06:48',0,0,'0000-00-00 00:00:00',''),(1135,114,'2021-01-18 16:06:51',0,0,'0000-00-00 00:00:00',''),(1136,87,'2021-01-18 16:06:54',0,0,'0000-00-00 00:00:00',''),(1137,109,'2021-01-18 16:06:56',0,0,'0000-00-00 00:00:00',''),(1138,12,'2021-01-18 16:06:59',0,0,'0000-00-00 00:00:00',''),(1139,141,'2021-01-18 16:07:01',0,0,'0000-00-00 00:00:00',''),(1140,21,'2021-01-18 16:07:03',0,0,'0000-00-00 00:00:00',''),(1141,48,'2021-01-18 16:07:05',0,0,'0000-00-00 00:00:00',''),(1142,99,'2021-01-18 16:07:06',0,0,'0000-00-00 00:00:00',''),(1143,523,'2021-01-18 16:07:08',0,0,'0000-00-00 00:00:00',''),(1144,53,'2021-01-18 16:07:09',0,0,'0000-00-00 00:00:00',''),(1145,68,'2021-01-18 16:07:10',0,0,'0000-00-00 00:00:00',''),(1146,71,'2021-01-18 16:07:12',0,0,'0000-00-00 00:00:00',''),(1147,105,'2021-01-18 16:07:13',0,0,'0000-00-00 00:00:00',''),(1148,140,'2021-01-18 16:07:14',0,0,'0000-00-00 00:00:00',''),(1149,33,'2021-01-18 16:07:17',0,0,'0000-00-00 00:00:00',''),(1150,95,'2021-01-18 16:07:19',0,0,'0000-00-00 00:00:00',''),(1151,40,'2021-01-18 16:07:21',0,0,'0000-00-00 00:00:00',''),(1152,77,'2021-01-18 16:07:23',0,0,'0000-00-00 00:00:00',''),(1153,58,'2021-01-18 16:07:27',0,0,'0000-00-00 00:00:00',''),(1154,521,'2021-01-18 16:07:28',0,0,'0000-00-00 00:00:00',''),(1155,37,'2021-01-18 16:07:32',0,0,'0000-00-00 00:00:00',''),(1156,22,'2021-01-18 16:07:33',0,1,'2021-01-19 05:28:02',''),(1157,49,'2021-01-18 16:07:36',0,0,'0000-00-00 00:00:00',''),(1158,103,'2021-01-18 16:07:38',0,0,'0000-00-00 00:00:00',''),(1159,81,'2021-01-18 16:07:43',0,0,'0000-00-00 00:00:00',''),(1160,85,'2021-01-18 16:07:44',0,0,'0000-00-00 00:00:00',''),(1161,84,'2021-01-18 16:07:46',0,0,'0000-00-00 00:00:00',''),(1162,28,'2021-01-18 16:07:47',0,0,'0000-00-00 00:00:00',''),(1163,55,'2021-01-18 16:07:49',0,0,'0000-00-00 00:00:00',''),(1164,94,'2021-01-18 16:07:50',0,0,'0000-00-00 00:00:00',''),(1165,62,'2021-01-18 16:07:53',0,0,'0000-00-00 00:00:00',''),(1166,60,'2021-01-18 16:07:54',0,0,'0000-00-00 00:00:00',''),(1167,93,'2021-01-18 16:07:56',0,0,'0000-00-00 00:00:00',''),(1168,17,'2021-01-18 16:07:58',0,0,'0000-00-00 00:00:00',''),(1169,35,'2021-01-18 16:08:00',0,0,'0000-00-00 00:00:00',''),(1170,110,'2021-01-18 16:08:01',0,0,'0000-00-00 00:00:00',''),(1171,102,'2021-01-18 16:08:02',0,0,'0000-00-00 00:00:00',''),(1172,29,'2021-01-18 16:08:05',0,0,'0000-00-00 00:00:00',''),(1173,519,'2021-01-18 16:08:06',0,0,'0000-00-00 00:00:00',''),(1174,98,'2021-01-18 16:08:07',0,0,'0000-00-00 00:00:00',''),(1175,63,'2021-01-18 16:08:09',0,0,'0000-00-00 00:00:00',''),(1176,111,'2021-01-18 16:08:10',0,0,'0000-00-00 00:00:00',''),(1177,75,'2021-01-18 16:08:12',0,0,'0000-00-00 00:00:00',''),(1178,132,'2021-01-18 16:08:14',0,0,'0000-00-00 00:00:00',''),(1179,67,'2021-01-18 16:08:16',0,0,'0000-00-00 00:00:00',''),(1180,44,'2021-01-18 16:08:20',0,1,'2021-01-27 05:37:26',''),(1181,39,'2021-01-18 16:08:21',0,0,'0000-00-00 00:00:00',''),(1182,104,'2021-01-18 16:08:24',0,0,'0000-00-00 00:00:00',''),(1183,115,'2021-01-18 16:08:26',0,0,'0000-00-00 00:00:00',''),(1184,89,'2021-01-18 16:08:29',0,0,'0000-00-00 00:00:00',''),(1185,117,'2021-01-18 16:08:30',0,0,'0000-00-00 00:00:00',''),(1186,50,'2021-01-18 16:08:34',0,0,'0000-00-00 00:00:00',''),(1187,112,'2021-01-18 16:08:37',0,0,'0000-00-00 00:00:00',''),(1188,61,'2021-01-18 16:08:38',0,0,'0000-00-00 00:00:00',''),(1189,66,'2021-01-18 16:08:39',0,0,'0000-00-00 00:00:00',''),(1190,65,'2021-01-18 16:08:41',0,0,'0000-00-00 00:00:00',''),(1191,82,'2021-01-18 16:08:43',0,0,'0000-00-00 00:00:00',''),(1192,20,'2021-01-18 16:08:47',0,0,'0000-00-00 00:00:00',''),(1193,70,'2021-01-18 16:08:50',0,0,'0000-00-00 00:00:00',''),(1194,51,'2021-01-18 16:08:51',0,0,'0000-00-00 00:00:00',''),(1195,41,'2021-01-18 16:08:54',0,1,'2021-01-19 05:27:02',''),(1196,69,'2021-01-18 16:08:56',0,0,'0000-00-00 00:00:00',''),(1197,134,'2021-01-18 16:08:59',0,0,'0000-00-00 00:00:00',''),(1198,522,'2021-01-18 16:09:00',0,0,'0000-00-00 00:00:00',''),(1199,83,'2021-01-18 16:09:01',0,0,'0000-00-00 00:00:00',''),(1200,136,'2021-01-18 16:09:02',0,0,'0000-00-00 00:00:00',''),(1201,78,'2021-01-18 16:09:06',0,0,'0000-00-00 00:00:00',''),(1202,32,'2021-01-18 16:09:08',0,0,'0000-00-00 00:00:00',''),(1203,80,'2021-01-18 16:09:09',0,0,'0000-00-00 00:00:00',''),(1204,56,'2021-01-18 16:09:10',0,0,'0000-00-00 00:00:00',''),(1205,100,'2021-01-18 16:09:11',0,0,'0000-00-00 00:00:00',''),(1206,47,'2021-01-18 16:09:15',0,0,'0000-00-00 00:00:00',''),(1207,524,'2021-01-18 16:09:17',0,0,'0000-00-00 00:00:00',''),(1208,106,'2021-01-18 16:09:18',0,0,'0000-00-00 00:00:00',''),(1209,433,'2021-01-18 16:09:19',0,0,'0000-00-00 00:00:00',''),(1210,434,'2021-01-18 16:09:20',0,0,'0000-00-00 00:00:00',''),(1211,475,'2021-01-18 16:09:22',0,0,'0000-00-00 00:00:00',''),(1212,492,'2021-01-18 16:09:23',0,0,'0000-00-00 00:00:00',''),(1213,397,'2021-01-18 16:09:24',0,0,'0000-00-00 00:00:00',''),(1214,3,'2021-01-18 16:09:25',0,0,'0000-00-00 00:00:00',''),(1215,526,'2021-01-18 16:09:28',0,0,'0000-00-00 00:00:00',''),(1216,527,'2021-01-18 16:09:29',0,0,'0000-00-00 00:00:00',''),(1217,528,'2021-01-18 16:09:30',0,0,'0000-00-00 00:00:00',''),(1218,18,'2021-01-18 16:09:32',0,0,'0000-00-00 00:00:00',''),(1219,5,'2021-01-18 16:09:33',0,0,'0000-00-00 00:00:00',''),(1220,34,'2021-01-18 16:09:37',0,0,'0000-00-00 00:00:00',''),(1221,520,'2021-01-18 16:09:38',0,1,'2021-01-27 05:37:33',''),(1222,38,'2021-01-18 16:09:42',0,0,'0000-00-00 00:00:00',''),(1223,7,'2021-01-18 16:09:43',0,1,'2021-01-19 05:26:25',''),(1224,24,'2021-01-18 16:09:46',0,0,'0000-00-00 00:00:00',''),(1225,19,'2021-01-18 16:09:47',0,1,'2021-01-19 05:28:59',''),(1226,529,'2021-01-18 16:09:49',0,0,'0000-00-00 00:00:00',''),(1227,88,'2021-01-18 16:09:50',0,0,'0000-00-00 00:00:00',''),(1228,2,'2021-01-18 16:09:51',0,0,'0000-00-00 00:00:00',''),(1229,96,'2021-01-20 16:06:46',0,0,'0000-00-00 00:00:00',''),(1230,4,'2021-01-25 16:06:37',0,0,'0000-00-00 00:00:00',''),(1231,54,'2021-01-25 16:06:38',0,1,'2021-01-27 05:34:41',''),(1232,97,'2021-01-25 16:06:40',0,0,'0000-00-00 00:00:00',''),(1233,57,'2021-01-25 16:06:41',0,1,'2021-01-27 05:35:50',''),(1234,45,'2021-01-25 16:06:42',0,0,'0000-00-00 00:00:00',''),(1235,64,'2021-01-26 16:06:38',0,1,'2021-02-10 06:55:33',''),(1236,118,'2021-01-26 16:06:40',0,1,'2021-02-01 05:30:12',''),(1237,15,'2021-01-26 16:06:41',0,1,'2021-01-27 05:36:34',''),(1238,25,'2021-01-26 16:06:42',0,0,'0000-00-00 00:00:00',''),(1239,108,'2021-01-27 16:06:38',0,0,'0000-00-00 00:00:00',''),(1240,31,'2021-01-31 16:06:31',0,0,'0000-00-00 00:00:00',''),(1241,79,'2021-01-31 16:06:33',0,1,'2021-02-09 07:17:40',''),(1242,30,'2021-02-01 16:06:35',0,0,'0000-00-00 00:00:00',''),(1243,6,'2021-02-01 16:06:40',0,1,'2021-02-09 07:21:19',''),(1244,92,'2021-02-01 16:06:43',0,0,'0000-00-00 00:00:00',''),(1245,138,'2021-02-01 16:06:44',0,0,'0000-00-00 00:00:00',''),(1246,46,'2021-02-01 16:06:47',0,0,'0000-00-00 00:00:00',''),(1247,1,'2021-02-01 16:06:50',0,0,'0000-00-00 00:00:00',''),(1248,8,'2021-02-01 16:06:51',0,1,'2021-02-16 10:15:24',''),(1249,113,'2021-02-03 16:10:09',0,1,'2021-02-06 04:37:03',''),(1250,86,'2021-02-03 16:10:11',0,1,'2021-02-06 04:37:06',''),(1251,530,'2021-02-05 16:07:36',0,1,'2021-02-13 05:31:26',''),(1252,91,'2021-02-08 16:06:29',0,0,'0000-00-00 00:00:00',''),(1253,59,'2021-02-09 16:06:25',0,1,'2021-02-17 05:02:02',''),(1254,158,'2021-02-11 16:06:51',0,0,'0000-00-00 00:00:00',''),(1255,36,'2021-03-23 16:06:26',0,1,'2021-03-25 09:39:40',''),(1256,531,'2021-03-24 16:06:36',0,0,'0000-00-00 00:00:00',''),(1257,383,'2021-03-28 16:06:26',0,1,'2021-04-05 08:30:59',''),(1258,27,'2021-04-07 16:06:29',0,0,'0000-00-00 00:00:00',''),(1259,73,'2021-04-19 16:06:47',0,0,'0000-00-00 00:00:00',''),(1260,130,'2021-04-19 16:06:48',0,1,'2021-04-27 06:02:59',''),(1261,119,'2021-04-19 16:06:50',0,0,'0000-00-00 00:00:00',''),(1262,76,'2021-04-19 16:06:51',0,0,'0000-00-00 00:00:00',''),(1263,116,'2021-04-19 16:06:53',0,0,'0000-00-00 00:00:00',''),(1264,90,'2021-04-19 16:06:55',0,0,'0000-00-00 00:00:00',''),(1265,114,'2021-04-19 16:06:58',0,0,'0000-00-00 00:00:00',''),(1266,87,'2021-04-19 16:07:00',0,0,'0000-00-00 00:00:00',''),(1267,109,'2021-04-19 16:07:03',0,0,'0000-00-00 00:00:00',''),(1268,12,'2021-04-19 16:07:06',0,0,'0000-00-00 00:00:00',''),(1269,141,'2021-04-19 16:07:08',0,0,'0000-00-00 00:00:00',''),(1270,21,'2021-04-19 16:07:11',0,0,'0000-00-00 00:00:00',''),(1271,48,'2021-04-19 16:07:12',0,0,'0000-00-00 00:00:00',''),(1272,99,'2021-04-19 16:07:13',0,0,'0000-00-00 00:00:00',''),(1273,523,'2021-04-19 16:07:15',0,0,'0000-00-00 00:00:00',''),(1274,53,'2021-04-19 16:07:17',0,0,'0000-00-00 00:00:00',''),(1275,68,'2021-04-19 16:07:18',0,0,'0000-00-00 00:00:00',''),(1276,71,'2021-04-19 16:07:19',0,0,'0000-00-00 00:00:00',''),(1277,105,'2021-04-19 16:07:21',0,0,'0000-00-00 00:00:00',''),(1278,140,'2021-04-19 16:07:22',0,0,'0000-00-00 00:00:00',''),(1279,33,'2021-04-19 16:07:25',0,0,'0000-00-00 00:00:00',''),(1280,95,'2021-04-19 16:07:26',0,0,'0000-00-00 00:00:00',''),(1281,40,'2021-04-19 16:07:29',0,0,'0000-00-00 00:00:00',''),(1282,77,'2021-04-19 16:07:30',0,0,'0000-00-00 00:00:00',''),(1283,58,'2021-04-19 16:07:34',0,0,'0000-00-00 00:00:00',''),(1284,521,'2021-04-19 16:07:36',0,0,'0000-00-00 00:00:00',''),(1285,37,'2021-04-19 16:07:40',0,0,'0000-00-00 00:00:00',''),(1286,49,'2021-04-19 16:07:42',0,0,'0000-00-00 00:00:00',''),(1287,103,'2021-04-19 16:07:44',0,0,'0000-00-00 00:00:00',''),(1288,81,'2021-04-19 16:07:50',0,0,'0000-00-00 00:00:00',''),(1289,85,'2021-04-19 16:07:51',0,0,'0000-00-00 00:00:00',''),(1290,84,'2021-04-19 16:07:52',0,0,'0000-00-00 00:00:00',''),(1291,28,'2021-04-19 16:07:53',0,0,'0000-00-00 00:00:00',''),(1292,55,'2021-04-19 16:07:55',0,0,'0000-00-00 00:00:00',''),(1293,94,'2021-04-19 16:07:56',0,0,'0000-00-00 00:00:00',''),(1294,62,'2021-04-19 16:07:59',0,0,'0000-00-00 00:00:00',''),(1295,60,'2021-04-19 16:08:00',0,0,'0000-00-00 00:00:00',''),(1296,93,'2021-04-19 16:08:01',0,0,'0000-00-00 00:00:00',''),(1297,17,'2021-04-19 16:08:04',0,0,'0000-00-00 00:00:00',''),(1298,35,'2021-04-19 16:08:05',0,0,'0000-00-00 00:00:00',''),(1299,110,'2021-04-19 16:08:07',0,0,'0000-00-00 00:00:00',''),(1300,102,'2021-04-19 16:08:08',0,0,'0000-00-00 00:00:00',''),(1301,29,'2021-04-19 16:08:11',0,0,'0000-00-00 00:00:00',''),(1302,519,'2021-04-19 16:08:12',0,0,'0000-00-00 00:00:00',''),(1303,98,'2021-04-19 16:08:13',0,0,'0000-00-00 00:00:00',''),(1304,63,'2021-04-19 16:08:15',0,0,'0000-00-00 00:00:00',''),(1305,111,'2021-04-19 16:08:16',0,0,'0000-00-00 00:00:00',''),(1306,75,'2021-04-19 16:08:18',0,0,'0000-00-00 00:00:00',''),(1307,132,'2021-04-19 16:08:20',0,0,'0000-00-00 00:00:00',''),(1308,67,'2021-04-19 16:08:22',0,0,'0000-00-00 00:00:00',''),(1309,39,'2021-04-19 16:08:23',0,0,'0000-00-00 00:00:00',''),(1310,104,'2021-04-19 16:08:26',0,0,'0000-00-00 00:00:00',''),(1311,115,'2021-04-19 16:08:28',0,0,'0000-00-00 00:00:00',''),(1312,89,'2021-04-19 16:08:31',0,0,'0000-00-00 00:00:00',''),(1313,117,'2021-04-19 16:08:33',0,0,'0000-00-00 00:00:00',''),(1314,50,'2021-04-19 16:08:37',0,0,'0000-00-00 00:00:00',''),(1315,112,'2021-04-19 16:08:40',0,0,'0000-00-00 00:00:00',''),(1316,61,'2021-04-19 16:08:41',0,0,'0000-00-00 00:00:00',''),(1317,66,'2021-04-19 16:08:43',0,0,'0000-00-00 00:00:00',''),(1318,65,'2021-04-19 16:08:44',0,0,'0000-00-00 00:00:00',''),(1319,82,'2021-04-19 16:08:46',0,0,'0000-00-00 00:00:00',''),(1320,20,'2021-04-19 16:08:51',0,0,'0000-00-00 00:00:00',''),(1321,70,'2021-04-19 16:08:53',0,0,'0000-00-00 00:00:00',''),(1322,51,'2021-04-19 16:08:54',0,0,'0000-00-00 00:00:00',''),(1323,41,'2021-04-19 16:08:57',0,1,'2021-05-05 10:03:35',''),(1324,69,'2021-04-19 16:08:59',0,0,'0000-00-00 00:00:00',''),(1325,134,'2021-04-19 16:09:02',0,0,'0000-00-00 00:00:00',''),(1326,522,'2021-04-19 16:09:03',0,0,'0000-00-00 00:00:00',''),(1327,83,'2021-04-19 16:09:05',0,0,'0000-00-00 00:00:00',''),(1328,136,'2021-04-19 16:09:06',0,0,'0000-00-00 00:00:00',''),(1329,78,'2021-04-19 16:09:10',0,0,'0000-00-00 00:00:00',''),(1330,32,'2021-04-19 16:09:11',0,0,'0000-00-00 00:00:00',''),(1331,80,'2021-04-19 16:09:13',0,0,'0000-00-00 00:00:00',''),(1332,56,'2021-04-19 16:09:14',0,0,'0000-00-00 00:00:00',''),(1333,100,'2021-04-19 16:09:15',0,0,'0000-00-00 00:00:00',''),(1334,47,'2021-04-19 16:09:19',0,0,'0000-00-00 00:00:00',''),(1335,524,'2021-04-19 16:09:20',0,0,'0000-00-00 00:00:00',''),(1336,106,'2021-04-19 16:09:22',0,0,'0000-00-00 00:00:00',''),(1337,433,'2021-04-19 16:09:23',0,0,'0000-00-00 00:00:00',''),(1338,434,'2021-04-19 16:09:24',0,0,'0000-00-00 00:00:00',''),(1339,475,'2021-04-19 16:09:25',0,0,'0000-00-00 00:00:00',''),(1340,492,'2021-04-19 16:09:27',0,0,'0000-00-00 00:00:00',''),(1341,397,'2021-04-19 16:09:28',0,0,'0000-00-00 00:00:00',''),(1342,3,'2021-04-19 16:09:30',0,0,'0000-00-00 00:00:00',''),(1343,526,'2021-04-19 16:09:32',0,0,'0000-00-00 00:00:00',''),(1344,527,'2021-04-19 16:09:33',0,0,'0000-00-00 00:00:00',''),(1345,528,'2021-04-19 16:09:35',0,0,'0000-00-00 00:00:00',''),(1346,18,'2021-04-19 16:09:36',0,0,'0000-00-00 00:00:00',''),(1347,5,'2021-04-19 16:09:38',0,0,'0000-00-00 00:00:00',''),(1348,34,'2021-04-19 16:09:42',0,0,'0000-00-00 00:00:00',''),(1349,38,'2021-04-19 16:09:45',0,0,'0000-00-00 00:00:00',''),(1350,7,'2021-04-19 16:09:46',0,0,'0000-00-00 00:00:00',''),(1351,24,'2021-04-19 16:09:49',0,0,'0000-00-00 00:00:00',''),(1352,19,'2021-04-19 16:09:50',0,1,'2021-04-27 06:01:45',''),(1353,529,'2021-04-19 16:09:52',0,0,'0000-00-00 00:00:00',''),(1354,88,'2021-04-19 16:09:53',0,0,'0000-00-00 00:00:00',''),(1355,2,'2021-04-19 16:09:54',0,0,'0000-00-00 00:00:00',''),(1356,96,'2021-04-21 16:06:13',0,0,'0000-00-00 00:00:00',''),(1357,4,'2021-04-26 16:06:22',0,0,'0000-00-00 00:00:00',''),(1358,97,'2021-04-26 16:06:24',0,0,'0000-00-00 00:00:00',''),(1359,45,'2021-04-26 16:06:26',0,0,'0000-00-00 00:00:00',''),(1360,44,'2021-04-27 16:06:36',0,0,'0000-00-00 00:00:00',''),(1361,520,'2021-04-27 16:06:37',0,0,'0000-00-00 00:00:00',''),(1362,54,'2021-04-27 16:06:39',0,1,'2021-05-05 05:40:54',''),(1363,57,'2021-04-27 16:06:40',0,0,'0000-00-00 00:00:00',''),(1364,15,'2021-04-27 16:06:42',0,0,'0000-00-00 00:00:00',''),(1365,25,'2021-04-27 16:06:44',0,0,'0000-00-00 00:00:00',''),(1366,108,'2021-04-28 16:06:34',0,0,'0000-00-00 00:00:00',''),(1367,118,'2021-05-02 16:06:38',0,1,'2021-06-05 06:38:30',''),(1368,31,'2021-05-02 16:06:41',0,0,'0000-00-00 00:00:00',''),(1369,30,'2021-05-03 16:06:40',0,1,'2021-05-04 07:07:48',''),(1370,92,'2021-05-03 16:06:43',0,0,'0000-00-00 00:00:00',''),(1371,138,'2021-05-03 16:06:44',0,0,'0000-00-00 00:00:00',''),(1372,46,'2021-05-03 16:06:47',0,0,'0000-00-00 00:00:00',''),(1373,1,'2021-05-03 16:06:50',0,0,'0000-00-00 00:00:00',''),(1374,113,'2021-05-07 16:06:53',0,0,'0000-00-00 00:00:00',''),(1375,86,'2021-05-07 16:06:55',0,0,'0000-00-00 00:00:00',''),(1376,135,'2021-06-09 07:53:16',0,0,'0000-00-00 00:00:00',''),(1377,64,'2021-06-09 07:53:20',0,1,'2021-06-17 06:50:09',''),(1378,79,'2021-06-09 07:53:22',0,0,'0000-00-00 00:00:00',''),(1379,6,'2021-06-09 07:53:28',0,1,'2021-06-17 06:49:49',''),(1380,8,'2021-06-09 07:53:30',0,1,'2021-06-17 06:49:51',''),(1381,530,'2021-06-09 07:53:31',0,1,'2021-06-24 05:58:55',''),(1382,91,'2021-06-09 07:53:34',0,0,'0000-00-00 00:00:00',''),(1383,59,'2021-06-09 07:53:35',0,0,'0000-00-00 00:00:00',''),(1384,158,'2021-06-09 07:53:37',0,0,'0000-00-00 00:00:00',''),(1385,36,'2021-06-23 16:07:50',0,1,'2021-06-24 05:57:08',''),(1386,531,'2021-06-23 16:07:51',0,0,'0000-00-00 00:00:00',''),(1387,383,'2021-07-04 16:08:07',0,0,'0000-00-00 00:00:00',''),(1388,27,'2021-07-07 16:07:48',0,0,'0000-00-00 00:00:00',''),(1389,73,'2021-07-19 16:07:51',0,0,'0000-00-00 00:00:00',''),(1390,119,'2021-07-19 16:07:52',0,0,'0000-00-00 00:00:00',''),(1391,76,'2021-07-19 16:07:53',0,0,'0000-00-00 00:00:00',''),(1392,116,'2021-07-19 16:07:55',0,0,'0000-00-00 00:00:00',''),(1393,90,'2021-07-19 16:07:56',0,0,'0000-00-00 00:00:00',''),(1394,114,'2021-07-19 16:07:59',0,0,'0000-00-00 00:00:00',''),(1395,87,'2021-07-19 16:08:02',0,0,'0000-00-00 00:00:00',''),(1396,109,'2021-07-19 16:08:05',0,0,'0000-00-00 00:00:00',''),(1397,12,'2021-07-19 16:08:08',0,0,'0000-00-00 00:00:00',''),(1398,141,'2021-07-19 16:08:09',0,0,'0000-00-00 00:00:00',''),(1399,21,'2021-07-19 16:08:12',0,0,'0000-00-00 00:00:00',''),(1400,48,'2021-07-19 16:08:14',0,0,'0000-00-00 00:00:00',''),(1401,99,'2021-07-19 16:08:15',0,0,'0000-00-00 00:00:00',''),(1402,523,'2021-07-19 16:08:17',0,0,'0000-00-00 00:00:00',''),(1403,53,'2021-07-19 16:08:18',0,0,'0000-00-00 00:00:00',''),(1404,68,'2021-07-19 16:08:19',0,0,'0000-00-00 00:00:00',''),(1405,71,'2021-07-19 16:08:21',0,0,'0000-00-00 00:00:00',''),(1406,105,'2021-07-19 16:08:22',0,0,'0000-00-00 00:00:00',''),(1407,140,'2021-07-19 16:08:23',0,0,'0000-00-00 00:00:00',''),(1408,33,'2021-07-19 16:08:26',0,0,'0000-00-00 00:00:00',''),(1409,95,'2021-07-19 16:08:27',0,0,'0000-00-00 00:00:00',''),(1410,40,'2021-07-19 16:08:30',0,0,'0000-00-00 00:00:00',''),(1411,77,'2021-07-19 16:08:31',0,0,'0000-00-00 00:00:00',''),(1412,58,'2021-07-19 16:08:35',0,0,'0000-00-00 00:00:00',''),(1413,521,'2021-07-19 16:08:37',0,0,'0000-00-00 00:00:00',''),(1414,37,'2021-07-19 16:08:41',0,0,'0000-00-00 00:00:00',''),(1415,49,'2021-07-19 16:08:44',0,0,'0000-00-00 00:00:00',''),(1416,103,'2021-07-19 16:08:45',0,0,'0000-00-00 00:00:00',''),(1417,81,'2021-07-19 16:08:51',0,0,'0000-00-00 00:00:00',''),(1418,85,'2021-07-19 16:08:52',0,0,'0000-00-00 00:00:00',''),(1419,84,'2021-07-19 16:08:53',0,0,'0000-00-00 00:00:00',''),(1420,28,'2021-07-19 16:08:55',0,0,'0000-00-00 00:00:00',''),(1421,55,'2021-07-19 16:08:56',0,0,'0000-00-00 00:00:00',''),(1422,94,'2021-07-19 16:08:58',0,0,'0000-00-00 00:00:00',''),(1423,62,'2021-07-19 16:09:00',0,0,'0000-00-00 00:00:00',''),(1424,60,'2021-07-19 16:09:02',0,0,'0000-00-00 00:00:00',''),(1425,93,'2021-07-19 16:09:03',0,0,'0000-00-00 00:00:00',''),(1426,17,'2021-07-19 16:09:06',0,0,'0000-00-00 00:00:00',''),(1427,35,'2021-07-19 16:09:07',0,0,'0000-00-00 00:00:00',''),(1428,110,'2021-07-19 16:09:08',0,0,'0000-00-00 00:00:00',''),(1429,102,'2021-07-19 16:09:09',0,0,'0000-00-00 00:00:00',''),(1430,29,'2021-07-19 16:09:12',0,0,'0000-00-00 00:00:00',''),(1431,519,'2021-07-19 16:09:14',0,0,'0000-00-00 00:00:00',''),(1432,98,'2021-07-19 16:09:15',0,0,'0000-00-00 00:00:00',''),(1433,63,'2021-07-19 16:09:16',0,0,'0000-00-00 00:00:00',''),(1434,111,'2021-07-19 16:09:18',0,0,'0000-00-00 00:00:00',''),(1435,75,'2021-07-19 16:09:19',0,0,'0000-00-00 00:00:00',''),(1436,132,'2021-07-19 16:09:22',0,0,'0000-00-00 00:00:00',''),(1437,67,'2021-07-19 16:09:23',0,0,'0000-00-00 00:00:00',''),(1438,39,'2021-07-19 16:09:24',0,0,'0000-00-00 00:00:00',''),(1439,104,'2021-07-19 16:09:27',0,0,'0000-00-00 00:00:00',''),(1440,115,'2021-07-19 16:09:30',0,0,'0000-00-00 00:00:00',''),(1441,89,'2021-07-19 16:09:32',0,0,'0000-00-00 00:00:00',''),(1442,117,'2021-07-19 16:09:34',0,0,'0000-00-00 00:00:00',''),(1443,50,'2021-07-19 16:09:38',0,0,'0000-00-00 00:00:00',''),(1444,112,'2021-07-19 16:09:41',0,0,'0000-00-00 00:00:00',''),(1445,61,'2021-07-19 16:09:42',0,0,'0000-00-00 00:00:00',''),(1446,66,'2021-07-19 16:09:44',0,0,'0000-00-00 00:00:00',''),(1447,65,'2021-07-19 16:09:45',0,0,'0000-00-00 00:00:00',''),(1448,82,'2021-07-19 16:09:48',0,0,'0000-00-00 00:00:00',''),(1449,20,'2021-07-19 16:09:52',0,0,'0000-00-00 00:00:00',''),(1450,70,'2021-07-19 16:09:54',0,0,'0000-00-00 00:00:00',''),(1451,51,'2021-07-19 16:09:56',0,0,'0000-00-00 00:00:00',''),(1452,69,'2021-07-19 16:09:58',0,0,'0000-00-00 00:00:00',''),(1453,134,'2021-07-19 16:10:01',0,0,'0000-00-00 00:00:00',''),(1454,522,'2021-07-19 16:10:02',0,0,'0000-00-00 00:00:00',''),(1455,83,'2021-07-19 16:10:04',0,0,'0000-00-00 00:00:00',''),(1456,136,'2021-07-19 16:10:05',0,0,'0000-00-00 00:00:00',''),(1457,78,'2021-07-19 16:10:09',0,0,'0000-00-00 00:00:00',''),(1458,32,'2021-07-19 16:10:10',0,0,'0000-00-00 00:00:00',''),(1459,80,'2021-07-19 16:10:12',0,0,'0000-00-00 00:00:00',''),(1460,56,'2021-07-19 16:10:13',0,0,'0000-00-00 00:00:00',''),(1461,100,'2021-07-19 16:10:14',0,0,'0000-00-00 00:00:00',''),(1462,47,'2021-07-19 16:10:18',0,0,'0000-00-00 00:00:00',''),(1463,524,'2021-07-19 16:10:20',0,0,'0000-00-00 00:00:00',''),(1464,106,'2021-07-19 16:10:21',0,0,'0000-00-00 00:00:00',''),(1465,433,'2021-07-19 16:10:22',0,0,'0000-00-00 00:00:00',''),(1466,434,'2021-07-19 16:10:23',0,0,'0000-00-00 00:00:00',''),(1467,475,'2021-07-19 16:10:25',0,0,'0000-00-00 00:00:00',''),(1468,492,'2021-07-19 16:10:26',0,0,'0000-00-00 00:00:00',''),(1469,397,'2021-07-19 16:10:27',0,0,'0000-00-00 00:00:00',''),(1470,3,'2021-07-19 16:10:29',0,0,'0000-00-00 00:00:00',''),(1471,526,'2021-07-19 16:10:32',0,0,'0000-00-00 00:00:00',''),(1472,527,'2021-07-19 16:10:33',0,0,'0000-00-00 00:00:00',''),(1473,528,'2021-07-19 16:10:34',0,0,'0000-00-00 00:00:00',''),(1474,18,'2021-07-19 16:10:36',0,0,'0000-00-00 00:00:00',''),(1475,5,'2021-07-19 16:10:37',0,0,'0000-00-00 00:00:00',''),(1476,34,'2021-07-19 16:10:41',0,0,'0000-00-00 00:00:00',''),(1477,38,'2021-07-19 16:10:45',0,0,'0000-00-00 00:00:00',''),(1478,7,'2021-07-19 16:10:47',0,0,'0000-00-00 00:00:00',''),(1479,24,'2021-07-19 16:10:49',0,0,'0000-00-00 00:00:00',''),(1480,529,'2021-07-19 16:10:51',0,0,'0000-00-00 00:00:00',''),(1481,88,'2021-07-19 16:10:52',0,0,'0000-00-00 00:00:00',''),(1482,2,'2021-07-19 16:10:53',0,0,'0000-00-00 00:00:00',''),(1483,96,'2021-07-21 16:07:44',0,0,'0000-00-00 00:00:00',''),(1484,130,'2021-07-26 16:07:10',0,0,'0000-00-00 00:00:00',''),(1485,19,'2021-07-26 16:07:11',0,0,'0000-00-00 00:00:00',''),(1486,4,'2021-07-26 16:07:13',0,0,'0000-00-00 00:00:00',''),(1487,97,'2021-07-26 16:07:14',0,0,'0000-00-00 00:00:00',''),(1488,45,'2021-07-26 16:07:16',0,0,'0000-00-00 00:00:00',''),(1489,44,'2021-07-27 16:07:53',0,0,'0000-00-00 00:00:00',''),(1490,520,'2021-07-27 16:07:55',0,0,'0000-00-00 00:00:00',''),(1491,57,'2021-07-27 16:07:56',0,0,'0000-00-00 00:00:00',''),(1492,15,'2021-07-27 16:07:58',0,0,'0000-00-00 00:00:00',''),(1493,25,'2021-07-27 16:07:59',0,0,'0000-00-00 00:00:00',''),(1494,108,'2021-07-28 16:07:51',0,0,'0000-00-00 00:00:00',''),(1495,31,'2021-08-01 16:07:55',0,0,'0000-00-00 00:00:00',''),(1496,30,'2021-08-02 16:07:57',0,0,'0000-00-00 00:00:00',''),(1497,92,'2021-08-02 16:08:00',0,0,'0000-00-00 00:00:00',''),(1498,138,'2021-08-02 16:08:02',0,0,'0000-00-00 00:00:00',''),(1499,46,'2021-08-02 16:08:05',0,0,'0000-00-00 00:00:00',''),(1500,1,'2021-08-02 16:08:08',0,0,'0000-00-00 00:00:00',''),(1501,41,'2021-08-03 16:07:57',0,0,'0000-00-00 00:00:00',''),(1502,54,'2021-08-03 16:07:58',0,0,'0000-00-00 00:00:00',''),(1503,113,'2021-08-06 16:07:53',0,0,'0000-00-00 00:00:00',''),(1504,86,'2021-08-06 16:07:54',0,0,'0000-00-00 00:00:00',''),(1505,118,'2021-09-03 16:08:12',0,0,'0000-00-00 00:00:00',''),(1506,135,'2021-09-08 16:08:14',0,0,'0000-00-00 00:00:00',''),(1507,79,'2021-09-08 16:08:16',0,0,'0000-00-00 00:00:00',''),(1508,91,'2021-09-08 16:08:19',0,0,'0000-00-00 00:00:00',''),(1509,59,'2021-09-08 16:08:20',0,0,'0000-00-00 00:00:00',''),(1510,158,'2021-09-08 16:08:22',0,0,'0000-00-00 00:00:00',''),(1511,64,'2021-09-15 16:08:14',0,0,'0000-00-00 00:00:00',''),(1512,6,'2021-09-15 16:08:20',0,0,'0000-00-00 00:00:00',''),(1513,8,'2021-09-15 16:08:21',0,0,'0000-00-00 00:00:00',''),(1514,530,'2021-09-22 16:08:06',0,0,'0000-00-00 00:00:00',''),(1515,36,'2021-09-22 16:08:08',0,0,'0000-00-00 00:00:00',''),(1516,531,'2021-09-22 16:08:09',0,0,'0000-00-00 00:00:00',''),(1517,383,'2021-10-03 16:08:13',0,0,'0000-00-00 00:00:00',''),(1518,27,'2021-10-06 16:08:37',0,0,'0000-00-00 00:00:00',''),(1519,73,'2021-10-18 16:08:47',0,0,'0000-00-00 00:00:00',''),(1520,119,'2021-10-18 16:08:48',0,0,'0000-00-00 00:00:00',''),(1521,76,'2021-10-18 16:08:49',0,0,'0000-00-00 00:00:00',''),(1522,116,'2021-10-18 16:08:51',0,0,'0000-00-00 00:00:00',''),(1523,90,'2021-10-18 16:08:52',0,0,'0000-00-00 00:00:00',''),(1524,114,'2021-10-18 16:08:55',0,0,'0000-00-00 00:00:00',''),(1525,87,'2021-10-18 16:08:58',0,0,'0000-00-00 00:00:00',''),(1526,109,'2021-10-18 16:09:01',0,0,'0000-00-00 00:00:00',''),(1527,12,'2021-10-18 16:09:04',0,0,'0000-00-00 00:00:00',''),(1528,141,'2021-10-18 16:09:05',0,0,'0000-00-00 00:00:00',''),(1529,21,'2021-10-18 16:09:08',0,0,'0000-00-00 00:00:00',''),(1530,48,'2021-10-18 16:09:09',0,0,'0000-00-00 00:00:00',''),(1531,99,'2021-10-18 16:09:10',0,0,'0000-00-00 00:00:00',''),(1532,523,'2021-10-18 16:09:12',0,0,'0000-00-00 00:00:00',''),(1533,53,'2021-10-18 16:09:13',0,0,'0000-00-00 00:00:00',''),(1534,68,'2021-10-18 16:09:14',0,0,'0000-00-00 00:00:00',''),(1535,71,'2021-10-18 16:09:16',0,0,'0000-00-00 00:00:00',''),(1536,105,'2021-10-18 16:09:17',0,0,'0000-00-00 00:00:00',''),(1537,140,'2021-10-18 16:09:19',0,0,'0000-00-00 00:00:00',''),(1538,33,'2021-10-18 16:09:21',0,0,'0000-00-00 00:00:00',''),(1539,95,'2021-10-18 16:09:23',0,0,'0000-00-00 00:00:00',''),(1540,40,'2021-10-18 16:09:26',0,0,'0000-00-00 00:00:00',''),(1541,77,'2021-10-18 16:09:27',0,0,'0000-00-00 00:00:00',''),(1542,58,'2021-10-18 16:09:31',0,0,'0000-00-00 00:00:00',''),(1543,521,'2021-10-18 16:09:32',0,0,'0000-00-00 00:00:00',''),(1544,37,'2021-10-18 16:09:37',0,0,'0000-00-00 00:00:00',''),(1545,49,'2021-10-18 16:09:39',0,0,'0000-00-00 00:00:00',''),(1546,103,'2021-10-18 16:09:41',0,0,'0000-00-00 00:00:00',''),(1547,81,'2021-10-18 16:09:46',0,0,'0000-00-00 00:00:00',''),(1548,85,'2021-10-18 16:09:47',0,0,'0000-00-00 00:00:00',''),(1549,84,'2021-10-18 16:09:49',0,0,'0000-00-00 00:00:00',''),(1550,28,'2021-10-18 16:09:50',0,0,'0000-00-00 00:00:00',''),(1551,55,'2021-10-18 16:09:51',0,0,'0000-00-00 00:00:00',''),(1552,94,'2021-10-18 16:09:53',0,0,'0000-00-00 00:00:00',''),(1553,62,'2021-10-18 16:09:56',0,0,'0000-00-00 00:00:00',''),(1554,60,'2021-10-18 16:09:57',0,0,'0000-00-00 00:00:00',''),(1555,93,'2021-10-18 16:09:58',0,0,'0000-00-00 00:00:00',''),(1556,17,'2021-10-18 16:10:01',0,0,'0000-00-00 00:00:00',''),(1557,35,'2021-10-18 16:10:02',0,0,'0000-00-00 00:00:00',''),(1558,110,'2021-10-18 16:10:04',0,0,'0000-00-00 00:00:00',''),(1559,102,'2021-10-18 16:10:05',0,0,'0000-00-00 00:00:00',''),(1560,29,'2021-10-18 16:10:09',0,0,'0000-00-00 00:00:00',''),(1561,519,'2021-10-18 16:10:10',0,0,'0000-00-00 00:00:00',''),(1562,98,'2021-10-18 16:10:11',0,0,'0000-00-00 00:00:00',''),(1563,63,'2021-10-18 16:10:13',0,0,'0000-00-00 00:00:00',''),(1564,111,'2021-10-18 16:10:14',0,0,'0000-00-00 00:00:00',''),(1565,75,'2021-10-18 16:10:16',0,0,'0000-00-00 00:00:00',''),(1566,132,'2021-10-18 16:10:18',0,0,'0000-00-00 00:00:00',''),(1567,67,'2021-10-18 16:10:19',0,0,'0000-00-00 00:00:00',''),(1568,39,'2021-10-18 16:10:21',0,0,'0000-00-00 00:00:00',''),(1569,104,'2021-10-18 16:10:24',0,0,'0000-00-00 00:00:00',''),(1570,115,'2021-10-18 16:10:26',0,0,'0000-00-00 00:00:00',''),(1571,89,'2021-10-18 16:10:29',0,0,'0000-00-00 00:00:00',''),(1572,117,'2021-10-18 16:10:30',0,0,'0000-00-00 00:00:00',''),(1573,50,'2021-10-18 16:10:34',0,0,'0000-00-00 00:00:00',''),(1574,112,'2021-10-18 16:10:37',0,0,'0000-00-00 00:00:00',''),(1575,61,'2021-10-18 16:10:38',0,0,'0000-00-00 00:00:00',''),(1576,66,'2021-10-18 16:10:39',0,0,'0000-00-00 00:00:00',''),(1577,65,'2021-10-18 16:10:41',0,0,'0000-00-00 00:00:00',''),(1578,82,'2021-10-18 16:10:44',0,0,'0000-00-00 00:00:00',''),(1579,20,'2021-10-18 16:10:48',0,0,'0000-00-00 00:00:00',''),(1580,70,'2021-10-18 16:10:51',0,0,'0000-00-00 00:00:00',''),(1581,51,'2021-10-18 16:10:52',0,0,'0000-00-00 00:00:00',''),(1582,69,'2021-10-18 16:10:55',0,0,'0000-00-00 00:00:00',''),(1583,134,'2021-10-18 16:10:57',0,0,'0000-00-00 00:00:00',''),(1584,522,'2021-10-18 16:10:59',0,0,'0000-00-00 00:00:00',''),(1585,83,'2021-10-18 16:11:00',0,0,'0000-00-00 00:00:00',''),(1586,136,'2021-10-18 16:11:01',0,0,'0000-00-00 00:00:00',''),(1587,78,'2021-10-18 16:11:05',0,0,'0000-00-00 00:00:00',''),(1588,32,'2021-10-18 16:11:07',0,0,'0000-00-00 00:00:00',''),(1589,80,'2021-10-18 16:11:08',0,0,'0000-00-00 00:00:00',''),(1590,56,'2021-10-18 16:11:10',0,0,'0000-00-00 00:00:00',''),(1591,100,'2021-10-18 16:11:11',0,0,'0000-00-00 00:00:00',''),(1592,47,'2021-10-18 16:11:15',0,0,'0000-00-00 00:00:00',''),(1593,524,'2021-10-18 16:11:16',0,0,'0000-00-00 00:00:00',''),(1594,106,'2021-10-18 16:11:18',0,0,'0000-00-00 00:00:00',''),(1595,433,'2021-10-18 16:11:19',0,0,'0000-00-00 00:00:00',''),(1596,434,'2021-10-18 16:11:20',0,0,'0000-00-00 00:00:00',''),(1597,475,'2021-10-18 16:11:22',0,0,'0000-00-00 00:00:00',''),(1598,492,'2021-10-18 16:11:23',0,0,'0000-00-00 00:00:00',''),(1599,397,'2021-10-18 16:11:24',0,0,'0000-00-00 00:00:00',''),(1600,3,'2021-10-18 16:11:26',0,0,'0000-00-00 00:00:00',''),(1601,526,'2021-10-18 16:11:29',0,0,'0000-00-00 00:00:00',''),(1602,527,'2021-10-18 16:11:30',0,0,'0000-00-00 00:00:00',''),(1603,528,'2021-10-18 16:11:31',0,0,'0000-00-00 00:00:00',''),(1604,18,'2021-10-18 16:11:32',0,0,'0000-00-00 00:00:00',''),(1605,5,'2021-10-18 16:11:34',0,0,'0000-00-00 00:00:00',''),(1606,34,'2021-10-18 16:11:38',0,0,'0000-00-00 00:00:00',''),(1607,38,'2021-10-18 16:11:42',0,0,'0000-00-00 00:00:00',''),(1608,7,'2021-10-18 16:11:43',0,0,'0000-00-00 00:00:00',''),(1609,24,'2021-10-18 16:11:45',0,0,'0000-00-00 00:00:00',''),(1610,529,'2021-10-18 16:11:47',0,0,'0000-00-00 00:00:00',''),(1611,88,'2021-10-18 16:11:48',0,0,'0000-00-00 00:00:00',''),(1612,2,'2021-10-18 16:11:49',0,0,'0000-00-00 00:00:00',''),(1613,96,'2021-10-20 16:08:45',0,0,'0000-00-00 00:00:00',''),(1614,130,'2021-10-25 16:08:32',0,0,'0000-00-00 00:00:00',''),(1615,19,'2021-10-25 16:08:33',0,0,'0000-00-00 00:00:00',''),(1616,4,'2021-10-25 16:08:34',0,0,'0000-00-00 00:00:00',''),(1617,97,'2021-10-25 16:08:36',0,0,'0000-00-00 00:00:00',''),(1618,45,'2021-10-25 16:08:37',0,0,'0000-00-00 00:00:00',''),(1619,44,'2021-10-26 16:10:22',0,0,'0000-00-00 00:00:00',''),(1620,520,'2021-10-26 16:10:23',0,0,'0000-00-00 00:00:00',''),(1621,57,'2021-10-26 16:10:25',0,0,'0000-00-00 00:00:00',''),(1622,15,'2021-10-26 16:10:26',0,0,'0000-00-00 00:00:00',''),(1623,25,'2021-10-26 16:10:28',0,0,'0000-00-00 00:00:00',''),(1624,108,'2021-10-27 16:08:49',0,0,'0000-00-00 00:00:00',''),(1625,31,'2021-10-31 16:08:58',0,0,'0000-00-00 00:00:00',''),(1626,30,'2021-11-01 16:08:45',0,0,'0000-00-00 00:00:00',''),(1627,92,'2021-11-01 16:08:48',0,0,'0000-00-00 00:00:00',''),(1628,138,'2021-11-01 16:08:49',0,0,'0000-00-00 00:00:00',''),(1629,46,'2021-11-01 16:08:52',0,0,'0000-00-00 00:00:00',''),(1630,1,'2021-11-01 16:08:55',0,0,'0000-00-00 00:00:00',''),(1631,41,'2021-11-02 16:09:23',0,0,'0000-00-00 00:00:00',''),(1632,54,'2021-11-02 16:09:24',0,0,'0000-00-00 00:00:00',''),(1633,113,'2021-11-05 16:08:36',0,0,'0000-00-00 00:00:00',''),(1634,86,'2021-11-05 16:08:38',0,0,'0000-00-00 00:00:00',''),(1635,118,'2021-12-03 16:08:45',0,0,'0000-00-00 00:00:00',''),(1636,135,'2021-12-08 16:09:08',0,0,'0000-00-00 00:00:00',''),(1637,79,'2021-12-08 16:09:09',0,0,'0000-00-00 00:00:00',''),(1638,91,'2021-12-08 16:09:13',0,0,'0000-00-00 00:00:00',''),(1639,59,'2021-12-08 16:09:14',0,0,'0000-00-00 00:00:00',''),(1640,158,'2021-12-08 16:09:16',0,0,'0000-00-00 00:00:00',''),(1641,64,'2021-12-15 16:07:33',0,0,'0000-00-00 00:00:00',''),(1642,6,'2021-12-15 16:07:40',0,0,'0000-00-00 00:00:00',''),(1643,8,'2021-12-15 16:07:42',0,0,'0000-00-00 00:00:00',''),(1644,530,'2021-12-22 16:07:18',0,0,'0000-00-00 00:00:00',''),(1645,36,'2021-12-22 16:07:20',0,0,'0000-00-00 00:00:00',''),(1646,531,'2021-12-22 16:07:21',0,0,'0000-00-00 00:00:00',''),(1647,383,'2022-01-02 16:07:13',0,0,'0000-00-00 00:00:00',''),(1648,27,'2022-01-05 16:07:42',0,0,'0000-00-00 00:00:00',''),(1649,73,'2022-01-17 16:08:23',0,0,'0000-00-00 00:00:00',''),(1650,119,'2022-01-17 16:08:24',0,0,'0000-00-00 00:00:00',''),(1651,76,'2022-01-17 16:08:26',0,0,'0000-00-00 00:00:00',''),(1652,116,'2022-01-17 16:08:27',0,0,'0000-00-00 00:00:00',''),(1653,90,'2022-01-17 16:08:29',0,0,'0000-00-00 00:00:00',''),(1654,114,'2022-01-17 16:08:31',0,0,'0000-00-00 00:00:00',''),(1655,87,'2022-01-17 16:08:34',0,0,'0000-00-00 00:00:00',''),(1656,109,'2022-01-17 16:08:37',0,0,'0000-00-00 00:00:00',''),(1657,12,'2022-01-17 16:08:39',0,0,'0000-00-00 00:00:00',''),(1658,141,'2022-01-17 16:08:41',0,0,'0000-00-00 00:00:00',''),(1659,21,'2022-01-17 16:08:44',0,0,'0000-00-00 00:00:00',''),(1660,48,'2022-01-17 16:08:45',0,0,'0000-00-00 00:00:00',''),(1661,99,'2022-01-17 16:08:47',0,0,'0000-00-00 00:00:00',''),(1662,523,'2022-01-17 16:08:48',0,0,'0000-00-00 00:00:00',''),(1663,53,'2022-01-17 16:08:49',0,0,'0000-00-00 00:00:00',''),(1664,68,'2022-01-17 16:08:51',0,0,'0000-00-00 00:00:00',''),(1665,71,'2022-01-17 16:08:52',0,0,'0000-00-00 00:00:00',''),(1666,105,'2022-01-17 16:08:54',0,0,'0000-00-00 00:00:00',''),(1667,140,'2022-01-17 16:08:55',0,0,'0000-00-00 00:00:00',''),(1668,33,'2022-01-17 16:08:58',0,0,'0000-00-00 00:00:00',''),(1669,95,'2022-01-17 16:08:59',0,0,'0000-00-00 00:00:00',''),(1670,40,'2022-01-17 16:09:02',0,0,'0000-00-00 00:00:00',''),(1671,77,'2022-01-17 16:09:03',0,0,'0000-00-00 00:00:00',''),(1672,58,'2022-01-17 16:09:07',0,0,'0000-00-00 00:00:00',''),(1673,521,'2022-01-17 16:09:09',0,0,'0000-00-00 00:00:00',''),(1674,37,'2022-01-17 16:09:13',0,0,'0000-00-00 00:00:00',''),(1675,49,'2022-01-17 16:09:16',0,0,'0000-00-00 00:00:00',''),(1676,103,'2022-01-17 16:09:17',0,0,'0000-00-00 00:00:00',''),(1677,81,'2022-01-17 16:09:22',0,0,'0000-00-00 00:00:00',''),(1678,85,'2022-01-17 16:09:24',0,0,'0000-00-00 00:00:00',''),(1679,84,'2022-01-17 16:09:25',0,0,'0000-00-00 00:00:00',''),(1680,28,'2022-01-17 16:09:26',0,0,'0000-00-00 00:00:00',''),(1681,55,'2022-01-17 16:09:28',0,0,'0000-00-00 00:00:00',''),(1682,94,'2022-01-17 16:09:29',0,0,'0000-00-00 00:00:00',''),(1683,62,'2022-01-17 16:09:32',0,0,'0000-00-00 00:00:00',''),(1684,60,'2022-01-17 16:09:33',0,0,'0000-00-00 00:00:00',''),(1685,93,'2022-01-17 16:09:35',0,0,'0000-00-00 00:00:00',''),(1686,17,'2022-01-17 16:09:38',0,0,'0000-00-00 00:00:00',''),(1687,35,'2022-01-17 16:09:39',0,0,'0000-00-00 00:00:00',''),(1688,110,'2022-01-17 16:09:40',0,0,'0000-00-00 00:00:00',''),(1689,102,'2022-01-17 16:09:42',0,0,'0000-00-00 00:00:00',''),(1690,29,'2022-01-17 16:09:45',0,0,'0000-00-00 00:00:00',''),(1691,519,'2022-01-17 16:09:46',0,0,'0000-00-00 00:00:00',''),(1692,98,'2022-01-17 16:09:47',0,0,'0000-00-00 00:00:00',''),(1693,63,'2022-01-17 16:09:49',0,0,'0000-00-00 00:00:00',''),(1694,111,'2022-01-17 16:09:50',0,0,'0000-00-00 00:00:00',''),(1695,75,'2022-01-17 16:09:51',0,0,'0000-00-00 00:00:00',''),(1696,132,'2022-01-17 16:09:54',0,0,'0000-00-00 00:00:00',''),(1697,67,'2022-01-17 16:09:55',0,0,'0000-00-00 00:00:00',''),(1698,39,'2022-01-17 16:09:57',0,0,'0000-00-00 00:00:00',''),(1699,104,'2022-01-17 16:09:59',0,0,'0000-00-00 00:00:00',''),(1700,115,'2022-01-17 16:10:02',0,0,'0000-00-00 00:00:00',''),(1701,89,'2022-01-17 16:10:05',0,0,'0000-00-00 00:00:00',''),(1702,117,'2022-01-17 16:10:06',0,0,'0000-00-00 00:00:00',''),(1703,50,'2022-01-17 16:10:10',0,0,'0000-00-00 00:00:00',''),(1704,112,'2022-01-17 16:10:13',0,0,'0000-00-00 00:00:00',''),(1705,61,'2022-01-17 16:10:14',0,0,'0000-00-00 00:00:00',''),(1706,66,'2022-01-17 16:10:15',0,0,'0000-00-00 00:00:00',''),(1707,65,'2022-01-17 16:10:17',0,0,'0000-00-00 00:00:00',''),(1708,82,'2022-01-17 16:10:19',0,0,'0000-00-00 00:00:00',''),(1709,20,'2022-01-17 16:10:23',0,0,'0000-00-00 00:00:00',''),(1710,70,'2022-01-17 16:10:26',0,0,'0000-00-00 00:00:00',''),(1711,51,'2022-01-17 16:10:27',0,0,'0000-00-00 00:00:00',''),(1712,69,'2022-01-17 16:10:30',0,0,'0000-00-00 00:00:00',''),(1713,134,'2022-01-17 16:10:33',0,0,'0000-00-00 00:00:00',''),(1714,522,'2022-01-17 16:10:34',0,0,'0000-00-00 00:00:00',''),(1715,83,'2022-01-17 16:10:35',0,0,'0000-00-00 00:00:00',''),(1716,136,'2022-01-17 16:10:37',0,0,'0000-00-00 00:00:00',''),(1717,78,'2022-01-17 16:10:41',0,0,'0000-00-00 00:00:00',''),(1718,32,'2022-01-17 16:10:42',0,0,'0000-00-00 00:00:00',''),(1719,80,'2022-01-17 16:10:44',0,0,'0000-00-00 00:00:00',''),(1720,56,'2022-01-17 16:10:45',0,0,'0000-00-00 00:00:00',''),(1721,100,'2022-01-17 16:10:47',0,0,'0000-00-00 00:00:00',''),(1722,47,'2022-01-17 16:10:51',0,0,'0000-00-00 00:00:00',''),(1723,524,'2022-01-17 16:10:52',0,0,'0000-00-00 00:00:00',''),(1724,106,'2022-01-17 16:10:54',0,0,'0000-00-00 00:00:00',''),(1725,433,'2022-01-17 16:10:55',0,0,'0000-00-00 00:00:00',''),(1726,434,'2022-01-17 16:10:56',0,0,'0000-00-00 00:00:00',''),(1727,475,'2022-01-17 16:10:58',0,0,'0000-00-00 00:00:00',''),(1728,492,'2022-01-17 16:10:59',0,0,'0000-00-00 00:00:00',''),(1729,397,'2022-01-17 16:11:00',0,0,'0000-00-00 00:00:00',''),(1730,3,'2022-01-17 16:11:02',0,0,'0000-00-00 00:00:00',''),(1731,526,'2022-01-17 16:11:04',0,0,'0000-00-00 00:00:00',''),(1732,527,'2022-01-17 16:11:06',0,0,'0000-00-00 00:00:00',''),(1733,528,'2022-01-17 16:11:07',0,0,'0000-00-00 00:00:00',''),(1734,18,'2022-01-17 16:11:09',0,0,'0000-00-00 00:00:00',''),(1735,5,'2022-01-17 16:11:10',0,0,'0000-00-00 00:00:00',''),(1736,34,'2022-01-17 16:11:14',0,0,'0000-00-00 00:00:00',''),(1737,38,'2022-01-17 16:11:18',0,0,'0000-00-00 00:00:00',''),(1738,7,'2022-01-17 16:11:19',0,0,'0000-00-00 00:00:00',''),(1739,24,'2022-01-17 16:11:22',0,0,'0000-00-00 00:00:00',''),(1740,529,'2022-01-17 16:11:23',0,0,'0000-00-00 00:00:00',''),(1741,88,'2022-01-17 16:11:25',0,0,'0000-00-00 00:00:00',''),(1742,2,'2022-01-17 16:11:27',0,0,'0000-00-00 00:00:00',''),(1743,96,'2022-01-19 16:07:22',0,0,'0000-00-00 00:00:00',''),(1744,130,'2022-01-24 16:07:41',0,0,'0000-00-00 00:00:00',''),(1745,19,'2022-01-24 16:07:42',0,0,'0000-00-00 00:00:00',''),(1746,4,'2022-01-24 16:07:43',0,0,'0000-00-00 00:00:00',''),(1747,97,'2022-01-24 16:07:45',0,0,'0000-00-00 00:00:00',''),(1748,45,'2022-01-24 16:07:46',0,0,'0000-00-00 00:00:00',''),(1749,44,'2022-01-25 16:07:47',0,0,'0000-00-00 00:00:00',''),(1750,520,'2022-01-25 16:07:48',0,0,'0000-00-00 00:00:00',''),(1751,57,'2022-01-25 16:07:50',0,0,'0000-00-00 00:00:00',''),(1752,15,'2022-01-25 16:07:51',0,0,'0000-00-00 00:00:00',''),(1753,25,'2022-01-25 16:07:53',0,0,'0000-00-00 00:00:00',''),(1754,108,'2022-01-27 16:07:34',0,0,'0000-00-00 00:00:00',''),(1755,31,'2022-01-30 16:07:29',0,0,'0000-00-00 00:00:00',''),(1756,30,'2022-01-31 16:07:31',0,0,'0000-00-00 00:00:00',''),(1757,92,'2022-01-31 16:07:34',0,0,'0000-00-00 00:00:00',''),(1758,138,'2022-01-31 16:07:35',0,0,'0000-00-00 00:00:00',''),(1759,46,'2022-01-31 16:07:38',0,0,'0000-00-00 00:00:00',''),(1760,1,'2022-01-31 16:07:41',0,0,'0000-00-00 00:00:00',''),(1761,41,'2022-02-01 16:07:35',0,0,'0000-00-00 00:00:00',''),(1762,54,'2022-02-01 16:07:36',0,0,'0000-00-00 00:00:00',''),(1763,113,'2022-02-04 16:07:36',0,0,'0000-00-00 00:00:00',''),(1764,86,'2022-02-04 16:07:38',0,0,'0000-00-00 00:00:00',''),(1765,118,'2022-03-04 16:07:21',0,0,'0000-00-00 00:00:00',''),(1766,135,'2022-03-09 16:07:42',0,0,'0000-00-00 00:00:00',''),(1767,79,'2022-03-09 16:07:44',0,0,'0000-00-00 00:00:00',''),(1768,91,'2022-03-09 16:07:47',0,0,'0000-00-00 00:00:00',''),(1769,59,'2022-03-09 16:07:48',0,0,'0000-00-00 00:00:00',''),(1770,158,'2022-03-09 16:07:50',0,0,'0000-00-00 00:00:00',''),(1771,64,'2022-03-18 16:07:45',0,0,'0000-00-00 00:00:00',''),(1772,6,'2022-03-18 16:07:52',0,0,'0000-00-00 00:00:00',''),(1773,8,'2022-03-18 16:07:54',0,0,'0000-00-00 00:00:00',''),(1774,530,'2022-03-23 16:07:13',0,0,'0000-00-00 00:00:00',''),(1775,36,'2022-03-23 16:07:15',0,0,'0000-00-00 00:00:00',''),(1776,531,'2022-03-23 16:07:17',0,0,'0000-00-00 00:00:00',''),(1777,383,'2022-04-03 16:00:45',0,0,'0000-00-00 00:00:00',''),(1778,27,'2022-04-06 16:07:29',0,0,'0000-00-00 00:00:00',''),(1779,73,'2022-04-18 16:08:42',0,0,'0000-00-00 00:00:00',''),(1780,119,'2022-04-18 16:08:44',0,0,'0000-00-00 00:00:00',''),(1781,76,'2022-04-18 16:08:45',0,0,'0000-00-00 00:00:00',''),(1782,116,'2022-04-18 16:08:47',0,0,'0000-00-00 00:00:00',''),(1783,90,'2022-04-18 16:08:49',0,0,'0000-00-00 00:00:00',''),(1784,114,'2022-04-18 16:08:52',0,0,'0000-00-00 00:00:00',''),(1785,87,'2022-04-18 16:08:56',0,0,'0000-00-00 00:00:00',''),(1786,109,'2022-04-18 16:08:59',0,0,'0000-00-00 00:00:00',''),(1787,12,'2022-04-18 16:09:02',0,0,'0000-00-00 00:00:00',''),(1788,141,'2022-04-18 16:09:04',0,0,'0000-00-00 00:00:00',''),(1789,21,'2022-04-18 16:09:08',0,0,'0000-00-00 00:00:00',''),(1790,48,'2022-04-18 16:09:10',0,0,'0000-00-00 00:00:00',''),(1791,99,'2022-04-18 16:09:11',0,0,'0000-00-00 00:00:00',''),(1792,523,'2022-04-18 16:09:13',0,0,'0000-00-00 00:00:00',''),(1793,53,'2022-04-18 16:09:15',0,0,'0000-00-00 00:00:00',''),(1794,68,'2022-04-18 16:09:16',0,0,'0000-00-00 00:00:00',''),(1795,71,'2022-04-18 16:09:18',0,0,'0000-00-00 00:00:00',''),(1796,105,'2022-04-18 16:09:20',0,0,'0000-00-00 00:00:00',''),(1797,140,'2022-04-18 16:09:21',0,0,'0000-00-00 00:00:00',''),(1798,33,'2022-04-18 16:09:25',0,0,'0000-00-00 00:00:00',''),(1799,95,'2022-04-18 16:09:26',0,0,'0000-00-00 00:00:00',''),(1800,40,'2022-04-18 16:09:30',0,0,'0000-00-00 00:00:00',''),(1801,77,'2022-04-18 16:09:31',0,0,'0000-00-00 00:00:00',''),(1802,58,'2022-04-18 16:09:37',0,0,'0000-00-00 00:00:00',''),(1803,521,'2022-04-18 16:09:39',0,0,'0000-00-00 00:00:00',''),(1804,37,'2022-04-18 16:09:43',0,0,'0000-00-00 00:00:00',''),(1805,49,'2022-04-18 16:09:47',0,0,'0000-00-00 00:00:00',''),(1806,103,'2022-04-18 16:09:48',0,0,'0000-00-00 00:00:00',''),(1807,81,'2022-04-18 16:09:55',0,0,'0000-00-00 00:00:00',''),(1808,85,'2022-04-18 16:09:56',0,0,'0000-00-00 00:00:00',''),(1809,84,'2022-04-18 16:09:58',0,0,'0000-00-00 00:00:00',''),(1810,28,'2022-04-18 16:10:01',0,0,'0000-00-00 00:00:00',''),(1811,55,'2022-04-18 16:10:02',0,0,'0000-00-00 00:00:00',''),(1812,94,'2022-04-18 16:10:04',0,0,'0000-00-00 00:00:00',''),(1813,62,'2022-04-18 16:10:07',0,0,'0000-00-00 00:00:00',''),(1814,60,'2022-04-18 16:10:09',0,0,'0000-00-00 00:00:00',''),(1815,93,'2022-04-18 16:10:10',0,0,'0000-00-00 00:00:00',''),(1816,17,'2022-04-18 16:10:13',0,0,'0000-00-00 00:00:00',''),(1817,35,'2022-04-18 16:10:15',0,0,'0000-00-00 00:00:00',''),(1818,110,'2022-04-18 16:10:17',0,0,'0000-00-00 00:00:00',''),(1819,102,'2022-04-18 16:10:18',0,0,'0000-00-00 00:00:00',''),(1820,29,'2022-04-18 16:10:22',0,0,'0000-00-00 00:00:00',''),(1821,519,'2022-04-18 16:10:23',0,0,'0000-00-00 00:00:00',''),(1822,98,'2022-04-18 16:10:25',0,0,'0000-00-00 00:00:00',''),(1823,63,'2022-04-18 16:10:27',0,0,'0000-00-00 00:00:00',''),(1824,111,'2022-04-18 16:10:29',0,0,'0000-00-00 00:00:00',''),(1825,75,'2022-04-18 16:10:30',0,0,'0000-00-00 00:00:00',''),(1826,132,'2022-04-18 16:10:33',0,0,'0000-00-00 00:00:00',''),(1827,67,'2022-04-18 16:10:35',0,0,'0000-00-00 00:00:00',''),(1828,39,'2022-04-18 16:10:36',0,0,'0000-00-00 00:00:00',''),(1829,104,'2022-04-18 16:10:40',0,0,'0000-00-00 00:00:00',''),(1830,115,'2022-04-18 16:10:43',0,0,'0000-00-00 00:00:00',''),(1831,89,'2022-04-18 16:10:46',0,0,'0000-00-00 00:00:00',''),(1832,117,'2022-04-18 16:10:48',0,0,'0000-00-00 00:00:00',''),(1833,50,'2022-04-18 16:10:54',0,0,'0000-00-00 00:00:00',''),(1834,112,'2022-04-18 16:10:57',0,0,'0000-00-00 00:00:00',''),(1835,61,'2022-04-18 16:10:59',0,0,'0000-00-00 00:00:00',''),(1836,66,'2022-04-18 16:11:01',0,0,'0000-00-00 00:00:00',''),(1837,65,'2022-04-18 16:11:02',0,0,'0000-00-00 00:00:00',''),(1838,82,'2022-04-18 16:11:05',0,0,'0000-00-00 00:00:00',''),(1839,20,'2022-04-18 16:11:11',0,0,'0000-00-00 00:00:00',''),(1840,70,'2022-04-18 16:11:14',0,0,'0000-00-00 00:00:00',''),(1841,51,'2022-04-18 16:11:16',0,0,'0000-00-00 00:00:00',''),(1842,69,'2022-04-18 16:11:19',0,0,'0000-00-00 00:00:00',''),(1843,134,'2022-04-18 16:11:22',0,0,'0000-00-00 00:00:00',''),(1844,522,'2022-04-18 16:11:24',0,0,'0000-00-00 00:00:00',''),(1845,83,'2022-04-18 16:11:26',0,0,'0000-00-00 00:00:00',''),(1846,136,'2022-04-18 16:11:27',0,0,'0000-00-00 00:00:00',''),(1847,78,'2022-04-18 16:11:32',0,0,'0000-00-00 00:00:00',''),(1848,32,'2022-04-18 16:11:34',0,0,'0000-00-00 00:00:00',''),(1849,80,'2022-04-18 16:11:36',0,0,'0000-00-00 00:00:00',''),(1850,56,'2022-04-18 16:11:37',0,0,'0000-00-00 00:00:00',''),(1851,100,'2022-04-18 16:11:39',0,0,'0000-00-00 00:00:00',''),(1852,47,'2022-04-18 16:11:44',0,0,'0000-00-00 00:00:00',''),(1853,524,'2022-04-18 16:11:46',0,0,'0000-00-00 00:00:00',''),(1854,106,'2022-04-18 16:11:47',0,0,'0000-00-00 00:00:00',''),(1855,433,'2022-04-18 16:11:49',0,0,'0000-00-00 00:00:00',''),(1856,434,'2022-04-18 16:11:51',0,0,'0000-00-00 00:00:00',''),(1857,475,'2022-04-18 16:11:52',0,0,'0000-00-00 00:00:00',''),(1858,492,'2022-04-18 16:11:54',0,0,'0000-00-00 00:00:00',''),(1859,397,'2022-04-18 16:11:56',0,0,'0000-00-00 00:00:00',''),(1860,3,'2022-04-18 16:11:57',0,0,'0000-00-00 00:00:00',''),(1861,526,'2022-04-18 16:12:01',0,0,'0000-00-00 00:00:00',''),(1862,527,'2022-04-18 16:12:02',0,0,'0000-00-00 00:00:00',''),(1863,528,'2022-04-18 16:12:04',0,0,'0000-00-00 00:00:00',''),(1864,18,'2022-04-18 16:12:06',0,0,'0000-00-00 00:00:00',''),(1865,5,'2022-04-18 16:12:07',0,0,'0000-00-00 00:00:00',''),(1866,34,'2022-04-18 16:12:12',0,0,'0000-00-00 00:00:00',''),(1867,38,'2022-04-18 16:12:17',0,0,'0000-00-00 00:00:00',''),(1868,7,'2022-04-18 16:12:18',0,0,'0000-00-00 00:00:00',''),(1869,24,'2022-04-18 16:12:21',0,0,'0000-00-00 00:00:00',''),(1870,529,'2022-04-18 16:12:23',0,0,'0000-00-00 00:00:00',''),(1871,88,'2022-04-18 16:12:25',0,0,'0000-00-00 00:00:00',''),(1872,2,'2022-04-18 16:12:27',0,0,'0000-00-00 00:00:00',''),(1873,96,'2022-04-20 16:07:56',0,0,'0000-00-00 00:00:00',''),(1874,130,'2022-04-25 16:07:52',0,0,'0000-00-00 00:00:00',''),(1875,19,'2022-04-25 16:07:54',0,0,'0000-00-00 00:00:00',''),(1876,4,'2022-04-25 16:07:56',0,0,'0000-00-00 00:00:00',''),(1877,97,'2022-04-25 16:07:58',0,0,'0000-00-00 00:00:00',''),(1878,45,'2022-04-25 16:08:00',0,0,'0000-00-00 00:00:00',''),(1879,44,'2022-04-26 16:07:35',0,0,'0000-00-00 00:00:00',''),(1880,520,'2022-04-26 16:07:37',0,0,'0000-00-00 00:00:00',''),(1881,57,'2022-04-26 16:07:38',0,0,'0000-00-00 00:00:00',''),(1882,15,'2022-04-26 16:07:40',0,0,'0000-00-00 00:00:00',''),(1883,25,'2022-04-26 16:07:42',0,0,'0000-00-00 00:00:00',''),(1884,108,'2022-04-28 16:07:44',0,0,'0000-00-00 00:00:00',''),(1885,31,'2022-05-01 16:07:40',0,0,'0000-00-00 00:00:00',''),(1886,30,'2022-05-02 16:07:34',0,0,'0000-00-00 00:00:00',''),(1887,92,'2022-05-02 16:07:37',0,0,'0000-00-00 00:00:00',''),(1888,138,'2022-05-02 16:07:39',0,0,'0000-00-00 00:00:00',''),(1889,46,'2022-05-02 16:07:42',0,0,'0000-00-00 00:00:00',''),(1890,1,'2022-05-02 16:07:46',0,0,'0000-00-00 00:00:00',''),(1891,41,'2022-05-03 16:07:33',0,0,'0000-00-00 00:00:00',''),(1892,54,'2022-05-03 16:07:35',0,0,'0000-00-00 00:00:00',''),(1893,113,'2022-05-06 16:07:47',0,0,'0000-00-00 00:00:00',''),(1894,86,'2022-05-06 16:07:48',0,0,'0000-00-00 00:00:00',''),(1895,118,'2022-06-03 16:07:30',0,0,'0000-00-00 00:00:00',''),(1896,135,'2022-06-08 16:08:04',0,0,'0000-00-00 00:00:00',''),(1897,79,'2022-06-08 16:08:06',0,0,'0000-00-00 00:00:00',''),(1898,91,'2022-06-08 16:08:09',0,0,'0000-00-00 00:00:00',''),(1899,59,'2022-06-08 16:08:10',0,0,'0000-00-00 00:00:00',''),(1900,158,'2022-06-08 16:08:12',0,0,'0000-00-00 00:00:00',''),(1901,64,'2022-06-17 16:07:41',0,0,'0000-00-00 00:00:00',''),(1902,6,'2022-06-17 16:07:49',0,0,'0000-00-00 00:00:00',''),(1903,8,'2022-06-17 16:07:51',0,0,'0000-00-00 00:00:00',''),(1904,530,'2022-06-22 16:08:10',0,0,'0000-00-00 00:00:00',''),(1905,36,'2022-06-22 16:08:12',0,0,'0000-00-00 00:00:00',''),(1906,531,'2022-06-22 16:08:13',0,0,'0000-00-00 00:00:00',''),(1907,383,'2022-07-03 16:07:40',0,0,'0000-00-00 00:00:00',''),(1908,27,'2022-07-07 16:07:55',0,0,'0000-00-00 00:00:00',''),(1909,73,'2022-07-18 16:08:06',0,0,'0000-00-00 00:00:00',''),(1910,119,'2022-07-18 16:08:08',0,0,'0000-00-00 00:00:00',''),(1911,76,'2022-07-18 16:08:10',0,0,'0000-00-00 00:00:00',''),(1912,116,'2022-07-18 16:08:12',0,0,'0000-00-00 00:00:00',''),(1913,90,'2022-07-18 16:08:14',0,0,'0000-00-00 00:00:00',''),(1914,114,'2022-07-18 16:08:17',0,0,'0000-00-00 00:00:00',''),(1915,87,'2022-07-18 16:08:21',0,0,'0000-00-00 00:00:00',''),(1916,109,'2022-07-18 16:08:25',0,0,'0000-00-00 00:00:00',''),(1917,12,'2022-07-18 16:08:29',0,0,'0000-00-00 00:00:00',''),(1918,141,'2022-07-18 16:08:31',0,0,'0000-00-00 00:00:00',''),(1919,21,'2022-07-18 16:08:35',0,0,'0000-00-00 00:00:00',''),(1920,48,'2022-07-18 16:08:37',0,0,'0000-00-00 00:00:00',''),(1921,99,'2022-07-18 16:08:39',0,0,'0000-00-00 00:00:00',''),(1922,523,'2022-07-18 16:08:41',0,0,'0000-00-00 00:00:00',''),(1923,53,'2022-07-18 16:08:43',0,0,'0000-00-00 00:00:00',''),(1924,68,'2022-07-18 16:08:45',0,0,'0000-00-00 00:00:00',''),(1925,71,'2022-07-18 16:08:47',0,0,'0000-00-00 00:00:00',''),(1926,105,'2022-07-18 16:08:49',0,0,'0000-00-00 00:00:00',''),(1927,140,'2022-07-18 16:08:51',0,0,'0000-00-00 00:00:00',''),(1928,33,'2022-07-18 16:08:55',0,0,'0000-00-00 00:00:00',''),(1929,95,'2022-07-18 16:08:57',0,0,'0000-00-00 00:00:00',''),(1930,40,'2022-07-18 16:09:01',0,0,'0000-00-00 00:00:00',''),(1931,77,'2022-07-18 16:09:03',0,0,'0000-00-00 00:00:00',''),(1932,58,'2022-07-18 16:09:09',0,0,'0000-00-00 00:00:00',''),(1933,521,'2022-07-18 16:09:10',0,0,'0000-00-00 00:00:00',''),(1934,37,'2022-07-18 16:09:16',0,0,'0000-00-00 00:00:00',''),(1935,49,'2022-07-18 16:09:20',0,0,'0000-00-00 00:00:00',''),(1936,103,'2022-07-18 16:09:22',0,0,'0000-00-00 00:00:00',''),(1937,81,'2022-07-18 16:09:30',0,0,'0000-00-00 00:00:00',''),(1938,85,'2022-07-18 16:09:32',0,0,'0000-00-00 00:00:00',''),(1939,84,'2022-07-18 16:09:34',0,0,'0000-00-00 00:00:00',''),(1940,28,'2022-07-18 16:09:36',0,0,'0000-00-00 00:00:00',''),(1941,55,'2022-07-18 16:09:38',0,0,'0000-00-00 00:00:00',''),(1942,94,'2022-07-18 16:09:40',0,0,'0000-00-00 00:00:00',''),(1943,62,'2022-07-18 16:09:44',0,0,'0000-00-00 00:00:00',''),(1944,60,'2022-07-18 16:09:46',0,0,'0000-00-00 00:00:00',''),(1945,93,'2022-07-18 16:09:48',0,0,'0000-00-00 00:00:00',''),(1946,17,'2022-07-18 16:09:52',0,0,'0000-00-00 00:00:00',''),(1947,35,'2022-07-18 16:09:54',0,0,'0000-00-00 00:00:00',''),(1948,110,'2022-07-18 16:09:55',0,0,'0000-00-00 00:00:00',''),(1949,102,'2022-07-18 16:09:57',0,0,'0000-00-00 00:00:00',''),(1950,29,'2022-07-18 16:10:01',0,0,'0000-00-00 00:00:00',''),(1951,519,'2022-07-18 16:10:03',0,0,'0000-00-00 00:00:00',''),(1952,98,'2022-07-18 16:10:05',0,0,'0000-00-00 00:00:00',''),(1953,63,'2022-07-18 16:10:07',0,0,'0000-00-00 00:00:00',''),(1954,111,'2022-07-18 16:10:09',0,0,'0000-00-00 00:00:00',''),(1955,75,'2022-07-18 16:10:11',0,0,'0000-00-00 00:00:00',''),(1956,132,'2022-07-18 16:10:15',0,0,'0000-00-00 00:00:00',''),(1957,67,'2022-07-18 16:10:17',0,0,'0000-00-00 00:00:00',''),(1958,39,'2022-07-18 16:10:18',0,0,'0000-00-00 00:00:00',''),(1959,104,'2022-07-18 16:10:22',0,0,'0000-00-00 00:00:00',''),(1960,115,'2022-07-18 16:10:26',0,0,'0000-00-00 00:00:00',''),(1961,89,'2022-07-18 16:10:30',0,0,'0000-00-00 00:00:00',''),(1962,117,'2022-07-18 16:10:32',0,0,'0000-00-00 00:00:00',''),(1963,50,'2022-07-18 16:10:38',0,0,'0000-00-00 00:00:00',''),(1964,112,'2022-07-18 16:10:42',0,0,'0000-00-00 00:00:00',''),(1965,61,'2022-07-18 16:10:44',0,0,'0000-00-00 00:00:00',''),(1966,66,'2022-07-18 16:10:46',0,0,'0000-00-00 00:00:00',''),(1967,65,'2022-07-18 16:10:48',0,0,'0000-00-00 00:00:00',''),(1968,82,'2022-07-18 16:10:52',0,0,'0000-00-00 00:00:00',''),(1969,20,'2022-07-18 16:10:58',0,0,'0000-00-00 00:00:00',''),(1970,70,'2022-07-18 16:11:01',0,0,'0000-00-00 00:00:00',''),(1971,51,'2022-07-18 16:11:03',0,0,'0000-00-00 00:00:00',''),(1972,69,'2022-07-18 16:11:07',0,0,'0000-00-00 00:00:00',''),(1973,134,'2022-07-18 16:11:11',0,0,'0000-00-00 00:00:00',''),(1974,522,'2022-07-18 16:11:13',0,0,'0000-00-00 00:00:00',''),(1975,83,'2022-07-18 16:11:15',0,0,'0000-00-00 00:00:00',''),(1976,136,'2022-07-18 16:11:17',0,0,'0000-00-00 00:00:00',''),(1977,78,'2022-07-18 16:11:22',0,0,'0000-00-00 00:00:00',''),(1978,32,'2022-07-18 16:11:24',0,0,'0000-00-00 00:00:00',''),(1979,80,'2022-07-18 16:11:26',0,0,'0000-00-00 00:00:00',''),(1980,56,'2022-07-18 16:11:28',0,0,'0000-00-00 00:00:00',''),(1981,100,'2022-07-18 16:11:30',0,0,'0000-00-00 00:00:00',''),(1982,47,'2022-07-18 16:11:36',0,0,'0000-00-00 00:00:00',''),(1983,524,'2022-07-18 16:11:38',0,0,'0000-00-00 00:00:00',''),(1984,106,'2022-07-18 16:11:40',0,0,'0000-00-00 00:00:00',''),(1985,433,'2022-07-18 16:11:42',0,0,'0000-00-00 00:00:00',''),(1986,434,'2022-07-18 16:11:44',0,0,'0000-00-00 00:00:00',''),(1987,475,'2022-07-18 16:11:46',0,0,'0000-00-00 00:00:00',''),(1988,492,'2022-07-18 16:11:48',0,0,'0000-00-00 00:00:00',''),(1989,397,'2022-07-18 16:11:49',0,0,'0000-00-00 00:00:00',''),(1990,3,'2022-07-18 16:11:51',0,0,'0000-00-00 00:00:00',''),(1991,526,'2022-07-18 16:11:55',0,0,'0000-00-00 00:00:00',''),(1992,527,'2022-07-18 16:11:57',0,0,'0000-00-00 00:00:00',''),(1993,528,'2022-07-18 16:11:59',0,0,'0000-00-00 00:00:00',''),(1994,18,'2022-07-18 16:12:01',0,0,'0000-00-00 00:00:00',''),(1995,5,'2022-07-18 16:12:03',0,0,'0000-00-00 00:00:00',''),(1996,34,'2022-07-18 16:12:09',0,0,'0000-00-00 00:00:00',''),(1997,38,'2022-07-18 16:12:14',0,0,'0000-00-00 00:00:00',''),(1998,7,'2022-07-18 16:12:16',0,0,'0000-00-00 00:00:00',''),(1999,24,'2022-07-18 16:12:20',0,0,'0000-00-00 00:00:00',''),(2000,529,'2022-07-18 16:12:22',0,0,'0000-00-00 00:00:00',''),(2001,88,'2022-07-18 16:12:24',0,0,'0000-00-00 00:00:00',''),(2002,2,'2022-07-18 16:12:26',0,0,'0000-00-00 00:00:00',''),(2003,96,'2022-07-20 16:08:02',0,0,'0000-00-00 00:00:00',''),(2004,130,'2022-07-25 16:08:01',0,0,'0000-00-00 00:00:00',''),(2005,19,'2022-07-25 16:08:03',0,0,'0000-00-00 00:00:00',''),(2006,4,'2022-07-25 16:08:05',0,0,'0000-00-00 00:00:00',''),(2007,97,'2022-07-25 16:08:07',0,0,'0000-00-00 00:00:00',''),(2008,45,'2022-07-25 16:08:09',0,0,'0000-00-00 00:00:00',''),(2009,44,'2022-07-26 16:08:04',0,0,'0000-00-00 00:00:00',''),(2010,520,'2022-07-26 16:08:06',0,0,'0000-00-00 00:00:00',''),(2011,57,'2022-07-26 16:08:08',0,0,'0000-00-00 00:00:00',''),(2012,15,'2022-07-26 16:08:10',0,0,'0000-00-00 00:00:00',''),(2013,25,'2022-07-26 16:08:12',0,0,'0000-00-00 00:00:00',''),(2014,108,'2022-07-28 16:07:55',0,0,'0000-00-00 00:00:00',''),(2015,31,'2022-07-31 16:07:45',0,0,'0000-00-00 00:00:00',''),(2016,30,'2022-08-01 16:08:02',0,0,'0000-00-00 00:00:00',''),(2017,92,'2022-08-01 16:08:05',0,0,'0000-00-00 00:00:00',''),(2018,138,'2022-08-01 16:08:07',0,0,'0000-00-00 00:00:00',''),(2019,46,'2022-08-01 16:08:11',0,0,'0000-00-00 00:00:00',''),(2020,1,'2022-08-01 16:08:15',0,0,'0000-00-00 00:00:00',''),(2021,41,'2022-08-02 16:07:52',0,0,'0000-00-00 00:00:00',''),(2022,54,'2022-08-02 16:07:54',0,0,'0000-00-00 00:00:00',''),(2023,113,'2022-08-05 16:08:19',0,0,'0000-00-00 00:00:00',''),(2024,86,'2022-08-05 16:08:21',0,0,'0000-00-00 00:00:00',''),(2025,118,'2022-09-02 16:08:39',0,0,'0000-00-00 00:00:00',''),(2026,135,'2022-09-07 16:08:49',0,0,'0000-00-00 00:00:00',''),(2027,79,'2022-09-07 16:08:51',0,0,'0000-00-00 00:00:00',''),(2028,91,'2022-09-07 16:08:55',0,0,'0000-00-00 00:00:00',''),(2029,59,'2022-09-07 16:08:57',0,0,'0000-00-00 00:00:00',''),(2030,158,'2022-09-07 16:08:59',0,0,'0000-00-00 00:00:00',''),(2031,64,'2022-09-16 16:08:34',0,0,'0000-00-00 00:00:00',''),(2032,6,'2022-09-16 16:08:41',0,0,'0000-00-00 00:00:00',''),(2033,8,'2022-09-16 16:08:43',0,0,'0000-00-00 00:00:00',''),(2034,530,'2022-09-21 16:08:11',0,0,'0000-00-00 00:00:00',''),(2035,36,'2022-09-21 16:08:13',0,0,'0000-00-00 00:00:00',''),(2036,531,'2022-09-21 16:08:15',0,0,'0000-00-00 00:00:00',''),(2037,383,'2022-10-02 16:08:41',0,0,'0000-00-00 00:00:00',''),(2038,27,'2022-10-06 16:08:23',0,0,'0000-00-00 00:00:00','');

--
-- Table structure for table `s_user_associated_department`
--

CREATE TABLE `s_user_associated_department` (
  `auth_id` int(11) NOT NULL AUTO_INCREMENT,
  `user_id` int(11) NOT NULL,
  `dept_id` int(11) NOT NULL,
  `added_on` timestamp NOT NULL DEFAULT CURRENT_TIMESTAMP,
  PRIMARY KEY (`auth_id`),
  UNIQUE KEY `user_id` (`user_id`),
  KEY `dept_id` (`dept_id`)
) ENGINE=InnoDB DEFAULT CHARSET=latin1;

--
-- Dumping data for table `s_user_associated_department`
--



